{"id":1089,"date":"2023-06-10T10:53:50","date_gmt":"2023-06-10T08:53:50","guid":{"rendered":"https:\/\/xn--pferdundpftchen-itb.de\/woocommerce\/?post_type=product&#038;p=1089"},"modified":"2025-01-14T20:20:23","modified_gmt":"2025-01-14T19:20:23","slug":"energiekoerner-mischung","status":"publish","type":"product","link":"https:\/\/xn--pferdundpftchen-itb.de\/woocommerce\/produkt\/energiekoerner-mischung\/","title":{"rendered":"Energiek\u00f6rner Mischung"},"content":{"rendered":"<h3><strong>Energiek\u00f6rner \u2013 Nat\u00fcrliche Energie f\u00fcr dein Pferd<\/strong><\/h3>\n<p>Mit unserer <strong>Energiek\u00f6rner-Mischung<\/strong> gibst du deinem Pferd genau das, was es braucht, um kraftvoll und gesund durch den Tag zu kommen:<\/p>\n<ul>\n<li><strong>Nat\u00fcrliche Energielieferanten:<\/strong> Pflanzenfette liefern wertvolle Energie, besonders in den kalten Wintermonaten.<\/li>\n<li><strong>Optimal f\u00fcr spezielle Bed\u00fcrfnisse:<\/strong> Ideal f\u00fcr Pferde aus w\u00e4rmeren Regionen oder schlechtfuttrige Tiere, die zus\u00e4tzliche Energie ben\u00f6tigen.<\/li>\n<li><strong>Schonend f\u00fcr den Stoffwechsel:<\/strong>\n<ul>\n<li>Fettreiche, wilde Saaten als artgerechte Energiequelle.<\/li>\n<li>Reich an hochwertigen, unges\u00e4ttigten Fetts\u00e4uren.<\/li>\n<li>Belastet weder die Galle noch die Bauchspeicheldr\u00fcse.<\/li>\n<\/ul>\n<\/li>\n<\/ul>\n<p>Unterst\u00fctze dein Pferd mit nat\u00fcrlicher Energie \u2013 angepasst an seinen Stoffwechsel und ganz ohne Kompromisse. <strong>Energiek\u00f6rner<\/strong> machen es m\u00f6glich!<\/p>\n<p>Zusammensetzung: Sonnenblumenkerne, Hanfsamen, Buchweizen, Leindotter, Schwarzk\u00fcmmel, Kardy, Perilla, Sesam, Chia, Sorghum-Hirse<\/p>\n<p>F\u00fctterungsempfehlung:<br \/>\nDie Energiek\u00f6rner von PerNaturam sollten Sie vor dem Verf\u00fcttern 15 Minuten quellen lassen oder, weit besser, sie mahlen oder schroten die K\u00f6rner in einer Kaffem\u00fchle.<br \/>\nJe nach Gr\u00f6\u00dfe und Energiebedarf Ihres Pferdes, geben Sie 0,5 bis 1 Messbecher t\u00e4glich, besonders in Leistungsphasen,im Winter oder bei Abmagerung.<br \/>\nDer Messbecher fasst 80 g<\/p>\n","protected":false},"excerpt":{"rendered":"<p>Energiek\u00f6rner \u2013 Nat\u00fcrliche Energie f\u00fcr dein Pferd Mit unserer Energiek\u00f6rner-Mischung gibst du deinem Pferd genau das, was es braucht, um kraftvoll und gesund durch den Tag zu kommen: Nat\u00fcrliche Energielieferanten: Pflanzenfette liefern wertvolle Energie, besonders in den kalten Wintermonaten. Optimal f\u00fcr spezielle Bed\u00fcrfnisse: Ideal f\u00fcr Pferde aus w\u00e4rmeren Regionen oder schlechtfuttrige Tiere, die zus\u00e4tzliche Energie [&hellip;]<\/p>\n","protected":false},"featured_media":726,"comment_status":"open","ping_status":"closed","template":"","meta":[],"product_brand":[],"product_cat":[15,34],"product_tag":[],"class_list":{"0":"post-1089","1":"product","2":"type-product","3":"status-publish","4":"has-post-thumbnail","6":"product_cat-pferd","7":"product_cat-oele-fette","9":"first","10":"instock","11":"taxable","12":"shipping-taxable","13":"purchasable","14":"product-type-variable"},"jetpack_sharing_enabled":true,"_links":{"self":[{"href":"https:\/\/xn--pferdundpftchen-itb.de\/woocommerce\/wp-json\/wp\/v2\/product\/1089","targetHints":{"allow":["GET"]}}],"collection":[{"href":"https:\/\/xn--pferdundpftchen-itb.de\/woocommerce\/wp-json\/wp\/v2\/product"}],"about":[{"href":"https:\/\/xn--pferdundpftchen-itb.de\/woocommerce\/wp-json\/wp\/v2\/types\/product"}],"replies":[{"embeddable":true,"href":"https:\/\/xn--pferdundpftchen-itb.de\/woocommerce\/wp-json\/wp\/v2\/comments?post=1089"}],"wp:featuredmedia":[{"embeddable":true,"href":"https:\/\/xn--pferdundpftchen-itb.de\/woocommerce\/wp-json\/wp\/v2\/media\/726"}],"wp:attachment":[{"href":"https:\/\/xn--pferdundpftchen-itb.de\/woocommerce\/wp-json\/wp\/v2\/media?parent=1089"}],"wp:term":[{"taxonomy":"product_brand","embeddable":true,"href":"https:\/\/xn--pferdundpftchen-itb.de\/woocommerce\/wp-json\/wp\/v2\/product_brand?post=1089"},{"taxonomy":"product_cat","embeddable":true,"href":"https:\/\/xn--pferdundpftchen-itb.de\/woocommerce\/wp-json\/wp\/v2\/product_cat?post=1089"},{"taxonomy":"product_tag","embeddable":true,"href":"https:\/\/xn--pferdundpftchen-itb.de\/woocommerce\/wp-json\/wp\/v2\/product_tag?post=1089"}],"curies":[{"name":"wp","href":"https:\/\/api.w.org\/{rel}","templated":true}]}}