{"id":1129,"date":"2023-06-10T11:47:36","date_gmt":"2023-06-10T09:47:36","guid":{"rendered":"https:\/\/xn--pferdundpftchen-itb.de\/woocommerce\/?post_type=product&#038;p=1129"},"modified":"2024-11-26T14:10:19","modified_gmt":"2024-11-26T13:10:19","slug":"hagebuttenfruechte-ganz","status":"publish","type":"product","link":"https:\/\/xn--pferdundpftchen-itb.de\/woocommerce\/produkt\/hagebuttenfruechte-ganz\/","title":{"rendered":"Hagebuttenfr\u00fcchte ganz"},"content":{"rendered":"<p><strong>Hagebutten \u2013 Die nat\u00fcrliche Vitalit\u00e4t f\u00fcr dein Pferd: Reich an Antioxidantien, Vitaminen und Gelenkunterst\u00fctzung<\/strong><\/p>\n<p>Hagebutten sind nicht nur gesunde und schmackhafte Leckerlis f\u00fcr dein Pferd, sondern auch wahre Power-Pakete f\u00fcr die Gesundheit. Sie sind besonders reich an Vitamin C, Vitamin K, Betacarotin und wertvollen Antioxidantien, die das Immunsystem st\u00e4rken und den K\u00f6rper deines Pferdes mit wichtigen N\u00e4hrstoffen versorgen. Doch die Vorteile von Hagebutten gehen weit \u00fcber ihre antioxidative Wirkung hinaus!<\/p>\n<p><strong>Hagebutten f\u00fcr die Gelenke: Regeneration und Schmerzlinderung<\/strong><\/p>\n<p>Forschungen aus D\u00e4nemark haben gezeigt, dass Hagebutten besonders wertvoll f\u00fcr die Gesundheit der Gelenke sind. Sie enthalten einen speziellen Stoff, das Galaktolipid (GOPO), das nachweislich bei Gelenkschmerzen und Arthrose die Schmerzempfindlichkeit reduziert und die Beweglichkeit f\u00f6rdert. F\u00fcr Pferde, die unter Gelenkbeschwerden oder altersbedingter Einschr\u00e4nkung der Beweglichkeit leiden, ist Hagebutte ein nat\u00fcrlicher Helfer, der f\u00fcr mehr Lebensqualit\u00e4t sorgt.<\/p>\n<p><strong>Unterst\u00fctzung f\u00fcr das Kreislaufsystem und die Hufgesundheit<\/strong><\/p>\n<p>Die regelm\u00e4\u00dfige Zuf\u00fctterung von Hagebutten f\u00f6rdert zudem die Durchblutung der Kapillargef\u00e4\u00dfe und unterst\u00fctzt die Gesundheit der Huflederhaut. Eine verbesserte Durchblutung ist entscheidend f\u00fcr die N\u00e4hrstoffversorgung des Hufs und hilft, die Hufqualit\u00e4t zu erhalten.<\/p>\n<p><strong>Kombination f\u00fcr optimale Ergebnisse<\/strong><\/p>\n<p>F\u00fcr noch bessere Ergebnisse empfehlen wir, Hagebutten in Kombination mit Lecithin, Kieselerde sowie Weidenrinde \/ M\u00e4des\u00fc\u00df von PerNaturam zuzuf\u00fcttern (ebenfalls bei uns erh\u00e4ltlich). Diese nat\u00fcrliche Kombination sorgt f\u00fcr eine noch gezieltere Unterst\u00fctzung der Gelenke und das allgemeine Wohlbefinden deines Pferdes.<\/p>\n<p><strong>Vorteile auf einen Blick:<\/strong><\/p>\n<ul>\n<li><strong>Reich an Vitaminen und Antioxidantien<\/strong>: Vitamin C, K und Betacarotin f\u00fcr das Immunsystem und die Zellgesundheit.<\/li>\n<li><strong>Gelenkunterst\u00fctzung<\/strong>: GOPO hilft, Gelenkschmerzen zu lindern und die Beweglichkeit zu f\u00f6rdern.<\/li>\n<li><strong>F\u00f6rderung der Durchblutung<\/strong>: Bessere Durchblutung der Kapillargef\u00e4\u00dfe und der Huflederhaut.<\/li>\n<li><strong>Gesunde Leckerlis<\/strong>: Hagebutten als schmackhafte und gesunde Belohnung f\u00fcr Ihr Pferd.<\/li>\n<\/ul>\n<p>Verw\u00f6hne dein Pferd mit den nat\u00fcrlichen Vorz\u00fcgen der Hagebutte \u2013 f\u00fcr mehr Beweglichkeit, Vitalit\u00e4t und eine rundum bessere Gesundheit!<\/p>\n<p>Zuammensetzung: 100 % Hagebuttenfr\u00fcchte, ganze Fr\u00fcchte<\/p>\n<p>F\u00fctterungsempfehlung: Mische, je nach Gr\u00f6\u00dfe des Pferdes, t\u00e4glich einen geh\u00e4uften Essl\u00f6ffel bis eine Handvoll Hagebutten unter das Futter, oder gib immer wieder einige zur Belohnung.<\/p>\n","protected":false},"excerpt":{"rendered":"<p>Hagebutten \u2013 Die nat\u00fcrliche Vitalit\u00e4t f\u00fcr dein Pferd: Reich an Antioxidantien, Vitaminen und Gelenkunterst\u00fctzung Hagebutten sind nicht nur gesunde und schmackhafte Leckerlis f\u00fcr dein Pferd, sondern auch wahre Power-Pakete f\u00fcr die Gesundheit. Sie sind besonders reich an Vitamin C, Vitamin K, Betacarotin und wertvollen Antioxidantien, die das Immunsystem st\u00e4rken und den K\u00f6rper deines Pferdes mit [&hellip;]<\/p>\n","protected":false},"featured_media":749,"comment_status":"open","ping_status":"closed","template":"","meta":[],"product_brand":[],"product_cat":[15,65,53,59,36],"product_tag":[],"class_list":{"0":"post-1129","1":"product","2":"type-product","3":"status-publish","4":"has-post-thumbnail","6":"product_cat-pferd","7":"product_cat-leckerlies-snacks","8":"product_cat-gelenke-bewegungsapparat-pferd","9":"product_cat-herz-kreislauf-pferd","10":"product_cat-immunsystem-pferd","12":"first","13":"instock","14":"taxable","15":"shipping-taxable","16":"purchasable","17":"product-type-variable"},"jetpack_sharing_enabled":true,"_links":{"self":[{"href":"https:\/\/xn--pferdundpftchen-itb.de\/woocommerce\/wp-json\/wp\/v2\/product\/1129","targetHints":{"allow":["GET"]}}],"collection":[{"href":"https:\/\/xn--pferdundpftchen-itb.de\/woocommerce\/wp-json\/wp\/v2\/product"}],"about":[{"href":"https:\/\/xn--pferdundpftchen-itb.de\/woocommerce\/wp-json\/wp\/v2\/types\/product"}],"replies":[{"embeddable":true,"href":"https:\/\/xn--pferdundpftchen-itb.de\/woocommerce\/wp-json\/wp\/v2\/comments?post=1129"}],"wp:featuredmedia":[{"embeddable":true,"href":"https:\/\/xn--pferdundpftchen-itb.de\/woocommerce\/wp-json\/wp\/v2\/media\/749"}],"wp:attachment":[{"href":"https:\/\/xn--pferdundpftchen-itb.de\/woocommerce\/wp-json\/wp\/v2\/media?parent=1129"}],"wp:term":[{"taxonomy":"product_brand","embeddable":true,"href":"https:\/\/xn--pferdundpftchen-itb.de\/woocommerce\/wp-json\/wp\/v2\/product_brand?post=1129"},{"taxonomy":"product_cat","embeddable":true,"href":"https:\/\/xn--pferdundpftchen-itb.de\/woocommerce\/wp-json\/wp\/v2\/product_cat?post=1129"},{"taxonomy":"product_tag","embeddable":true,"href":"https:\/\/xn--pferdundpftchen-itb.de\/woocommerce\/wp-json\/wp\/v2\/product_tag?post=1129"}],"curies":[{"name":"wp","href":"https:\/\/api.w.org\/{rel}","templated":true}]}}