{"id":1137,"date":"2023-06-10T11:59:07","date_gmt":"2023-06-10T09:59:07","guid":{"rendered":"https:\/\/xn--pferdundpftchen-itb.de\/woocommerce\/?post_type=product&#038;p=1137"},"modified":"2025-01-14T20:34:28","modified_gmt":"2025-01-14T19:34:28","slug":"haut-balsam","status":"publish","type":"product","link":"https:\/\/xn--pferdundpftchen-itb.de\/woocommerce\/produkt\/haut-balsam\/","title":{"rendered":"Haut-Balsam"},"content":{"rendered":"<p><strong>PerNaturam Haut-Balsam \u2013 Sanfte Pflege f\u00fcr beanspruchte Haut<\/strong><\/p>\n<p>Unser <strong>PerNaturam Haut-Balsam<\/strong> ist die ideale L\u00f6sung, um beanspruchte Hautstellen zu beruhigen und intensiv zu pflegen. Besonders geeignet f\u00fcr empfindliche Bereiche wie den M\u00e4hnenkamm oder die Schweifr\u00fcbe, hilft diese Pflegecreme, Hautirritationen zu lindern und das Wohlbefinden Deines Tieres zu f\u00f6rdern.<\/p>\n<p><strong>Vorteile im \u00dcberblick:<\/strong><\/p>\n<ul>\n<li><strong>Beruhigt &amp; pflegt:<\/strong> Der Haut-Balsam wirkt beruhigend auf irritierte Hautstellen und unterst\u00fctzt die Regeneration bei beanspruchten Hautpartien.<\/li>\n<li><strong>Ideal f\u00fcr M\u00e4hnenkamm &amp; Schweifr\u00fcbe:<\/strong> Besonders hilfreich bei empfindlichen Bereichen wie M\u00e4hnenkamm und Schweifr\u00fcbe, wo Hautstellen h\u00e4ufig beansprucht werden.<\/li>\n<li><strong>Zieht schnell ein &amp; fettet nicht:<\/strong> Die Creme zieht schnell ein, ohne einen fettigen Film zu hinterlassen \u2013 ideal f\u00fcr eine angenehme Anwendung.<\/li>\n<li><strong>Verhindert Wundlecken:<\/strong> Sch\u00fctzt effektiv vor Wundlecken und f\u00f6rdert so eine schnellere Heilung.<\/li>\n<li><strong>Nat\u00fcrlich &amp; sanft:<\/strong> Auf pflanzlicher Basis, frei von Silikon, Paraffin und PEG \u2013 eine sanfte und sichere Pflege ohne unn\u00f6tige Zusatzstoffe.<\/li>\n<li><strong>Tierversuchsfrei:<\/strong> Unser Haut-Balsam wird ohne Tierversuche hergestellt \u2013 f\u00fcr eine ethische Pflege.<\/li>\n<\/ul>\n<p><strong>F\u00fcr alle Tierarten geeignet:<\/strong><br \/>\nOb Hund, Pferd, Katze oder andere Tiere \u2013 unser Haut-Balsam ist f\u00fcr alle Tierarten geeignet und sorgt f\u00fcr eine nat\u00fcrliche Pflege der Haut.<\/p>\n<p>Setze auf nat\u00fcrliche Pflege \u2013 mit dem <strong>PerNaturam Haut-Balsam<\/strong> f\u00fcr das Wohlbefinden Deines Tieres!<\/p>\n<p>Zusammensetzung: Pflanzenausz\u00fcge aus Schafgarbe, Limone, Olive, Beinwell, Gew\u00fcrznelke, Ringelblume, Thymian.<\/p>\n<p>Anwendung: D\u00fcnn auf die betroffenen Hautpartien auftragen.<\/p>\n","protected":false},"excerpt":{"rendered":"<p>PerNaturam Haut-Balsam \u2013 Sanfte Pflege f\u00fcr beanspruchte Haut Unser PerNaturam Haut-Balsam ist die ideale L\u00f6sung, um beanspruchte Hautstellen zu beruhigen und intensiv zu pflegen. Besonders geeignet f\u00fcr empfindliche Bereiche wie den M\u00e4hnenkamm oder die Schweifr\u00fcbe, hilft diese Pflegecreme, Hautirritationen zu lindern und das Wohlbefinden Deines Tieres zu f\u00f6rdern. Vorteile im \u00dcberblick: Beruhigt &amp; pflegt: Der [&hellip;]<\/p>\n","protected":false},"featured_media":755,"comment_status":"open","ping_status":"closed","template":"","meta":[],"product_brand":[],"product_cat":[15,40,46,20,38,43,21,45,44],"product_tag":[],"class_list":{"0":"post-1137","1":"product","2":"type-product","3":"status-publish","4":"has-post-thumbnail","6":"product_cat-pferd","7":"product_cat-pflege-aeusserliche-anwendung-pferd","8":"product_cat-haut-fell-pferd","9":"product_cat-hund","10":"product_cat-pflege-aeuserliche-anwendung","11":"product_cat-haut-fell","12":"product_cat-katze","13":"product_cat-pflege-aeusserliche-anwendung-katze","14":"product_cat-haut-fell-katze","16":"first","17":"instock","18":"taxable","19":"shipping-taxable","20":"purchasable","21":"product-type-variable"},"jetpack_sharing_enabled":true,"_links":{"self":[{"href":"https:\/\/xn--pferdundpftchen-itb.de\/woocommerce\/wp-json\/wp\/v2\/product\/1137","targetHints":{"allow":["GET"]}}],"collection":[{"href":"https:\/\/xn--pferdundpftchen-itb.de\/woocommerce\/wp-json\/wp\/v2\/product"}],"about":[{"href":"https:\/\/xn--pferdundpftchen-itb.de\/woocommerce\/wp-json\/wp\/v2\/types\/product"}],"replies":[{"embeddable":true,"href":"https:\/\/xn--pferdundpftchen-itb.de\/woocommerce\/wp-json\/wp\/v2\/comments?post=1137"}],"wp:featuredmedia":[{"embeddable":true,"href":"https:\/\/xn--pferdundpftchen-itb.de\/woocommerce\/wp-json\/wp\/v2\/media\/755"}],"wp:attachment":[{"href":"https:\/\/xn--pferdundpftchen-itb.de\/woocommerce\/wp-json\/wp\/v2\/media?parent=1137"}],"wp:term":[{"taxonomy":"product_brand","embeddable":true,"href":"https:\/\/xn--pferdundpftchen-itb.de\/woocommerce\/wp-json\/wp\/v2\/product_brand?post=1137"},{"taxonomy":"product_cat","embeddable":true,"href":"https:\/\/xn--pferdundpftchen-itb.de\/woocommerce\/wp-json\/wp\/v2\/product_cat?post=1137"},{"taxonomy":"product_tag","embeddable":true,"href":"https:\/\/xn--pferdundpftchen-itb.de\/woocommerce\/wp-json\/wp\/v2\/product_tag?post=1137"}],"curies":[{"name":"wp","href":"https:\/\/api.w.org\/{rel}","templated":true}]}}