{"id":1154,"date":"2023-06-10T12:59:42","date_gmt":"2023-06-10T10:59:42","guid":{"rendered":"https:\/\/xn--pferdundpftchen-itb.de\/woocommerce\/?post_type=product&#038;p=1154"},"modified":"2024-11-26T14:37:07","modified_gmt":"2024-11-26T13:37:07","slug":"huf-fell-perfekt","status":"publish","type":"product","link":"https:\/\/xn--pferdundpftchen-itb.de\/woocommerce\/produkt\/huf-fell-perfekt\/","title":{"rendered":"Huf-Fell-Perfekt"},"content":{"rendered":"<p><strong>Huf-Fell-Perfekt \u2013 F\u00fcr starke Hufe und gl\u00e4nzendes Fell<\/strong><\/p>\n<p>Ein gl\u00e4nzendes Fell und starke, gesunde Hufe sind nicht nur ein Zeichen von guter Pflege, sondern auch von optimaler N\u00e4hrstoffversorgung. Mit <strong>Huf-Fell-Perfekt<\/strong> bietest du deinem Pferd genau das \u2013 eine hochwertige Kombination aus Mineralstoffen, Vitaminen und speziellen N\u00e4hrstoffen, die f\u00fcr die Gesundheit von Hufen und Fell unerl\u00e4sslich sind.<\/p>\n<p><strong>Warum Huf-Fell-Perfekt?<\/strong><\/p>\n<ul>\n<li><strong>Hoher Biotin-Anteil<\/strong>: Biotin ist bekannt f\u00fcr seine entscheidende Rolle bei der <strong>Hornbildung<\/strong> und tr\u00e4gt direkt zur <strong>St\u00e4rkung der Hufe<\/strong> bei. Es f\u00f6rdert das Wachstum starker, widerstandsf\u00e4higer Hufe und sorgt f\u00fcr mehr Stabilit\u00e4t.<\/li>\n<li><strong>L-Methionin (schwefelhaltige Aminos\u00e4ure)<\/strong>: Diese essentielle Aminos\u00e4ure ist besonders wichtig f\u00fcr den <strong>Kollagenaufbau<\/strong> und die <strong>Haarbildung<\/strong>. L-Methionin hilft, das Fell deines Pferdes gesund, gl\u00e4nzend und kr\u00e4ftig zu erhalten.<\/li>\n<li><strong>Optimale Versorgung f\u00fcr Huf- und Haarbildung<\/strong>: In Kombination mit weiteren wichtigen Mineralstoffen sorgt <strong>Huf-Fell-Perfekt<\/strong> f\u00fcr eine <strong>deutliche Verbesserung der Hufqualit\u00e4t<\/strong> und eine schnelle Regeneration des Fells, besonders im <strong>Fellwechsel<\/strong>.<\/li>\n<\/ul>\n<p><strong>F\u00fcr beste Ergebnisse:<\/strong><\/p>\n<ul>\n<li><strong>Bei Hufsch\u00e4den<\/strong>: Gib <strong>Huf-Fell-Perfekt<\/strong> \u00fcber einen l\u00e4ngeren Zeitraum, bis der gesamte Huf erneuert ist. Dies f\u00f6rdert eine nachhaltige Regeneration und hilft deinem Pferd, wieder stabile und gesunde Hufe zu entwickeln.<\/li>\n<li><strong>F\u00fcr den Fellwechsel<\/strong>: Unterst\u00fctze den Fellwechsel deines Pferdes mit einer mindestens <strong>6-w\u00f6chigen Kur<\/strong>. Die hochwertigen Inhaltsstoffe sorgen f\u00fcr ein gl\u00e4nzendes, gesundes Fell und verhindern Haarausfall oder stumpfes Fell.<\/li>\n<\/ul>\n<p><strong>Vorteile auf einen Blick:<\/strong><\/p>\n<ul>\n<li><strong>St\u00e4rkung der Hufe<\/strong>: Durch Biotin und wichtige N\u00e4hrstoffe wird die Hornbildung optimiert.<\/li>\n<li><strong>Gesundes, gl\u00e4nzendes Fell<\/strong>: Unterst\u00fctzt das Wachstum eines dichten und gl\u00e4nzenden Fells, besonders im Fellwechsel.<\/li>\n<li><strong>Langfristige Unterst\u00fctzung<\/strong>: Ideal bei Hufsch\u00e4den oder f\u00fcr eine nachhaltige Fellpflege.<\/li>\n<\/ul>\n<p>Verw\u00f6hne dein Pferd mit der perfekten N\u00e4hrstoffversorgung f\u00fcr <strong>starke Hufe<\/strong> und ein <strong>gesundes, gl\u00e4nzendes Fell<\/strong> \u2013 mit <strong>Huf-Fell-Perfekt<\/strong>!<\/p>\n<p>Zusammensetzung: Sonnenblumen-Lecithin (GVO-frei), Bierhefe, Seealgenmehl, Hagebuttenschalen.<\/p>\n<p>F\u00fctterungsempfehlung:<br \/>\nW\u00e4hrend des Fellwechsels 40 g t\u00e4glich (2 geh\u00e4ufte Messl\u00f6ffel), mindestens 4 &#8211; 6 Wochen lang f\u00fcttern. F\u00fcr die Hufhornbildung bei Hufsch\u00e4den \u00fcber mehrere Monate bis zu einem Jahr 30 g t\u00e4glich (2 Messl\u00f6ffel). Hier kommt es auf Regelm\u00e4\u00dfigkeit und Dauer an.<\/p>\n<p>Wegen der gegen\u00fcber Alleinfuttern erh\u00f6hten Gehalte an Spurenelementen darf Huf-Fell-Perfekt an Pferde nur bis zu 1 % der Tagesration verf\u00fcttert werden.<\/p>\n","protected":false},"excerpt":{"rendered":"<p>Huf-Fell-Perfekt \u2013 F\u00fcr starke Hufe und gl\u00e4nzendes Fell Ein gl\u00e4nzendes Fell und starke, gesunde Hufe sind nicht nur ein Zeichen von guter Pflege, sondern auch von optimaler N\u00e4hrstoffversorgung. Mit Huf-Fell-Perfekt bietest du deinem Pferd genau das \u2013 eine hochwertige Kombination aus Mineralstoffen, Vitaminen und speziellen N\u00e4hrstoffen, die f\u00fcr die Gesundheit von Hufen und Fell unerl\u00e4sslich [&hellip;]<\/p>\n","protected":false},"featured_media":765,"comment_status":"open","ping_status":"closed","template":"","meta":[],"product_brand":[],"product_cat":[15,70,46],"product_tag":[],"class_list":{"0":"post-1154","1":"product","2":"type-product","3":"status-publish","4":"has-post-thumbnail","6":"product_cat-pferd","7":"product_cat-mineralstoffe-pferd","8":"product_cat-haut-fell-pferd","10":"first","11":"instock","12":"taxable","13":"shipping-taxable","14":"purchasable","15":"product-type-variable"},"jetpack_sharing_enabled":true,"_links":{"self":[{"href":"https:\/\/xn--pferdundpftchen-itb.de\/woocommerce\/wp-json\/wp\/v2\/product\/1154","targetHints":{"allow":["GET"]}}],"collection":[{"href":"https:\/\/xn--pferdundpftchen-itb.de\/woocommerce\/wp-json\/wp\/v2\/product"}],"about":[{"href":"https:\/\/xn--pferdundpftchen-itb.de\/woocommerce\/wp-json\/wp\/v2\/types\/product"}],"replies":[{"embeddable":true,"href":"https:\/\/xn--pferdundpftchen-itb.de\/woocommerce\/wp-json\/wp\/v2\/comments?post=1154"}],"wp:featuredmedia":[{"embeddable":true,"href":"https:\/\/xn--pferdundpftchen-itb.de\/woocommerce\/wp-json\/wp\/v2\/media\/765"}],"wp:attachment":[{"href":"https:\/\/xn--pferdundpftchen-itb.de\/woocommerce\/wp-json\/wp\/v2\/media?parent=1154"}],"wp:term":[{"taxonomy":"product_brand","embeddable":true,"href":"https:\/\/xn--pferdundpftchen-itb.de\/woocommerce\/wp-json\/wp\/v2\/product_brand?post=1154"},{"taxonomy":"product_cat","embeddable":true,"href":"https:\/\/xn--pferdundpftchen-itb.de\/woocommerce\/wp-json\/wp\/v2\/product_cat?post=1154"},{"taxonomy":"product_tag","embeddable":true,"href":"https:\/\/xn--pferdundpftchen-itb.de\/woocommerce\/wp-json\/wp\/v2\/product_tag?post=1154"}],"curies":[{"name":"wp","href":"https:\/\/api.w.org\/{rel}","templated":true}]}}