{"id":1170,"date":"2023-06-15T13:43:09","date_gmt":"2023-06-15T11:43:09","guid":{"rendered":"https:\/\/xn--pferdundpftchen-itb.de\/woocommerce\/?post_type=product&#038;p=1170"},"modified":"2023-06-15T13:43:09","modified_gmt":"2023-06-15T11:43:09","slug":"katzengarten","status":"publish","type":"product","link":"https:\/\/xn--pferdundpftchen-itb.de\/woocommerce\/produkt\/katzengarten\/","title":{"rendered":"Katzengarten"},"content":{"rendered":"<p>Gartenkr\u00e4uter und Gem\u00fcse liefern eine Vielfalt sekund\u00e4rer Pflanzenstoffe, u. a. Antioxidantien, Enzyme und Ballaststoffe. Katzengarten regt die Sekretion der Verdauungss\u00e4fte an, unterst\u00fctzt die Darmflora und stimuliert das Immunsystem. <\/p>\n<p>Zusammensetzung: Katzenminze, Odermennig, Queckenwurzel, Sellerie, Pastinake, Apfel, Petersilie.<\/p>\n<p>F\u00fctterungsempfehlung: Mischen Sie t\u00e4glich 1 bis 2 g Katzengarten unter das Futter.<br \/>\nDer Messbecher fasst 1,5 g.<\/p>\n","protected":false},"excerpt":{"rendered":"<p>Gartenkr\u00e4uter und Gem\u00fcse liefern eine Vielfalt sekund\u00e4rer Pflanzenstoffe, u. a. Antioxidantien, Enzyme und Ballaststoffe. Katzengarten regt die Sekretion der Verdauungss\u00e4fte an, unterst\u00fctzt die Darmflora und stimuliert das Immunsystem. Zusammensetzung: Katzenminze, Odermennig, Queckenwurzel, Sellerie, Pastinake, Apfel, Petersilie. F\u00fctterungsempfehlung: Mischen Sie t\u00e4glich 1 bis 2 g Katzengarten unter das Futter. Der Messbecher fasst 1,5 g.<\/p>\n","protected":false},"featured_media":777,"comment_status":"open","ping_status":"closed","template":"","meta":[],"product_brand":[],"product_cat":[21,69,32,61],"product_tag":[],"class_list":{"0":"post-1170","1":"product","2":"type-product","3":"status-publish","4":"has-post-thumbnail","6":"product_cat-katze","7":"product_cat-grundversorgung-katze","8":"product_cat-immunsystem-katze","9":"product_cat-magen-verdauung-katze","11":"first","12":"instock","13":"taxable","14":"shipping-taxable","15":"purchasable","16":"product-type-variable"},"jetpack_sharing_enabled":true,"_links":{"self":[{"href":"https:\/\/xn--pferdundpftchen-itb.de\/woocommerce\/wp-json\/wp\/v2\/product\/1170","targetHints":{"allow":["GET"]}}],"collection":[{"href":"https:\/\/xn--pferdundpftchen-itb.de\/woocommerce\/wp-json\/wp\/v2\/product"}],"about":[{"href":"https:\/\/xn--pferdundpftchen-itb.de\/woocommerce\/wp-json\/wp\/v2\/types\/product"}],"replies":[{"embeddable":true,"href":"https:\/\/xn--pferdundpftchen-itb.de\/woocommerce\/wp-json\/wp\/v2\/comments?post=1170"}],"wp:featuredmedia":[{"embeddable":true,"href":"https:\/\/xn--pferdundpftchen-itb.de\/woocommerce\/wp-json\/wp\/v2\/media\/777"}],"wp:attachment":[{"href":"https:\/\/xn--pferdundpftchen-itb.de\/woocommerce\/wp-json\/wp\/v2\/media?parent=1170"}],"wp:term":[{"taxonomy":"product_brand","embeddable":true,"href":"https:\/\/xn--pferdundpftchen-itb.de\/woocommerce\/wp-json\/wp\/v2\/product_brand?post=1170"},{"taxonomy":"product_cat","embeddable":true,"href":"https:\/\/xn--pferdundpftchen-itb.de\/woocommerce\/wp-json\/wp\/v2\/product_cat?post=1170"},{"taxonomy":"product_tag","embeddable":true,"href":"https:\/\/xn--pferdundpftchen-itb.de\/woocommerce\/wp-json\/wp\/v2\/product_tag?post=1170"}],"curies":[{"name":"wp","href":"https:\/\/api.w.org\/{rel}","templated":true}]}}