{"id":1197,"date":"2023-06-15T14:40:58","date_gmt":"2023-06-15T12:40:58","guid":{"rendered":"https:\/\/xn--pferdundpftchen-itb.de\/woocommerce\/?post_type=product&#038;p=1197"},"modified":"2023-06-15T14:40:59","modified_gmt":"2023-06-15T12:40:59","slug":"nephron","status":"publish","type":"product","link":"https:\/\/xn--pferdundpftchen-itb.de\/woocommerce\/produkt\/nephron\/","title":{"rendered":"Nephron"},"content":{"rendered":"<p>Nephron ist eine Kr\u00e4utermischung, die die Ausleitung \u00fcber die Nieren sanft unterst\u00fctzt. Die Kr\u00e4uter erh\u00f6hen die Harnmenge, durchsp\u00fclen die Nierenkan\u00e4le (Nephronen) und die Harnblase. Nephron kann auch \u00fcber l\u00e4ngere Zeit gegeben werden. <\/p>\n<p>Zusammensetzung: Ackerschachtelhalm, Bohnenh\u00fclsen, Katzenbart.<\/p>\n<p>F\u00fctterungsempfehlung: T\u00e4glich 0,5 bis 1 g Nephron (je nach Problemlage) ins Futter r\u00fchren oder im Bereich der Rippen ins Fell streuen.<br \/>\nDer Messbecher fasst 1,5 g.<\/p>\n","protected":false},"excerpt":{"rendered":"<p>Nephron ist eine Kr\u00e4utermischung, die die Ausleitung \u00fcber die Nieren sanft unterst\u00fctzt. Die Kr\u00e4uter erh\u00f6hen die Harnmenge, durchsp\u00fclen die Nierenkan\u00e4le (Nephronen) und die Harnblase. Nephron kann auch \u00fcber l\u00e4ngere Zeit gegeben werden. Zusammensetzung: Ackerschachtelhalm, Bohnenh\u00fclsen, Katzenbart. F\u00fctterungsempfehlung: T\u00e4glich 0,5 bis 1 g Nephron (je nach Problemlage) ins Futter r\u00fchren oder im Bereich der Rippen ins [&hellip;]<\/p>\n","protected":false},"featured_media":812,"comment_status":"open","ping_status":"closed","template":"","meta":[],"product_brand":[],"product_cat":[21,62],"product_tag":[],"class_list":{"0":"post-1197","1":"product","2":"type-product","3":"status-publish","4":"has-post-thumbnail","6":"product_cat-katze","7":"product_cat-leber-niere-katze","9":"first","10":"instock","11":"taxable","12":"shipping-taxable","13":"purchasable","14":"product-type-variable"},"jetpack_sharing_enabled":true,"_links":{"self":[{"href":"https:\/\/xn--pferdundpftchen-itb.de\/woocommerce\/wp-json\/wp\/v2\/product\/1197","targetHints":{"allow":["GET"]}}],"collection":[{"href":"https:\/\/xn--pferdundpftchen-itb.de\/woocommerce\/wp-json\/wp\/v2\/product"}],"about":[{"href":"https:\/\/xn--pferdundpftchen-itb.de\/woocommerce\/wp-json\/wp\/v2\/types\/product"}],"replies":[{"embeddable":true,"href":"https:\/\/xn--pferdundpftchen-itb.de\/woocommerce\/wp-json\/wp\/v2\/comments?post=1197"}],"wp:featuredmedia":[{"embeddable":true,"href":"https:\/\/xn--pferdundpftchen-itb.de\/woocommerce\/wp-json\/wp\/v2\/media\/812"}],"wp:attachment":[{"href":"https:\/\/xn--pferdundpftchen-itb.de\/woocommerce\/wp-json\/wp\/v2\/media?parent=1197"}],"wp:term":[{"taxonomy":"product_brand","embeddable":true,"href":"https:\/\/xn--pferdundpftchen-itb.de\/woocommerce\/wp-json\/wp\/v2\/product_brand?post=1197"},{"taxonomy":"product_cat","embeddable":true,"href":"https:\/\/xn--pferdundpftchen-itb.de\/woocommerce\/wp-json\/wp\/v2\/product_cat?post=1197"},{"taxonomy":"product_tag","embeddable":true,"href":"https:\/\/xn--pferdundpftchen-itb.de\/woocommerce\/wp-json\/wp\/v2\/product_tag?post=1197"}],"curies":[{"name":"wp","href":"https:\/\/api.w.org\/{rel}","templated":true}]}}