{"id":1214,"date":"2023-06-27T15:24:40","date_gmt":"2023-06-27T13:24:40","guid":{"rendered":"https:\/\/xn--pferdundpftchen-itb.de\/woocommerce\/?post_type=product&#038;p=1214"},"modified":"2023-06-27T15:24:41","modified_gmt":"2023-06-27T13:24:41","slug":"perna-adult","status":"publish","type":"product","link":"https:\/\/xn--pferdundpftchen-itb.de\/woocommerce\/produkt\/perna-adult\/","title":{"rendered":"Perna Adult"},"content":{"rendered":"<p>Unterst\u00fctzt die Gelenkfunktionen erwachsener Hunde, vor allem bei hohen Leistungsanforderungen. Verhindert den Verschlei\u00df der Knorpel. <\/p>\n<p>Zusammensetzung: 50 % Gr\u00fcnlippige S\u00fcdseemuschel (Perna canaliculus), dazu Hagebutte, Gelatine, Spirulina, M\u00e4des\u00fc\u00df.<\/p>\n<p>F\u00fctterungsempfehlung:<br \/>\nGeben Sie Perna Adult t\u00e4glich. In den ersten 5 bis 10 Tagen kann die Menge, je nach Zustand des Hundes, um die H\u00e4lfte erh\u00f6ht werden.<br \/>\n5 kg K\u00f6rpergewicht = 1 geh\u00e4ufter Messl\u00f6ffel<br \/>\n15 kg K\u00f6rpergewicht = 2 geh\u00e4ufte Messl\u00f6ffel<br \/>\n30 kg K\u00f6rpergewicht = 4 geh\u00e4ufte Messl\u00f6ffel<br \/>\n40 kg K\u00f6rpergewicht = 6 Messl\u00f6ffel<br \/>\nDer Messl\u00f6ffel fasst 1,5 g<\/p>\n","protected":false},"excerpt":{"rendered":"<p>Unterst\u00fctzt die Gelenkfunktionen erwachsener Hunde, vor allem bei hohen Leistungsanforderungen. Verhindert den Verschlei\u00df der Knorpel. Zusammensetzung: 50 % Gr\u00fcnlippige S\u00fcdseemuschel (Perna canaliculus), dazu Hagebutte, Gelatine, Spirulina, M\u00e4des\u00fc\u00df. F\u00fctterungsempfehlung: Geben Sie Perna Adult t\u00e4glich. In den ersten 5 bis 10 Tagen kann die Menge, je nach Zustand des Hundes, um die H\u00e4lfte erh\u00f6ht werden. 5 kg [&hellip;]<\/p>\n","protected":false},"featured_media":822,"comment_status":"open","ping_status":"closed","template":"","meta":[],"product_brand":[],"product_cat":[20,51],"product_tag":[],"class_list":{"0":"post-1214","1":"product","2":"type-product","3":"status-publish","4":"has-post-thumbnail","6":"product_cat-hund","7":"product_cat-gelenke-bewegungsapparat","9":"first","10":"instock","11":"taxable","12":"shipping-taxable","13":"purchasable","14":"product-type-variable"},"jetpack_sharing_enabled":true,"_links":{"self":[{"href":"https:\/\/xn--pferdundpftchen-itb.de\/woocommerce\/wp-json\/wp\/v2\/product\/1214","targetHints":{"allow":["GET"]}}],"collection":[{"href":"https:\/\/xn--pferdundpftchen-itb.de\/woocommerce\/wp-json\/wp\/v2\/product"}],"about":[{"href":"https:\/\/xn--pferdundpftchen-itb.de\/woocommerce\/wp-json\/wp\/v2\/types\/product"}],"replies":[{"embeddable":true,"href":"https:\/\/xn--pferdundpftchen-itb.de\/woocommerce\/wp-json\/wp\/v2\/comments?post=1214"}],"wp:featuredmedia":[{"embeddable":true,"href":"https:\/\/xn--pferdundpftchen-itb.de\/woocommerce\/wp-json\/wp\/v2\/media\/822"}],"wp:attachment":[{"href":"https:\/\/xn--pferdundpftchen-itb.de\/woocommerce\/wp-json\/wp\/v2\/media?parent=1214"}],"wp:term":[{"taxonomy":"product_brand","embeddable":true,"href":"https:\/\/xn--pferdundpftchen-itb.de\/woocommerce\/wp-json\/wp\/v2\/product_brand?post=1214"},{"taxonomy":"product_cat","embeddable":true,"href":"https:\/\/xn--pferdundpftchen-itb.de\/woocommerce\/wp-json\/wp\/v2\/product_cat?post=1214"},{"taxonomy":"product_tag","embeddable":true,"href":"https:\/\/xn--pferdundpftchen-itb.de\/woocommerce\/wp-json\/wp\/v2\/product_tag?post=1214"}],"curies":[{"name":"wp","href":"https:\/\/api.w.org\/{rel}","templated":true}]}}