{"id":1217,"date":"2023-06-27T15:28:05","date_gmt":"2023-06-27T13:28:05","guid":{"rendered":"https:\/\/xn--pferdundpftchen-itb.de\/woocommerce\/?post_type=product&#038;p=1217"},"modified":"2023-06-27T15:28:05","modified_gmt":"2023-06-27T13:28:05","slug":"phytormon","status":"publish","type":"product","link":"https:\/\/xn--pferdundpftchen-itb.de\/woocommerce\/produkt\/phytormon\/","title":{"rendered":"Phytormon"},"content":{"rendered":"<p>M\u00f6nchspfeffer, erg\u00e4nzt mit weiteren beruhigenden Kr\u00e4utern, hilft R\u00fcden wie H\u00fcndinnen bei hormonellem Ungleichgewicht und sorgt f\u00fcr Ausgeglichenheit und Gelassenheit. <\/p>\n<p>Zusammensetzung: M\u00f6nchspfeffer (Vitex agnus-castus), Taigawurzel, Passionsblume, Hopfen, Verbene, Moringa<\/p>\n<p>F\u00fctterungsempfehlung:<br \/>\nPhytormon t\u00e4glich, am besten auf zwei Mahlzeiten verteilt, \u00fcber das Futter geben.<br \/>\n\u2264 5 kg K\u00f6rpergewicht = 1 Messl\u00f6ffel<br \/>\n= 15 kg K\u00f6rpergewicht = 2 Messl\u00f6ffel<br \/>\n= 30 kg K\u00f6rpergewicht = 3 Messl\u00f6ffel<br \/>\n\u2265 40 kg K\u00f6rpergewicht = 4 Messl\u00f6ffel<\/p>\n<p>Der Messl\u00f6ffel fasst 1 g<\/p>\n","protected":false},"excerpt":{"rendered":"<p>M\u00f6nchspfeffer, erg\u00e4nzt mit weiteren beruhigenden Kr\u00e4utern, hilft R\u00fcden wie H\u00fcndinnen bei hormonellem Ungleichgewicht und sorgt f\u00fcr Ausgeglichenheit und Gelassenheit. Zusammensetzung: M\u00f6nchspfeffer (Vitex agnus-castus), Taigawurzel, Passionsblume, Hopfen, Verbene, Moringa F\u00fctterungsempfehlung: Phytormon t\u00e4glich, am besten auf zwei Mahlzeiten verteilt, \u00fcber das Futter geben. \u2264 5 kg K\u00f6rpergewicht = 1 Messl\u00f6ffel = 15 kg K\u00f6rpergewicht = 2 Messl\u00f6ffel [&hellip;]<\/p>\n","protected":false},"featured_media":827,"comment_status":"open","ping_status":"closed","template":"","meta":[],"product_brand":[],"product_cat":[20,50,54],"product_tag":[],"class_list":{"0":"post-1217","1":"product","2":"type-product","3":"status-publish","4":"has-post-thumbnail","6":"product_cat-hund","7":"product_cat-hormone-fortpflanzung-hund","8":"product_cat-nerven-stress","10":"first","11":"instock","12":"taxable","13":"shipping-taxable","14":"purchasable","15":"product-type-variable"},"jetpack_sharing_enabled":true,"_links":{"self":[{"href":"https:\/\/xn--pferdundpftchen-itb.de\/woocommerce\/wp-json\/wp\/v2\/product\/1217","targetHints":{"allow":["GET"]}}],"collection":[{"href":"https:\/\/xn--pferdundpftchen-itb.de\/woocommerce\/wp-json\/wp\/v2\/product"}],"about":[{"href":"https:\/\/xn--pferdundpftchen-itb.de\/woocommerce\/wp-json\/wp\/v2\/types\/product"}],"replies":[{"embeddable":true,"href":"https:\/\/xn--pferdundpftchen-itb.de\/woocommerce\/wp-json\/wp\/v2\/comments?post=1217"}],"wp:featuredmedia":[{"embeddable":true,"href":"https:\/\/xn--pferdundpftchen-itb.de\/woocommerce\/wp-json\/wp\/v2\/media\/827"}],"wp:attachment":[{"href":"https:\/\/xn--pferdundpftchen-itb.de\/woocommerce\/wp-json\/wp\/v2\/media?parent=1217"}],"wp:term":[{"taxonomy":"product_brand","embeddable":true,"href":"https:\/\/xn--pferdundpftchen-itb.de\/woocommerce\/wp-json\/wp\/v2\/product_brand?post=1217"},{"taxonomy":"product_cat","embeddable":true,"href":"https:\/\/xn--pferdundpftchen-itb.de\/woocommerce\/wp-json\/wp\/v2\/product_cat?post=1217"},{"taxonomy":"product_tag","embeddable":true,"href":"https:\/\/xn--pferdundpftchen-itb.de\/woocommerce\/wp-json\/wp\/v2\/product_tag?post=1217"}],"curies":[{"name":"wp","href":"https:\/\/api.w.org\/{rel}","templated":true}]}}