{"id":1249,"date":"2023-06-29T10:07:10","date_gmt":"2023-06-29T08:07:10","guid":{"rendered":"https:\/\/xn--pferdundpftchen-itb.de\/woocommerce\/?post_type=product&#038;p=1249"},"modified":"2025-01-17T11:31:12","modified_gmt":"2025-01-17T10:31:12","slug":"sily-cholin","status":"publish","type":"product","link":"https:\/\/xn--pferdundpftchen-itb.de\/woocommerce\/produkt\/sily-cholin\/","title":{"rendered":"Sily Cholin"},"content":{"rendered":"<p><strong>Sily Cholin \u2013 Unterst\u00fctzung f\u00fcr die Lebergesundheit Deines Pferdes<\/strong><\/p>\n<p><strong>Sily Cholin<\/strong> basiert auf der bew\u00e4hrten Kraft der Mariendistel, einem traditionellen Leberkraut. Das in den Samen enthaltene <strong>Silymarin<\/strong>, kombiniert mit ausgew\u00e4hlten Bitterkr\u00e4utern und Mikroalgen, unterst\u00fctzt die Leber Deines Pferdes effektiv bei der Regeneration und f\u00f6rdert die nat\u00fcrliche Ausleitung von Stoffwechselendprodukten.<\/p>\n<p><strong>Vorteile im \u00dcberblick:<\/strong><\/p>\n<ul>\n<li><strong>F\u00f6rdert die Leberregeneration:<\/strong> Silymarin sch\u00fctzt und regeneriert die Leberzellen nachhaltig.<\/li>\n<li><strong>Hilft bei der Ausleitung:<\/strong> Die Kombination aus Bitterkr\u00e4utern und Mikroalgen unterst\u00fctzt den nat\u00fcrlichen Entgiftungsprozess.<\/li>\n<li><strong>Traditionell bew\u00e4hrte Rezeptur:<\/strong> Inspiriert von der Natur und speziell auf die Bed\u00fcrfnisse von Pferden abgestimmt.<\/li>\n<li><strong>Ganzheitliche Unterst\u00fctzung:<\/strong> Perfekt f\u00fcr Ausleitungskuren oder zur allgemeinen F\u00f6rderung der Lebergesundheit.<\/li>\n<\/ul>\n<p>Eine ausf\u00fchrliche Anleitung zu Ausleitungskuren kannst du gerne direkt bei uns anfragen.<\/p>\n<p>Gib Deinem Pferd die nat\u00fcrliche Unterst\u00fctzung, die es f\u00fcr eine gesunde Leberfunktion braucht \u2013 mit <strong>Sily Cholin von PerNaturam<\/strong>!<\/p>\n<p>Zusammensetzung: Bestandteile der Mariendistelsamen (Silymarin 8 %), Pektine, Spirulina, Curcuma, Apfelgranulat, Sonnenblumen-Lecithin(GVO-frei), S\u00fc\u00dfkraut (au\u00dferdem Cholin, Biotin und Betain pflanzlichen Ursprungs).<\/p>\n<p>F\u00fctterungsempfehlung: Geben Sie SilyCholin 3 Tage lang, dann machen Sie 3 Tage Pause, dann wieder 3 Tage geben \u2013 am besten \u00fcber einen Zeitraum von vier Wochen.<br \/>\n400 kg K\u00f6rpermasse = 6 -12 g<br \/>\n500-600 kg K\u00f6rpermasse = 15 g<br \/>\n700 kg K\u00f6rpermasse = 24 g<\/p>\n","protected":false},"excerpt":{"rendered":"<p>Sily Cholin \u2013 Unterst\u00fctzung f\u00fcr die Lebergesundheit Deines Pferdes Sily Cholin basiert auf der bew\u00e4hrten Kraft der Mariendistel, einem traditionellen Leberkraut. Das in den Samen enthaltene Silymarin, kombiniert mit ausgew\u00e4hlten Bitterkr\u00e4utern und Mikroalgen, unterst\u00fctzt die Leber Deines Pferdes effektiv bei der Regeneration und f\u00f6rdert die nat\u00fcrliche Ausleitung von Stoffwechselendprodukten. Vorteile im \u00dcberblick: F\u00f6rdert die Leberregeneration: [&hellip;]<\/p>\n","protected":false},"featured_media":854,"comment_status":"open","ping_status":"closed","template":"","meta":[],"product_brand":[],"product_cat":[15,64],"product_tag":[],"class_list":{"0":"post-1249","1":"product","2":"type-product","3":"status-publish","4":"has-post-thumbnail","6":"product_cat-pferd","7":"product_cat-leber-niere-pferd","9":"first","10":"instock","11":"taxable","12":"shipping-taxable","13":"purchasable","14":"product-type-variable"},"jetpack_sharing_enabled":true,"_links":{"self":[{"href":"https:\/\/xn--pferdundpftchen-itb.de\/woocommerce\/wp-json\/wp\/v2\/product\/1249","targetHints":{"allow":["GET"]}}],"collection":[{"href":"https:\/\/xn--pferdundpftchen-itb.de\/woocommerce\/wp-json\/wp\/v2\/product"}],"about":[{"href":"https:\/\/xn--pferdundpftchen-itb.de\/woocommerce\/wp-json\/wp\/v2\/types\/product"}],"replies":[{"embeddable":true,"href":"https:\/\/xn--pferdundpftchen-itb.de\/woocommerce\/wp-json\/wp\/v2\/comments?post=1249"}],"wp:featuredmedia":[{"embeddable":true,"href":"https:\/\/xn--pferdundpftchen-itb.de\/woocommerce\/wp-json\/wp\/v2\/media\/854"}],"wp:attachment":[{"href":"https:\/\/xn--pferdundpftchen-itb.de\/woocommerce\/wp-json\/wp\/v2\/media?parent=1249"}],"wp:term":[{"taxonomy":"product_brand","embeddable":true,"href":"https:\/\/xn--pferdundpftchen-itb.de\/woocommerce\/wp-json\/wp\/v2\/product_brand?post=1249"},{"taxonomy":"product_cat","embeddable":true,"href":"https:\/\/xn--pferdundpftchen-itb.de\/woocommerce\/wp-json\/wp\/v2\/product_cat?post=1249"},{"taxonomy":"product_tag","embeddable":true,"href":"https:\/\/xn--pferdundpftchen-itb.de\/woocommerce\/wp-json\/wp\/v2\/product_tag?post=1249"}],"curies":[{"name":"wp","href":"https:\/\/api.w.org\/{rel}","templated":true}]}}