{"id":1269,"date":"2023-06-29T10:36:02","date_gmt":"2023-06-29T08:36:02","guid":{"rendered":"https:\/\/xn--pferdundpftchen-itb.de\/woocommerce\/?post_type=product&#038;p=1269"},"modified":"2024-11-26T14:44:26","modified_gmt":"2024-11-26T13:44:26","slug":"weihrauch-kapseln","status":"publish","type":"product","link":"https:\/\/xn--pferdundpftchen-itb.de\/woocommerce\/produkt\/weihrauch-kapseln\/","title":{"rendered":"Weihrauch-Kapseln"},"content":{"rendered":"<p><strong>Weihrauchkapseln f\u00fcr Hunde \u2013 Nat\u00fcrliches Schmerzmittel f\u00fcr mehr Wohlbefinden<\/strong><\/p>\n<p>G\u00f6nn deinem Hund die beruhigende und heilende Kraft der Natur mit unseren <strong>Weihrauchkapseln<\/strong>. Weihrauch hat sich seit Jahrhunderten als vielseitiges Heilmittel bew\u00e4hrt \u2013 und auch f\u00fcr deinen Hund bietet es zahlreiche Vorteile. Als nat\u00fcrliches Schmerzmittel wirkt es nicht nur entz\u00fcndungshemmend, sondern unterst\u00fctzt auch die Gesundheit der Gelenke und f\u00f6rdert das allgemeine Wohlbefinden.<\/p>\n<p><strong>Warum Weihrauchkapseln f\u00fcr deinen Hund?<\/strong><\/p>\n<ul>\n<li><strong>Beruhigung bei Magen- und Darmbeschwerden<\/strong>: Weihrauch wirkt beruhigend auf gereizte Schleimh\u00e4ute und unterst\u00fctzt die Gesundheit von <strong>Magen<\/strong> und <strong>Darm<\/strong>. Ideal bei Verdauungsst\u00f6rungen, Reizungen oder Unwohlsein.<\/li>\n<li><strong>Reduzierung allergischer Hautreaktionen<\/strong>: Weihrauch kann helfen, allergische Hautreaktionen zu lindern und die Haut zu beruhigen, indem es Entz\u00fcndungen reduziert und das Immunsystem unterst\u00fctzt.<\/li>\n<li><strong>Unterst\u00fctzung der Gelenkgesundheit<\/strong>: Weihrauch f\u00f6rdert die Beweglichkeit der <strong>Gelenke<\/strong> und hilft, die Symptome von Gelenkschmerzen oder Entz\u00fcndungen zu lindern, sodass dein Hund wieder leichter und schmerzfreier bewegen kann.<\/li>\n<li><strong>Nat\u00fcrliches Schmerzmittel<\/strong>: Weihrauch wirkt schmerzlindernd und entz\u00fcndungshemmend und kann so die Lebensqualit\u00e4t deines Hundes verbessern, insbesondere bei chronischen oder altersbedingten Beschwerden.<\/li>\n<\/ul>\n<p><strong>Vorteile auf einen Blick:<\/strong><\/p>\n<ul>\n<li><strong>Nat\u00fcrliche Unterst\u00fctzung bei Gelenkproblemen<\/strong>: F\u00f6rdert die Beweglichkeit und lindert Gelenkschmerzen.<\/li>\n<li><strong>Lindert Magen- und Darmreizungen<\/strong>: Beruhigt die Schleimh\u00e4ute und unterst\u00fctzt die Verdauung.<\/li>\n<li><strong>Reduziert Hautentz\u00fcndungen<\/strong>: Hilft bei der Linderung von allergischen Hautreaktionen und Hautirritationen.<\/li>\n<li><strong>Sanft und effektiv<\/strong>: Eine schonende, nat\u00fcrliche Alternative zu chemischen Schmerzmitteln.<\/li>\n<\/ul>\n<p><strong>Anwendung:<\/strong><br \/>\nDie Weihrauchkapseln k\u00f6nnen einfach ins Futter deines Hundes gemischt werden. Eine regelm\u00e4\u00dfige Gabe unterst\u00fctzt die langfristige Gesundheit und das Wohlbefinden deines Hundes. Sollte dein Hunde die Kapseln nicht fressen, k\u00f6nnen diese auch problemlos ge\u00f6ffnet und in Pulverform verf\u00fcttert werden.<\/p>\n<p>Verw\u00f6hne deinen Hund mit der beruhigenden und heilenden Wirkung von <strong>Weihrauch<\/strong> \u2013 f\u00fcr weniger Schmerzen, mehr Beweglichkeit und ein rundum besseres Wohlbefinden!<\/p>\n<p>Zusammensetzung: 400 mg Weihrauchpulver (Boswellia serrata) je Kapsel mit 85 % Boswellia-S\u00e4uren, Kapselh\u00fclle ausCellulose<\/p>\n<p>F\u00fctterungsempfehlung: Je 10 kg K\u00f6rpergewicht 1 Kapsel t\u00e4glich.<\/p>\n","protected":false},"excerpt":{"rendered":"<p>Weihrauchkapseln f\u00fcr Hunde \u2013 Nat\u00fcrliches Schmerzmittel f\u00fcr mehr Wohlbefinden G\u00f6nn deinem Hund die beruhigende und heilende Kraft der Natur mit unseren Weihrauchkapseln. Weihrauch hat sich seit Jahrhunderten als vielseitiges Heilmittel bew\u00e4hrt \u2013 und auch f\u00fcr deinen Hund bietet es zahlreiche Vorteile. Als nat\u00fcrliches Schmerzmittel wirkt es nicht nur entz\u00fcndungshemmend, sondern unterst\u00fctzt auch die Gesundheit der [&hellip;]<\/p>\n","protected":false},"featured_media":871,"comment_status":"open","ping_status":"closed","template":"","meta":[],"product_brand":[],"product_cat":[20,51,43,28],"product_tag":[],"class_list":{"0":"post-1269","1":"product","2":"type-product","3":"status-publish","4":"has-post-thumbnail","6":"product_cat-hund","7":"product_cat-gelenke-bewegungsapparat","8":"product_cat-haut-fell","9":"product_cat-magen-verdauung","11":"first","12":"instock","13":"taxable","14":"shipping-taxable","15":"purchasable","16":"product-type-variable"},"jetpack_sharing_enabled":true,"_links":{"self":[{"href":"https:\/\/xn--pferdundpftchen-itb.de\/woocommerce\/wp-json\/wp\/v2\/product\/1269","targetHints":{"allow":["GET"]}}],"collection":[{"href":"https:\/\/xn--pferdundpftchen-itb.de\/woocommerce\/wp-json\/wp\/v2\/product"}],"about":[{"href":"https:\/\/xn--pferdundpftchen-itb.de\/woocommerce\/wp-json\/wp\/v2\/types\/product"}],"replies":[{"embeddable":true,"href":"https:\/\/xn--pferdundpftchen-itb.de\/woocommerce\/wp-json\/wp\/v2\/comments?post=1269"}],"wp:featuredmedia":[{"embeddable":true,"href":"https:\/\/xn--pferdundpftchen-itb.de\/woocommerce\/wp-json\/wp\/v2\/media\/871"}],"wp:attachment":[{"href":"https:\/\/xn--pferdundpftchen-itb.de\/woocommerce\/wp-json\/wp\/v2\/media?parent=1269"}],"wp:term":[{"taxonomy":"product_brand","embeddable":true,"href":"https:\/\/xn--pferdundpftchen-itb.de\/woocommerce\/wp-json\/wp\/v2\/product_brand?post=1269"},{"taxonomy":"product_cat","embeddable":true,"href":"https:\/\/xn--pferdundpftchen-itb.de\/woocommerce\/wp-json\/wp\/v2\/product_cat?post=1269"},{"taxonomy":"product_tag","embeddable":true,"href":"https:\/\/xn--pferdundpftchen-itb.de\/woocommerce\/wp-json\/wp\/v2\/product_tag?post=1269"}],"curies":[{"name":"wp","href":"https:\/\/api.w.org\/{rel}","templated":true}]}}