{"id":1284,"date":"2023-06-29T11:06:01","date_gmt":"2023-06-29T09:06:01","guid":{"rendered":"https:\/\/xn--pferdundpftchen-itb.de\/woocommerce\/?post_type=product&#038;p=1284"},"modified":"2023-06-29T11:06:01","modified_gmt":"2023-06-29T09:06:01","slug":"moehren-suppe-nach-moro","status":"publish","type":"product","link":"https:\/\/xn--pferdundpftchen-itb.de\/woocommerce\/produkt\/moehren-suppe-nach-moro\/","title":{"rendered":"M\u00f6hren-Suppe nach Moro"},"content":{"rendered":"<p>Die durch das lange Kochen der M\u00f6hren entstandenen Pektine k\u00f6nnen sehr wirksam bei Durchfall und akuten Verdauungsproblemen helfen.<br \/>\nDie enthaltenen Pektine verhindern das Anheften der Durchfallerreger an die Darmwand, so dass diese schnellstm\u00f6glich aus dem Organismus heraus transportiert werden. Dar\u00fcber hinaus binden Pektine \u00fcbersch\u00fcssiges Wasser.<\/p>\n<p>Zusammensetzung: Wasser, M\u00f6hren, Kochsalz.<\/p>\n<p>F\u00fctterungsempfehlung:<br \/>\nBei akutem Durchfall geben Sie die Suppe je nach Gr\u00f6\u00dfe des Tieres mehrmals t\u00e4glich als alleinige Kost und anschlie\u00dfend jeweils ca. 30 Minuten vor der Schonkost-Mahlzeit.<br \/>\nF\u00fcttern Sie die Suppe in Zimmertemperatur oder leicht erw\u00e4rmt. Zur Steigerung der Akzeptanz kann sie f\u00fcr Katzen und Hunde auch mit unserer Knochen-Br\u00fche gemischt werden. <\/p>\n<p>Katzen &#038; Hunde<br \/>\n\u2265 5 kg K\u00f6rpergewicht = 10 ml bis 200 ml<\/p>\n<p>Hunde:<br \/>\nab 5 kg K\u00f6rpergewicht = 400 ml &#8211; 1200 ml<br \/>\n10 ml entsprechen 1 Essl\u00f6ffel&#8220;<\/p>\n","protected":false},"excerpt":{"rendered":"<p>Die durch das lange Kochen der M\u00f6hren entstandenen Pektine k\u00f6nnen sehr wirksam bei Durchfall und akuten Verdauungsproblemen helfen. Die enthaltenen Pektine verhindern das Anheften der Durchfallerreger an die Darmwand, so dass diese schnellstm\u00f6glich aus dem Organismus heraus transportiert werden. Dar\u00fcber hinaus binden Pektine \u00fcbersch\u00fcssiges Wasser. Zusammensetzung: Wasser, M\u00f6hren, Kochsalz. F\u00fctterungsempfehlung: Bei akutem Durchfall geben Sie [&hellip;]<\/p>\n","protected":false},"featured_media":808,"comment_status":"open","ping_status":"closed","template":"","meta":[],"product_brand":[],"product_cat":[15,33,20,28,21,61],"product_tag":[],"class_list":{"0":"post-1284","1":"product","2":"type-product","3":"status-publish","4":"has-post-thumbnail","6":"product_cat-pferd","7":"product_cat-magen-verdauung-pferd","8":"product_cat-hund","9":"product_cat-magen-verdauung","10":"product_cat-katze","11":"product_cat-magen-verdauung-katze","13":"first","14":"instock","15":"taxable","16":"shipping-taxable","17":"purchasable","18":"product-type-variable"},"jetpack_sharing_enabled":true,"_links":{"self":[{"href":"https:\/\/xn--pferdundpftchen-itb.de\/woocommerce\/wp-json\/wp\/v2\/product\/1284","targetHints":{"allow":["GET"]}}],"collection":[{"href":"https:\/\/xn--pferdundpftchen-itb.de\/woocommerce\/wp-json\/wp\/v2\/product"}],"about":[{"href":"https:\/\/xn--pferdundpftchen-itb.de\/woocommerce\/wp-json\/wp\/v2\/types\/product"}],"replies":[{"embeddable":true,"href":"https:\/\/xn--pferdundpftchen-itb.de\/woocommerce\/wp-json\/wp\/v2\/comments?post=1284"}],"wp:featuredmedia":[{"embeddable":true,"href":"https:\/\/xn--pferdundpftchen-itb.de\/woocommerce\/wp-json\/wp\/v2\/media\/808"}],"wp:attachment":[{"href":"https:\/\/xn--pferdundpftchen-itb.de\/woocommerce\/wp-json\/wp\/v2\/media?parent=1284"}],"wp:term":[{"taxonomy":"product_brand","embeddable":true,"href":"https:\/\/xn--pferdundpftchen-itb.de\/woocommerce\/wp-json\/wp\/v2\/product_brand?post=1284"},{"taxonomy":"product_cat","embeddable":true,"href":"https:\/\/xn--pferdundpftchen-itb.de\/woocommerce\/wp-json\/wp\/v2\/product_cat?post=1284"},{"taxonomy":"product_tag","embeddable":true,"href":"https:\/\/xn--pferdundpftchen-itb.de\/woocommerce\/wp-json\/wp\/v2\/product_tag?post=1284"}],"curies":[{"name":"wp","href":"https:\/\/api.w.org\/{rel}","templated":true}]}}