{"id":1531,"date":"2023-07-07T22:30:24","date_gmt":"2023-07-07T20:30:24","guid":{"rendered":"https:\/\/xn--pferdundpftchen-itb.de\/woocommerce\/?post_type=product&#038;p=1531"},"modified":"2023-07-07T22:30:24","modified_gmt":"2023-07-07T20:30:24","slug":"eisform","status":"publish","type":"product","link":"https:\/\/xn--pferdundpftchen-itb.de\/woocommerce\/produkt\/eisform\/","title":{"rendered":"Eisform"},"content":{"rendered":"<p>Mit SmoothieDog Hunde- oder Katzeneis selber machen in der super-coolen Eisform.<\/p>\n<p>Mit unserer Eisform hast du die M\u00f6glichkeit deinem Liebling einfach und schnell ein Eis zu zaubern, ohne k\u00fcnstliche Konservierungsstoffe, Zucker, Getreide oder Nebenerzeugnisse. Du brauchst kein Rezept. Einfach eine Flasche SmoothieDog oder SmoothieCat in der Sorte deiner Wahl einf\u00fcllen \u2013 ins Gefrierfach \u2013 Kaustick nach Wahl einlegen und losschlecken!<\/p>\n<p>Durch das Schlecken kommt das Eis nicht eiskalt im Magen an und der Eisgenuss sorgt f\u00fcr eine tolle Abk\u00fchlung. Das perfekte Leckerlie &#8211; nicht nur f\u00fcr den Sommer.<\/p>\n<p>SmoothieDog \/ SmoothieCat steht f\u00fcr 100% offene und transparente Deklaration aller verwendeten Zutaten. Somit darfst du dir immer sicher sein: In einer Flasche SmoothieDog bzw. SmoothieCat steckt nur das, was drauf steht. Somit wei\u00dft du bei diesem Eis ganz genau was dein Hund oder deine Katze bekommt. Hundeeis aus SmoothieDog bzw. Katzeneis aus SmoothieCat ist die gesunde Belohnung an hei\u00dfen und nicht so hei\u00dfen Tagen.<\/p>\n<p>Die Eisform ist sehr elastisch, strapazierf\u00e4hig und der Inhalt l\u00e4sst sich nach dem Einfrieren perfekt aus der Form l\u00f6sen. Mit der Einkerbung f\u00fcr Kausticks  als Eisstiel hat dein Hund Knabberspass inlusive.<\/p>\n<p>Die Eisform ist BPA-frei und aus 100% Premium-Silikon \u2013 Gr\u00f6\u00dfe: 27,2cm x 12,2 cm x 2,6 cm<\/p>\n<p>Anwendungshinweis: Lege die Eisform vor dem F\u00fcllen auf einen flachen Teller oder eine Platte. F\u00fclle dann die Eisform mit dem Inhalt einer Smoothie Flasche. Lege die Eisform mit Hilfe des Tellers zusammen in deinen Gefrierschrank. So verleihst du der Eisform mehr Stabilit\u00e4t und das Man\u00f6vrieren ins Gefrierfach ist kinderleicht. Weitere Tipps findest du auf dem Verpackungskarton der Eisform.<\/p>\n","protected":false},"excerpt":{"rendered":"<p>Mit SmoothieDog Hunde- oder Katzeneis selber machen in der super-coolen Eisform. Mit unserer Eisform hast du die M\u00f6glichkeit deinem Liebling einfach und schnell ein Eis zu zaubern, ohne k\u00fcnstliche Konservierungsstoffe, Zucker, Getreide oder Nebenerzeugnisse. Du brauchst kein Rezept. Einfach eine Flasche SmoothieDog oder SmoothieCat in der Sorte deiner Wahl einf\u00fcllen \u2013 ins Gefrierfach \u2013 Kaustick [&hellip;]<\/p>\n","protected":false},"featured_media":1506,"comment_status":"open","ping_status":"closed","template":"","meta":[],"product_brand":[],"product_cat":[20,79,21,80],"product_tag":[],"class_list":{"0":"post-1531","1":"product","2":"type-product","3":"status-publish","4":"has-post-thumbnail","6":"product_cat-hund","7":"product_cat-zubehoer","8":"product_cat-katze","9":"product_cat-zubehoer-katze","11":"first","12":"instock","13":"taxable","14":"shipping-taxable","15":"purchasable","16":"product-type-simple"},"jetpack_sharing_enabled":true,"_links":{"self":[{"href":"https:\/\/xn--pferdundpftchen-itb.de\/woocommerce\/wp-json\/wp\/v2\/product\/1531","targetHints":{"allow":["GET"]}}],"collection":[{"href":"https:\/\/xn--pferdundpftchen-itb.de\/woocommerce\/wp-json\/wp\/v2\/product"}],"about":[{"href":"https:\/\/xn--pferdundpftchen-itb.de\/woocommerce\/wp-json\/wp\/v2\/types\/product"}],"replies":[{"embeddable":true,"href":"https:\/\/xn--pferdundpftchen-itb.de\/woocommerce\/wp-json\/wp\/v2\/comments?post=1531"}],"wp:featuredmedia":[{"embeddable":true,"href":"https:\/\/xn--pferdundpftchen-itb.de\/woocommerce\/wp-json\/wp\/v2\/media\/1506"}],"wp:attachment":[{"href":"https:\/\/xn--pferdundpftchen-itb.de\/woocommerce\/wp-json\/wp\/v2\/media?parent=1531"}],"wp:term":[{"taxonomy":"product_brand","embeddable":true,"href":"https:\/\/xn--pferdundpftchen-itb.de\/woocommerce\/wp-json\/wp\/v2\/product_brand?post=1531"},{"taxonomy":"product_cat","embeddable":true,"href":"https:\/\/xn--pferdundpftchen-itb.de\/woocommerce\/wp-json\/wp\/v2\/product_cat?post=1531"},{"taxonomy":"product_tag","embeddable":true,"href":"https:\/\/xn--pferdundpftchen-itb.de\/woocommerce\/wp-json\/wp\/v2\/product_tag?post=1531"}],"curies":[{"name":"wp","href":"https:\/\/api.w.org\/{rel}","templated":true}]}}