{"id":1533,"date":"2023-07-07T22:36:58","date_gmt":"2023-07-07T20:36:58","guid":{"rendered":"https:\/\/xn--pferdundpftchen-itb.de\/woocommerce\/?post_type=product&#038;p=1533"},"modified":"2023-07-07T22:36:58","modified_gmt":"2023-07-07T20:36:58","slug":"eiswuerfelform","status":"publish","type":"product","link":"https:\/\/xn--pferdundpftchen-itb.de\/woocommerce\/produkt\/eiswuerfelform\/","title":{"rendered":"Eisw\u00fcrfelform"},"content":{"rendered":"<p>Die praktische Eisw\u00fcrfelform f\u00fcr deinen Vierbeiner von SmoothieDog \/ SmoothieCat. Mit unserer Eisw\u00fcrfelform hast du die M\u00f6glichkeit, deinem Hund oder deiner Katze einfach und schnell eine kleine Erfrischung zu zaubern \u2013 ohne jegliche k\u00fcnstliche Stoffe, Zucker, Getreide, Schlachtabf\u00e4lle oder Nebenerzeugnisse. 100% nat\u00fcrliche Zutaten.<\/p>\n<p>Die praktische Eisw\u00fcrfelform f\u00fcr deinen kleineren Vierbeiner oder f\u00fcr alle, die gerne Eisw\u00fcrfel direkt in den Trinknapf geben.<\/p>\n<p>Das Beste: Du brauchst kein Rezept. Einfach eine Flasche SmoothieDog \/ SmoothieCat in der Sorte deiner Wahl einf\u00fcllen \u2013 ins Gefrierfach legen \u2013 Eisw\u00fcrfel in den Trinknapf geben \u2013 losschlecken!<\/p>\n<p>Durch das Schlecken kommt das Eis nicht eiskalt im Hundemagen an und der Eisgenuss sorgt f\u00fcr eine tolle Abk\u00fchlung. Das perfekte Leckerlie \u2013 nicht nur f\u00fcr den Sommer, denn die Eisw\u00fcrfelform kannst du sogar als Backmatte f\u00fcr Hundekekse verwenden.<\/p>\n<p>SmoothieDog bzw. SmoothieCat steht f\u00fcr 100% offene und transparente Deklaration aller verwendeten Zutaten. Somit darfst du dir immer sicher sein: In einer Flasche SmoothieDog \/ SmoothieCat steckt nur das, was drauf steht. Du wei\u00dft also bei diesem Eis ganz genau was dein Hund bekommt.<\/p>\n<p>Eisw\u00fcrfel aus SmoothieDog \/ SmoothieCat sind die erfrischende, gesunde Belohnung an hei\u00dfen und nicht so hei\u00dfen Tagen.<\/p>\n<p>Die Eisw\u00fcrfelform ist sehr elastisch, strapazierf\u00e4hig und der Inhalt l\u00e4sst sich nach dem Einfrieren perfekt aus der Form l\u00f6sen.<\/p>\n<p>Die Eisw\u00fcrfelform ist BPA-frei und aus 100% Premium-Silikon \u2013 F\u00fcllmenge ca. 200ml. Gr\u00f6\u00dfe: 27,2cm x 12,2 cm x 2,6 cm<\/p>\n<p>Anwendungshinweis: Lege die Eisw\u00fcrfelform vor dem Bef\u00fcllen auf einen flachen Teller oder eine Platte. F\u00fclle dann die Form mit dem Inhalt einer Smoothie Flasche. Lege die Eisform mit Hilfe des Tellers zusammen in deinen Gefrierschrank. So verleihst du der Eisform mehr Stabilit\u00e4t und das Man\u00f6vrieren ins Gefrierfach ist kinderleicht. Weitere Tipps findest du auf dem Verpackungskarton der Eisw\u00fcrfelform.<\/p>\n","protected":false},"excerpt":{"rendered":"<p>Die praktische Eisw\u00fcrfelform f\u00fcr deinen Vierbeiner von SmoothieDog \/ SmoothieCat. Mit unserer Eisw\u00fcrfelform hast du die M\u00f6glichkeit, deinem Hund oder deiner Katze einfach und schnell eine kleine Erfrischung zu zaubern \u2013 ohne jegliche k\u00fcnstliche Stoffe, Zucker, Getreide, Schlachtabf\u00e4lle oder Nebenerzeugnisse. 100% nat\u00fcrliche Zutaten. Die praktische Eisw\u00fcrfelform f\u00fcr deinen kleineren Vierbeiner oder f\u00fcr alle, die gerne [&hellip;]<\/p>\n","protected":false},"featured_media":1534,"comment_status":"open","ping_status":"closed","template":"","meta":[],"product_brand":[],"product_cat":[20,79,21,80],"product_tag":[],"class_list":{"0":"post-1533","1":"product","2":"type-product","3":"status-publish","4":"has-post-thumbnail","6":"product_cat-hund","7":"product_cat-zubehoer","8":"product_cat-katze","9":"product_cat-zubehoer-katze","11":"first","12":"instock","13":"taxable","14":"shipping-taxable","15":"purchasable","16":"product-type-simple"},"jetpack_sharing_enabled":true,"_links":{"self":[{"href":"https:\/\/xn--pferdundpftchen-itb.de\/woocommerce\/wp-json\/wp\/v2\/product\/1533","targetHints":{"allow":["GET"]}}],"collection":[{"href":"https:\/\/xn--pferdundpftchen-itb.de\/woocommerce\/wp-json\/wp\/v2\/product"}],"about":[{"href":"https:\/\/xn--pferdundpftchen-itb.de\/woocommerce\/wp-json\/wp\/v2\/types\/product"}],"replies":[{"embeddable":true,"href":"https:\/\/xn--pferdundpftchen-itb.de\/woocommerce\/wp-json\/wp\/v2\/comments?post=1533"}],"wp:featuredmedia":[{"embeddable":true,"href":"https:\/\/xn--pferdundpftchen-itb.de\/woocommerce\/wp-json\/wp\/v2\/media\/1534"}],"wp:attachment":[{"href":"https:\/\/xn--pferdundpftchen-itb.de\/woocommerce\/wp-json\/wp\/v2\/media?parent=1533"}],"wp:term":[{"taxonomy":"product_brand","embeddable":true,"href":"https:\/\/xn--pferdundpftchen-itb.de\/woocommerce\/wp-json\/wp\/v2\/product_brand?post=1533"},{"taxonomy":"product_cat","embeddable":true,"href":"https:\/\/xn--pferdundpftchen-itb.de\/woocommerce\/wp-json\/wp\/v2\/product_cat?post=1533"},{"taxonomy":"product_tag","embeddable":true,"href":"https:\/\/xn--pferdundpftchen-itb.de\/woocommerce\/wp-json\/wp\/v2\/product_tag?post=1533"}],"curies":[{"name":"wp","href":"https:\/\/api.w.org\/{rel}","templated":true}]}}