{"id":1543,"date":"2023-07-07T22:41:57","date_gmt":"2023-07-07T20:41:57","guid":{"rendered":"https:\/\/xn--pferdundpftchen-itb.de\/woocommerce\/?post_type=product&#038;p=1543"},"modified":"2024-11-17T19:54:07","modified_gmt":"2024-11-17T18:54:07","slug":"bitopequi-lung","status":"publish","type":"product","link":"https:\/\/xn--pferdundpftchen-itb.de\/woocommerce\/produkt\/bitopequi-lung\/","title":{"rendered":"BitopEQUI lung complete"},"content":{"rendered":"<p>\ud83c\udf1f\u00a0<strong>Entdecke die perfekte L\u00f6sung f\u00fcr die Pflege der Schleimh\u00e4ute deines Pferdes!<\/strong>\u00a0\ud83c\udf1f<\/p>\n<p>BitopEQUI lung complete wurde speziell zur Befeuchtung, Reinigung und Pflege der Schleimh\u00e4ute entwickelt.<\/p>\n<p>\u2728\u00a0<strong>Warum Du unsere Fertigl\u00f6sung lieben wirst:<\/strong><\/p>\n<ul>\n<li><strong>Effektive Reinigung:<\/strong>\u00a0Unsere L\u00f6sung l\u00f6st Staub, Schmutz und andere Reizstoffe optimal, sodass Deine Schleimh\u00e4ute frisch und gesund bleiben.<\/li>\n<li><strong>Einfache Anwendung:<\/strong>\u00a0Die Applikation erfolgt am besten als Aerosol durch direkte Verneblung der unverd\u00fcnnten L\u00f6sung \u2013 perfekt geeignet f\u00fcr Vernebler! So wird die Anwendung zum Kinderspiel.<\/li>\n<li><strong>Praktische Handhabung:<\/strong>\u00a0Das vollst\u00e4ndige Aufschrauben der Flasche wird nur empfohlen, wenn die gesamte L\u00f6sung an einem Tag verbraucht wird. Andernfalls kannst Du die Entnahme sicher mit einem Mini-Spike oder einer Kan\u00fcle vornehmen (nicht in der Lieferung enthalten).<\/li>\n<li><strong>Haltbarkeit:<\/strong>\u00a0Nach Anbruch sollte die L\u00f6sung innerhalb von 30 Tagen verbraucht werden, um die h\u00f6chste Qualit\u00e4t zu gew\u00e4hrleisten.<\/li>\n<li><strong>Nat\u00fcrliche Inhaltsstoffe:<\/strong>\u00a0Unsere Fertigl\u00f6sung ist vollkommen nat\u00fcrlich und vegan. Sie enth\u00e4lt hochwertige Inhaltsstoffe, die frei von k\u00fcnstlichen Konservierungsmitteln oder Farbstoffen sind.<\/li>\n<li><strong>Steril abgef\u00fcllt:<\/strong>\u00a0Jede Flasche wird steril abgef\u00fcllt, um h\u00f6chste Qualit\u00e4t und Sicherheit zu garantieren.<\/li>\n<\/ul>\n<p>\ud83d\udca7\u00a0<strong>F\u00fcr ein gesundes Wohlbefinden!<\/strong><br \/>\nEgal ob zur t\u00e4glichen Pflege oder bei besonderen Bed\u00fcrfnissen \u2013 unsere isotone Fertigl\u00f6sung ist die ideale Wahl f\u00fcr alle, die Wert auf nat\u00fcrliche Produkte legen.<\/p>\n<p>\ud83d\uded2\u00a0<strong>G\u00f6nne Deinem Pferd die beste Pflege!<\/strong><br \/>\nEntdecke die Vorteile von BitopEQUI lung complete und sorge daf\u00fcr, dass die Schleimh\u00e4ute deines Pferdes optimal versorgt werden \u2013 ganz einfach und effektiv!<\/p>\n<p>Zusammensetzung: Aqua (Wasser), 1,3% Ectoin, Natriumchlorid.<\/p>\n","protected":false},"excerpt":{"rendered":"<p>\ud83c\udf1f\u00a0Entdecke die perfekte L\u00f6sung f\u00fcr die Pflege der Schleimh\u00e4ute deines Pferdes!\u00a0\ud83c\udf1f BitopEQUI lung complete wurde speziell zur Befeuchtung, Reinigung und Pflege der Schleimh\u00e4ute entwickelt. \u2728\u00a0Warum Du unsere Fertigl\u00f6sung lieben wirst: Effektive Reinigung:\u00a0Unsere L\u00f6sung l\u00f6st Staub, Schmutz und andere Reizstoffe optimal, sodass Deine Schleimh\u00e4ute frisch und gesund bleiben. Einfache Anwendung:\u00a0Die Applikation erfolgt am besten als Aerosol [&hellip;]<\/p>\n","protected":false},"featured_media":1540,"comment_status":"open","ping_status":"closed","template":"","meta":[],"product_brand":[],"product_cat":[15,40,81,35],"product_tag":[],"class_list":{"0":"post-1543","1":"product","2":"type-product","3":"status-publish","4":"has-post-thumbnail","6":"product_cat-pferd","7":"product_cat-pflege-aeusserliche-anwendung-pferd","8":"product_cat-zubehoer-pferd","9":"product_cat-atemwege-lunge","11":"first","12":"instock","13":"taxable","14":"shipping-taxable","15":"purchasable","16":"product-type-simple"},"jetpack_sharing_enabled":true,"_links":{"self":[{"href":"https:\/\/xn--pferdundpftchen-itb.de\/woocommerce\/wp-json\/wp\/v2\/product\/1543","targetHints":{"allow":["GET"]}}],"collection":[{"href":"https:\/\/xn--pferdundpftchen-itb.de\/woocommerce\/wp-json\/wp\/v2\/product"}],"about":[{"href":"https:\/\/xn--pferdundpftchen-itb.de\/woocommerce\/wp-json\/wp\/v2\/types\/product"}],"replies":[{"embeddable":true,"href":"https:\/\/xn--pferdundpftchen-itb.de\/woocommerce\/wp-json\/wp\/v2\/comments?post=1543"}],"wp:featuredmedia":[{"embeddable":true,"href":"https:\/\/xn--pferdundpftchen-itb.de\/woocommerce\/wp-json\/wp\/v2\/media\/1540"}],"wp:attachment":[{"href":"https:\/\/xn--pferdundpftchen-itb.de\/woocommerce\/wp-json\/wp\/v2\/media?parent=1543"}],"wp:term":[{"taxonomy":"product_brand","embeddable":true,"href":"https:\/\/xn--pferdundpftchen-itb.de\/woocommerce\/wp-json\/wp\/v2\/product_brand?post=1543"},{"taxonomy":"product_cat","embeddable":true,"href":"https:\/\/xn--pferdundpftchen-itb.de\/woocommerce\/wp-json\/wp\/v2\/product_cat?post=1543"},{"taxonomy":"product_tag","embeddable":true,"href":"https:\/\/xn--pferdundpftchen-itb.de\/woocommerce\/wp-json\/wp\/v2\/product_tag?post=1543"}],"curies":[{"name":"wp","href":"https:\/\/api.w.org\/{rel}","templated":true}]}}