{"id":1547,"date":"2023-07-07T22:44:16","date_gmt":"2023-07-07T20:44:16","guid":{"rendered":"https:\/\/xn--pferdundpftchen-itb.de\/woocommerce\/?post_type=product&#038;p=1547"},"modified":"2025-02-27T13:12:52","modified_gmt":"2025-02-27T12:12:52","slug":"bitopequi-eye-spray","status":"publish","type":"product","link":"https:\/\/xn--pferdundpftchen-itb.de\/woocommerce\/produkt\/bitopequi-eye-spray\/","title":{"rendered":"BitopEQUI eye spray"},"content":{"rendered":"<p>Benutzerfreundliches Augenspray zur Reinigung und Pflege des Pferdeauges und der umgebenden Haut.\u00a0Milde Formulierung &#8211; auch f\u00fcr sensible Pferdeaugen geeignet. Die Augentropfen werden in einem Steril-Prozess hergestellt, somit kann auf jegliche Konservierungsmittel und Zusatzstoffe verzichtet werden. Dadurch ist das Herstellungsverfahren zwar deutlich teurer, aber ohne Konservierungsmittel brennen die Tropfen im Auge nicht. Dadurch ist die Gabe f\u00fcr das Pferd sehr angenehm und die Akzeptanz wird gef\u00f6rdert.<\/p>\n<p>Ausschlie\u00dflich zur \u00e4u\u00dferen Anwendung gedacht ist, vollkommen nat\u00fcrlich, vergan, mit hochwertigen Inhaltsstoffen, frei von k\u00fcnstlichen Konservierungsmitteln oder Farbstoffen, steril abgef\u00fcllt.<\/p>\n<p>Zusammensetzung: Aqua (Water), Ectoin, Lecithin, Caprylic\/Capric Triglyceride, Disodium Phosphate Dihydrate, Sodium Dihydrogen Phosphate Dihydrate, Polysorbate 80.<\/p>\n","protected":false},"excerpt":{"rendered":"<p>Benutzerfreundliches Augenspray zur Reinigung und Pflege des Pferdeauges und der umgebenden Haut.\u00a0Milde Formulierung &#8211; auch f\u00fcr sensible Pferdeaugen geeignet. Die Augentropfen werden in einem Steril-Prozess hergestellt, somit kann auf jegliche Konservierungsmittel und Zusatzstoffe verzichtet werden. Dadurch ist das Herstellungsverfahren zwar deutlich teurer, aber ohne Konservierungsmittel brennen die Tropfen im Auge nicht. Dadurch ist die Gabe [&hellip;]<\/p>\n","protected":false},"featured_media":1539,"comment_status":"open","ping_status":"closed","template":"","meta":[],"product_brand":[],"product_cat":[15,40],"product_tag":[],"class_list":{"0":"post-1547","1":"product","2":"type-product","3":"status-publish","4":"has-post-thumbnail","6":"product_cat-pferd","7":"product_cat-pflege-aeusserliche-anwendung-pferd","9":"first","10":"instock","11":"taxable","12":"shipping-taxable","13":"purchasable","14":"product-type-simple"},"jetpack_sharing_enabled":true,"_links":{"self":[{"href":"https:\/\/xn--pferdundpftchen-itb.de\/woocommerce\/wp-json\/wp\/v2\/product\/1547","targetHints":{"allow":["GET"]}}],"collection":[{"href":"https:\/\/xn--pferdundpftchen-itb.de\/woocommerce\/wp-json\/wp\/v2\/product"}],"about":[{"href":"https:\/\/xn--pferdundpftchen-itb.de\/woocommerce\/wp-json\/wp\/v2\/types\/product"}],"replies":[{"embeddable":true,"href":"https:\/\/xn--pferdundpftchen-itb.de\/woocommerce\/wp-json\/wp\/v2\/comments?post=1547"}],"wp:featuredmedia":[{"embeddable":true,"href":"https:\/\/xn--pferdundpftchen-itb.de\/woocommerce\/wp-json\/wp\/v2\/media\/1539"}],"wp:attachment":[{"href":"https:\/\/xn--pferdundpftchen-itb.de\/woocommerce\/wp-json\/wp\/v2\/media?parent=1547"}],"wp:term":[{"taxonomy":"product_brand","embeddable":true,"href":"https:\/\/xn--pferdundpftchen-itb.de\/woocommerce\/wp-json\/wp\/v2\/product_brand?post=1547"},{"taxonomy":"product_cat","embeddable":true,"href":"https:\/\/xn--pferdundpftchen-itb.de\/woocommerce\/wp-json\/wp\/v2\/product_cat?post=1547"},{"taxonomy":"product_tag","embeddable":true,"href":"https:\/\/xn--pferdundpftchen-itb.de\/woocommerce\/wp-json\/wp\/v2\/product_tag?post=1547"}],"curies":[{"name":"wp","href":"https:\/\/api.w.org\/{rel}","templated":true}]}}