{"id":1598,"date":"2023-07-08T14:13:12","date_gmt":"2023-07-08T12:13:12","guid":{"rendered":"https:\/\/xn--pferdundpftchen-itb.de\/woocommerce\/?post_type=product&#038;p=1598"},"modified":"2025-01-25T18:13:24","modified_gmt":"2025-01-25T17:13:24","slug":"leber-nierensaft","status":"publish","type":"product","link":"https:\/\/xn--pferdundpftchen-itb.de\/woocommerce\/produkt\/leber-nierensaft\/","title":{"rendered":"Leber-Nierensaft"},"content":{"rendered":"<p><strong>Leber-Nierensaft \u2013 Unterst\u00fctzung f\u00fcr Leber- und Nierenfunktion<\/strong><\/p>\n<p>Der Leber-Nierensaft von Ewalia ist die perfekte Unterst\u00fctzung f\u00fcr die Leber- und Nierenfunktion Deines Pferdes, besonders in Zeiten erh\u00f6hten Anspruchs, wie w\u00e4hrend des Fellwechsels. Dieser Saft hilft, den Entgiftungsprozess zu f\u00f6rdern und die nat\u00fcrlichen Ausscheidungsorgane zu entlasten, sodass Dein Pferd sich wieder rundum wohlf\u00fchlen kann.<\/p>\n<p>Mit einer speziell abgestimmten Kr\u00e4utermischung sorgt der Leber-Nierensaft f\u00fcr eine sanfte Unterst\u00fctzung und f\u00f6rdert die Entgiftung und Ausscheidung von Stoffwechselabf\u00e4llen. Frei von Farbstoffen, Konservierungsstoffen und Zucker, bietet der Saft eine rein nat\u00fcrliche L\u00f6sung, die Deinem Pferd hilft, sich in belastenden Phasen zu regenerieren und das Wohlbefinden zu steigern.<\/p>\n<p>Vertraue auf die Kraft der Natur \u2013 f\u00fcr eine gesunde Leber- und Nierenfunktion und ein vitales Pferd.<\/p>\n<p>Inhalt: 1 Liter<\/p>\n<p>Zusammensetzung: Birkenblatt, Brennnesselblatt, L\u00f6wenzahnbl\u00e4tter, L\u00f6wenzahnwurzel, Mariendistelfr\u00fcchte<\/p>\n<p>F\u00fctterungsempfehlung: Wir empfehlen eine F\u00fctterungsdauer von mindestens drei Wochen.<br \/>\nNormalbedarf: 2x t\u00e4glich 70ml (3 Liter Kur) (bei 500kg)<br \/>\nMehrbedarf: 2x t\u00e4glich 70ml (6 Liter Kur) (bei 500kg)&#8220;<\/p>\n","protected":false},"excerpt":{"rendered":"<p>Leber-Nierensaft \u2013 Unterst\u00fctzung f\u00fcr Leber- und Nierenfunktion Der Leber-Nierensaft von Ewalia ist die perfekte Unterst\u00fctzung f\u00fcr die Leber- und Nierenfunktion Deines Pferdes, besonders in Zeiten erh\u00f6hten Anspruchs, wie w\u00e4hrend des Fellwechsels. Dieser Saft hilft, den Entgiftungsprozess zu f\u00f6rdern und die nat\u00fcrlichen Ausscheidungsorgane zu entlasten, sodass Dein Pferd sich wieder rundum wohlf\u00fchlen kann. Mit einer speziell [&hellip;]<\/p>\n","protected":false},"featured_media":1574,"comment_status":"open","ping_status":"closed","template":"","meta":[],"product_brand":[],"product_cat":[15,64],"product_tag":[],"class_list":{"0":"post-1598","1":"product","2":"type-product","3":"status-publish","4":"has-post-thumbnail","6":"product_cat-pferd","7":"product_cat-leber-niere-pferd","9":"first","10":"instock","11":"taxable","12":"shipping-taxable","13":"purchasable","14":"product-type-simple"},"jetpack_sharing_enabled":true,"_links":{"self":[{"href":"https:\/\/xn--pferdundpftchen-itb.de\/woocommerce\/wp-json\/wp\/v2\/product\/1598","targetHints":{"allow":["GET"]}}],"collection":[{"href":"https:\/\/xn--pferdundpftchen-itb.de\/woocommerce\/wp-json\/wp\/v2\/product"}],"about":[{"href":"https:\/\/xn--pferdundpftchen-itb.de\/woocommerce\/wp-json\/wp\/v2\/types\/product"}],"replies":[{"embeddable":true,"href":"https:\/\/xn--pferdundpftchen-itb.de\/woocommerce\/wp-json\/wp\/v2\/comments?post=1598"}],"wp:featuredmedia":[{"embeddable":true,"href":"https:\/\/xn--pferdundpftchen-itb.de\/woocommerce\/wp-json\/wp\/v2\/media\/1574"}],"wp:attachment":[{"href":"https:\/\/xn--pferdundpftchen-itb.de\/woocommerce\/wp-json\/wp\/v2\/media?parent=1598"}],"wp:term":[{"taxonomy":"product_brand","embeddable":true,"href":"https:\/\/xn--pferdundpftchen-itb.de\/woocommerce\/wp-json\/wp\/v2\/product_brand?post=1598"},{"taxonomy":"product_cat","embeddable":true,"href":"https:\/\/xn--pferdundpftchen-itb.de\/woocommerce\/wp-json\/wp\/v2\/product_cat?post=1598"},{"taxonomy":"product_tag","embeddable":true,"href":"https:\/\/xn--pferdundpftchen-itb.de\/woocommerce\/wp-json\/wp\/v2\/product_tag?post=1598"}],"curies":[{"name":"wp","href":"https:\/\/api.w.org\/{rel}","templated":true}]}}