{"id":1600,"date":"2023-07-08T14:14:44","date_gmt":"2023-07-08T12:14:44","guid":{"rendered":"https:\/\/xn--pferdundpftchen-itb.de\/woocommerce\/?post_type=product&#038;p=1600"},"modified":"2025-01-25T18:14:33","modified_gmt":"2025-01-25T17:14:33","slug":"elektrolyte","status":"publish","type":"product","link":"https:\/\/xn--pferdundpftchen-itb.de\/woocommerce\/produkt\/elektrolyte\/","title":{"rendered":"Elektrolyte"},"content":{"rendered":"<p><strong>Elektrolyte f\u00fcr Pferde \u2013 Ausgleich bei Belastung und hohen Temperaturen<\/strong><\/p>\n<p>Die Elektrolyte f\u00fcr Pferde von Ewalia sorgen f\u00fcr den idealen Ausgleich des Elektrolytebedarfs Deines Pferdes, besonders bei hohen Temperaturen, nach intensiver Belastung, schwerem Training oder Wettk\u00e4mpfen. Sie helfen dabei, die verlorenen Mineralien und Salze schnell wieder aufzuf\u00fcllen und unterst\u00fctzen die optimale Fl\u00fcssigkeitsbalance, damit Dein Pferd sich schnell erholen kann.<\/p>\n<p>Dank der ausgewogenen Mischung aus wichtigen Elektrolyten sorgt das Produkt f\u00fcr eine schnelle Regeneration und hilft, Dehydrierung und Muskelkr\u00e4mpfe zu vermeiden. Frei von Farbstoffen, Konservierungsstoffen, Getreide und Tierversuchen bietet es eine rein nat\u00fcrliche und sichere L\u00f6sung zur Unterst\u00fctzung Deiner sportlichen Partnerin oder Deines sportlichen Partners.<\/p>\n<p>Vertraue auf die richtige Pflege \u2013 f\u00fcr eine schnelle Regeneration und ein vitales Pferd, das stets in Bestform bleibt.<\/p>\n<p>Inhalt: 1 Liter<\/p>\n<p>Zusammensetzung: Dextrose, Kalium (als Kaliumchlorid), Magnesium, Natrium (als Natriumchlorid)<\/p>\n<p>F\u00fctterungsempfehlung: 40ml &#8211; 80ml t\u00e4glich (bei 500kg)<br \/>\nProdukthinweis: Aufgrund der nat\u00fcrlichen Inhaltsstoffe k\u00f6nnen Abweichungen in der Farbintensit\u00e4t des Produkts auftreten. Dies beeintr\u00e4chtigt jedoch nicht die Produktqualit\u00e4t.<\/p>\n","protected":false},"excerpt":{"rendered":"<p>Elektrolyte f\u00fcr Pferde \u2013 Ausgleich bei Belastung und hohen Temperaturen Die Elektrolyte f\u00fcr Pferde von Ewalia sorgen f\u00fcr den idealen Ausgleich des Elektrolytebedarfs Deines Pferdes, besonders bei hohen Temperaturen, nach intensiver Belastung, schwerem Training oder Wettk\u00e4mpfen. Sie helfen dabei, die verlorenen Mineralien und Salze schnell wieder aufzuf\u00fcllen und unterst\u00fctzen die optimale Fl\u00fcssigkeitsbalance, damit Dein Pferd [&hellip;]<\/p>\n","protected":false},"featured_media":1566,"comment_status":"open","ping_status":"closed","template":"","meta":[],"product_brand":[],"product_cat":[15,70],"product_tag":[],"class_list":{"0":"post-1600","1":"product","2":"type-product","3":"status-publish","4":"has-post-thumbnail","6":"product_cat-pferd","7":"product_cat-mineralstoffe-pferd","9":"first","10":"instock","11":"taxable","12":"shipping-taxable","13":"purchasable","14":"product-type-simple"},"jetpack_sharing_enabled":true,"_links":{"self":[{"href":"https:\/\/xn--pferdundpftchen-itb.de\/woocommerce\/wp-json\/wp\/v2\/product\/1600","targetHints":{"allow":["GET"]}}],"collection":[{"href":"https:\/\/xn--pferdundpftchen-itb.de\/woocommerce\/wp-json\/wp\/v2\/product"}],"about":[{"href":"https:\/\/xn--pferdundpftchen-itb.de\/woocommerce\/wp-json\/wp\/v2\/types\/product"}],"replies":[{"embeddable":true,"href":"https:\/\/xn--pferdundpftchen-itb.de\/woocommerce\/wp-json\/wp\/v2\/comments?post=1600"}],"wp:featuredmedia":[{"embeddable":true,"href":"https:\/\/xn--pferdundpftchen-itb.de\/woocommerce\/wp-json\/wp\/v2\/media\/1566"}],"wp:attachment":[{"href":"https:\/\/xn--pferdundpftchen-itb.de\/woocommerce\/wp-json\/wp\/v2\/media?parent=1600"}],"wp:term":[{"taxonomy":"product_brand","embeddable":true,"href":"https:\/\/xn--pferdundpftchen-itb.de\/woocommerce\/wp-json\/wp\/v2\/product_brand?post=1600"},{"taxonomy":"product_cat","embeddable":true,"href":"https:\/\/xn--pferdundpftchen-itb.de\/woocommerce\/wp-json\/wp\/v2\/product_cat?post=1600"},{"taxonomy":"product_tag","embeddable":true,"href":"https:\/\/xn--pferdundpftchen-itb.de\/woocommerce\/wp-json\/wp\/v2\/product_tag?post=1600"}],"curies":[{"name":"wp","href":"https:\/\/api.w.org\/{rel}","templated":true}]}}