{"id":1605,"date":"2023-07-08T14:29:03","date_gmt":"2023-07-08T12:29:03","guid":{"rendered":"https:\/\/xn--pferdundpftchen-itb.de\/woocommerce\/?post_type=product&#038;p=1605"},"modified":"2025-01-25T18:25:46","modified_gmt":"2025-01-25T17:25:46","slug":"herz-kreislaufsaft","status":"publish","type":"product","link":"https:\/\/xn--pferdundpftchen-itb.de\/woocommerce\/produkt\/herz-kreislaufsaft\/","title":{"rendered":"Herz-Kreislaufsaft"},"content":{"rendered":"<p><strong>Herz-Kreislaufsaft von Ewalia \u2013 Unterst\u00fctzung f\u00fcr Herz und Kreislaufsystem<\/strong><\/p>\n<p>Der Herz-Kreislaufsaft von Ewalia tr\u00e4gt auf nat\u00fcrliche Weise zum allgemeinen Wohlbefinden Deines Pferdes bei und unterst\u00fctzt die Erhaltung sowie Stabilisierung der einwandfreien Herz- und Kreislauffunktionen. Mit einer speziell ausgew\u00e4hlten Kr\u00e4utermischung f\u00f6rdert der Saft die Durchblutung und tr\u00e4gt zur Gesundheit des gesamten Kreislaufsystems bei, damit Dein Pferd sich vital und fit f\u00fchlt.<\/p>\n<p>Dieser Saft unterst\u00fctzt Dein Pferd dabei, auch in belastenden Situationen oder bei h\u00f6herer Aktivit\u00e4t eine stabile Herz-Kreislauf-Funktion aufrechtzuerhalten. Frei von Farbstoffen, Konservierungsstoffen und Zucker bietet der Herz-Kreislaufsaft eine nat\u00fcrliche und schonende Pflege f\u00fcr ein gesundes Herz und Kreislaufsystem.<\/p>\n<p>Vertraue auf die nat\u00fcrliche Unterst\u00fctzung f\u00fcr die Gesundheit Deines Pferdes \u2013 f\u00fcr mehr Vitalit\u00e4t und Wohlbefinden.<\/p>\n<p>Inhalt: 1 Liter<\/p>\n<p>Zusammensetzung: Ginkgoblatt, Johanniskraut, Macawurzel, Rosmarinblatt, Schafgarbe, Wei\u00dfdornblatt mit Bl\u00fcte<\/p>\n<p>F\u00fctterungsempfehlung: Wir empfehlen eine F\u00fctterungsdauer von mindestens drei Wochen.<br \/>\nNormalbedarf: 2x t\u00e4glich 40ml<br \/>\nMehrbedarf: 2-3x t\u00e4glich 40ml f\u00fcr mindestens 10 Tage<\/p>\n","protected":false},"excerpt":{"rendered":"<p>Herz-Kreislaufsaft von Ewalia \u2013 Unterst\u00fctzung f\u00fcr Herz und Kreislaufsystem Der Herz-Kreislaufsaft von Ewalia tr\u00e4gt auf nat\u00fcrliche Weise zum allgemeinen Wohlbefinden Deines Pferdes bei und unterst\u00fctzt die Erhaltung sowie Stabilisierung der einwandfreien Herz- und Kreislauffunktionen. Mit einer speziell ausgew\u00e4hlten Kr\u00e4utermischung f\u00f6rdert der Saft die Durchblutung und tr\u00e4gt zur Gesundheit des gesamten Kreislaufsystems bei, damit Dein Pferd [&hellip;]<\/p>\n","protected":false},"featured_media":1558,"comment_status":"open","ping_status":"closed","template":"","meta":[],"product_brand":[],"product_cat":[15,59],"product_tag":[],"class_list":{"0":"post-1605","1":"product","2":"type-product","3":"status-publish","4":"has-post-thumbnail","6":"product_cat-pferd","7":"product_cat-herz-kreislauf-pferd","9":"first","10":"instock","11":"taxable","12":"shipping-taxable","13":"purchasable","14":"product-type-simple"},"jetpack_sharing_enabled":true,"_links":{"self":[{"href":"https:\/\/xn--pferdundpftchen-itb.de\/woocommerce\/wp-json\/wp\/v2\/product\/1605","targetHints":{"allow":["GET"]}}],"collection":[{"href":"https:\/\/xn--pferdundpftchen-itb.de\/woocommerce\/wp-json\/wp\/v2\/product"}],"about":[{"href":"https:\/\/xn--pferdundpftchen-itb.de\/woocommerce\/wp-json\/wp\/v2\/types\/product"}],"replies":[{"embeddable":true,"href":"https:\/\/xn--pferdundpftchen-itb.de\/woocommerce\/wp-json\/wp\/v2\/comments?post=1605"}],"wp:featuredmedia":[{"embeddable":true,"href":"https:\/\/xn--pferdundpftchen-itb.de\/woocommerce\/wp-json\/wp\/v2\/media\/1558"}],"wp:attachment":[{"href":"https:\/\/xn--pferdundpftchen-itb.de\/woocommerce\/wp-json\/wp\/v2\/media?parent=1605"}],"wp:term":[{"taxonomy":"product_brand","embeddable":true,"href":"https:\/\/xn--pferdundpftchen-itb.de\/woocommerce\/wp-json\/wp\/v2\/product_brand?post=1605"},{"taxonomy":"product_cat","embeddable":true,"href":"https:\/\/xn--pferdundpftchen-itb.de\/woocommerce\/wp-json\/wp\/v2\/product_cat?post=1605"},{"taxonomy":"product_tag","embeddable":true,"href":"https:\/\/xn--pferdundpftchen-itb.de\/woocommerce\/wp-json\/wp\/v2\/product_tag?post=1605"}],"curies":[{"name":"wp","href":"https:\/\/api.w.org\/{rel}","templated":true}]}}