{"id":1615,"date":"2023-07-08T14:33:34","date_gmt":"2023-07-08T12:33:34","guid":{"rendered":"https:\/\/xn--pferdundpftchen-itb.de\/woocommerce\/?post_type=product&#038;p=1615"},"modified":"2023-07-08T14:33:34","modified_gmt":"2023-07-08T12:33:34","slug":"mediterraneo-salzleckstein","status":"publish","type":"product","link":"https:\/\/xn--pferdundpftchen-itb.de\/woocommerce\/produkt\/mediterraneo-salzleckstein\/","title":{"rendered":"Mediterraneo Salzleckstein"},"content":{"rendered":"<p>Der MEDITERRANEO\u00a0Salzleckstein bietet den Tieren hochwertiges, nat\u00fcrliches Meersalz in Speisesalz-Qualit\u00e4t.\u00a0<\/p>\n<p>Salz ist der wichtigste von Pferden, Rindern, Schafen und Ziegen ben\u00f6tigte Mineralstoff. Der nat\u00fcrliche Salzgehalt in Gras und Heu reicht nicht aus, um den Bedarf der Tiere vollst\u00e4ndig zu decken.<\/p>\n<p>Die Tiere haben eine nat\u00fcrliche F\u00e4higkeit ihren Salzbedarf zu sp\u00fcren und mit der Bereitstellung des MEDITERRANEO\u00a0Lecksteins k\u00f6nnen sie sich nach individuellem Bedarf selbst versorgen.<\/p>\n<p>Das Meersalz f\u00fcr unsere Lecksteine wird ausschlie\u00dflich innerhalb der EU gewonnen und unterliegt einer strengen Qualit\u00e4ts\u00fcberwachung. Die Produktion befolgt die hohen europ\u00e4ischen Umwelt- und Sozialstandards. MEDITERRANEO ist damit zugleich\u00a0eine hochwertige, aber sozial- und umweltschonende Alternative zum Himalaya Salzleckstein.<\/p>\n<p>MEDITERRANEO kann in der \u00f6kologischen Produktion gem\u00e4\u00df EG-\u00d6KO 889\/2008 + 848\/2018 VO (EG) verwendet werden.<\/p>\n<p>Gewicht: 3kg<\/p>\n<p>Zusammensetzung: Natriumchlorid<\/p>\n","protected":false},"excerpt":{"rendered":"<p>Der MEDITERRANEO\u00a0Salzleckstein bietet den Tieren hochwertiges, nat\u00fcrliches Meersalz in Speisesalz-Qualit\u00e4t.\u00a0 Salz ist der wichtigste von Pferden, Rindern, Schafen und Ziegen ben\u00f6tigte Mineralstoff. Der nat\u00fcrliche Salzgehalt in Gras und Heu reicht nicht aus, um den Bedarf der Tiere vollst\u00e4ndig zu decken. Die Tiere haben eine nat\u00fcrliche F\u00e4higkeit ihren Salzbedarf zu sp\u00fcren und mit der Bereitstellung des [&hellip;]<\/p>\n","protected":false},"featured_media":1610,"comment_status":"open","ping_status":"closed","template":"","meta":[],"product_brand":[],"product_cat":[15,47,70],"product_tag":[],"class_list":{"0":"post-1615","1":"product","2":"type-product","3":"status-publish","4":"has-post-thumbnail","6":"product_cat-pferd","7":"product_cat-grundversorgung-pferd","8":"product_cat-mineralstoffe-pferd","10":"first","11":"instock","12":"taxable","13":"shipping-taxable","14":"purchasable","15":"product-type-simple"},"jetpack_sharing_enabled":true,"_links":{"self":[{"href":"https:\/\/xn--pferdundpftchen-itb.de\/woocommerce\/wp-json\/wp\/v2\/product\/1615","targetHints":{"allow":["GET"]}}],"collection":[{"href":"https:\/\/xn--pferdundpftchen-itb.de\/woocommerce\/wp-json\/wp\/v2\/product"}],"about":[{"href":"https:\/\/xn--pferdundpftchen-itb.de\/woocommerce\/wp-json\/wp\/v2\/types\/product"}],"replies":[{"embeddable":true,"href":"https:\/\/xn--pferdundpftchen-itb.de\/woocommerce\/wp-json\/wp\/v2\/comments?post=1615"}],"wp:featuredmedia":[{"embeddable":true,"href":"https:\/\/xn--pferdundpftchen-itb.de\/woocommerce\/wp-json\/wp\/v2\/media\/1610"}],"wp:attachment":[{"href":"https:\/\/xn--pferdundpftchen-itb.de\/woocommerce\/wp-json\/wp\/v2\/media?parent=1615"}],"wp:term":[{"taxonomy":"product_brand","embeddable":true,"href":"https:\/\/xn--pferdundpftchen-itb.de\/woocommerce\/wp-json\/wp\/v2\/product_brand?post=1615"},{"taxonomy":"product_cat","embeddable":true,"href":"https:\/\/xn--pferdundpftchen-itb.de\/woocommerce\/wp-json\/wp\/v2\/product_cat?post=1615"},{"taxonomy":"product_tag","embeddable":true,"href":"https:\/\/xn--pferdundpftchen-itb.de\/woocommerce\/wp-json\/wp\/v2\/product_tag?post=1615"}],"curies":[{"name":"wp","href":"https:\/\/api.w.org\/{rel}","templated":true}]}}