{"id":1616,"date":"2023-07-08T14:34:56","date_gmt":"2023-07-08T12:34:56","guid":{"rendered":"https:\/\/xn--pferdundpftchen-itb.de\/woocommerce\/?post_type=product&#038;p=1616"},"modified":"2023-07-08T14:34:57","modified_gmt":"2023-07-08T12:34:57","slug":"multivitamin-bronchial-mineralleckstein","status":"publish","type":"product","link":"https:\/\/xn--pferdundpftchen-itb.de\/woocommerce\/produkt\/multivitamin-bronchial-mineralleckstein\/","title":{"rendered":"MultiVitamin Bronchial Mineralleckstein"},"content":{"rendered":"<p>Der Mineralleckstein MultiVitamin BRONCHIAL enth\u00e4lt neben Mineralien, Spurenelementen und Vitaminen zus\u00e4tzlich nat\u00fcrliche \u00e4therische \u00d6le aus Minze und Eukalyptus zur Beruhigung und Linderung von Atemwegsbeschwerden.<\/p>\n<p>Gerade in der nass-kalten Jahreszeit leiden viele Pferde unter Atemwegsbeschwerden und das Immunsystem kann geschw\u00e4cht sein. Hier kann der Mineralleckstein MultiVitamin BRONCHIAL mit seiner speziellen Wirkstoffkombination helfen. Die \u00e4therischen \u00d6le aus Minze und Eukalyptus k\u00f6nnen schleiml\u00f6send wirken, f\u00fcr Atem-Erleichterung sorgen und damit wohltuend wirken.<\/p>\n<p>Durch die reichhaltigen Mineralien, Spurenelemente und Vitamine wird das Pferd von innen heraus gest\u00e4rkt.<\/p>\n<p>Damit ist MultiVitamin BRONCHIAL ideal zur nat\u00fcrlichen Unterst\u00fctzung der Atemwegsfunktionen und des Allgemeinzustandes.<\/p>\n<p>Grundbestandteil des Lecksteins ist sehr hochwertiges Mittelmeersalz mit nat\u00fcrlichem Jod.<\/p>\n<p>Wirkung + Vorteile:<br \/>\nBefreiung der Atemwege und das Abschwellen der Schleimh\u00e4ute wird gef\u00f6rdert<br \/>\n\u00c4therische \u00d6le wirken wohltuend auf die Atemwege<br \/>\nSt\u00e4rkung der Abwehrkr\u00e4fte und des Immunsystems<br \/>\nF\u00f6rderlich f\u00fcr Gesundheit und Verbesserung der Vitalit\u00e4t<\/p>\n<p>Gewicht: 3kg<\/p>\n<p>Zusammensetzung: Natriumchlorid, Calciumcarbonat, Magnesiumoxid, Dicalciumphosphat, \u00e4therische \u00d6le aus Minze und Eukalyptus, Melasse\u00a0(0,3%)(Bio)<\/p>\n","protected":false},"excerpt":{"rendered":"<p>Der Mineralleckstein MultiVitamin BRONCHIAL enth\u00e4lt neben Mineralien, Spurenelementen und Vitaminen zus\u00e4tzlich nat\u00fcrliche \u00e4therische \u00d6le aus Minze und Eukalyptus zur Beruhigung und Linderung von Atemwegsbeschwerden. Gerade in der nass-kalten Jahreszeit leiden viele Pferde unter Atemwegsbeschwerden und das Immunsystem kann geschw\u00e4cht sein. Hier kann der Mineralleckstein MultiVitamin BRONCHIAL mit seiner speziellen Wirkstoffkombination helfen. Die \u00e4therischen \u00d6le aus [&hellip;]<\/p>\n","protected":false},"featured_media":1611,"comment_status":"open","ping_status":"closed","template":"","meta":[],"product_brand":[],"product_cat":[15,70,35],"product_tag":[],"class_list":{"0":"post-1616","1":"product","2":"type-product","3":"status-publish","4":"has-post-thumbnail","6":"product_cat-pferd","7":"product_cat-mineralstoffe-pferd","8":"product_cat-atemwege-lunge","10":"first","11":"instock","12":"taxable","13":"shipping-taxable","14":"purchasable","15":"product-type-simple"},"jetpack_sharing_enabled":true,"_links":{"self":[{"href":"https:\/\/xn--pferdundpftchen-itb.de\/woocommerce\/wp-json\/wp\/v2\/product\/1616","targetHints":{"allow":["GET"]}}],"collection":[{"href":"https:\/\/xn--pferdundpftchen-itb.de\/woocommerce\/wp-json\/wp\/v2\/product"}],"about":[{"href":"https:\/\/xn--pferdundpftchen-itb.de\/woocommerce\/wp-json\/wp\/v2\/types\/product"}],"replies":[{"embeddable":true,"href":"https:\/\/xn--pferdundpftchen-itb.de\/woocommerce\/wp-json\/wp\/v2\/comments?post=1616"}],"wp:featuredmedia":[{"embeddable":true,"href":"https:\/\/xn--pferdundpftchen-itb.de\/woocommerce\/wp-json\/wp\/v2\/media\/1611"}],"wp:attachment":[{"href":"https:\/\/xn--pferdundpftchen-itb.de\/woocommerce\/wp-json\/wp\/v2\/media?parent=1616"}],"wp:term":[{"taxonomy":"product_brand","embeddable":true,"href":"https:\/\/xn--pferdundpftchen-itb.de\/woocommerce\/wp-json\/wp\/v2\/product_brand?post=1616"},{"taxonomy":"product_cat","embeddable":true,"href":"https:\/\/xn--pferdundpftchen-itb.de\/woocommerce\/wp-json\/wp\/v2\/product_cat?post=1616"},{"taxonomy":"product_tag","embeddable":true,"href":"https:\/\/xn--pferdundpftchen-itb.de\/woocommerce\/wp-json\/wp\/v2\/product_tag?post=1616"}],"curies":[{"name":"wp","href":"https:\/\/api.w.org\/{rel}","templated":true}]}}

<p>Der Mineralleckstein MultiVitamin BRONCHIAL enthält neben Mineralien, Spurenelementen und Vitaminen zusätzlich natürliche ätherische Öle aus Minze und Eukalyptus zur Beruhigung und Linderung von Atemwegsbeschwerden.</p>
<p>Gerade in der nass-kalten Jahreszeit leiden viele Pferde unter Atemwegsbeschwerden und das Immunsystem kann geschwächt sein. Hier kann der Mineralleckstein MultiVitamin BRONCHIAL mit seiner speziellen Wirkstoffkombination helfen. Die ätherischen Öle aus Minze und Eukalyptus können schleimlösend wirken, für Atem-Erleichterung sorgen und damit wohltuend wirken.</p>
<p>Durch die reichhaltigen Mineralien, Spurenelemente und Vitamine wird das Pferd von innen heraus gestärkt.</p>
<p>Damit ist MultiVitamin BRONCHIAL ideal zur natürlichen Unterstützung der Atemwegsfunktionen und des Allgemeinzustandes.</p>
<p>Grundbestandteil des Lecksteins ist sehr hochwertiges Mittelmeersalz mit natürlichem Jod.</p>
<p>Wirkung + Vorteile:<br />
Befreiung der Atemwege und das Abschwellen der Schleimhäute wird gefördert<br />
Ätherische Öle wirken wohltuend auf die Atemwege<br />
Stärkung der Abwehrkräfte und des Immunsystems<br />
Förderlich für Gesundheit und Verbesserung der Vitalität</p>
<p>Gewicht: 3kg</p>
<p>Zusammensetzung: Natriumchlorid, Calciumcarbonat, Magnesiumoxid, Dicalciumphosphat, ätherische Öle aus Minze und Eukalyptus, Melasse (0,3%)(Bio)</p>

<p>Der Mineralleckstein MultiVitamin BRONCHIAL enthält neben Mineralien, Spurenelementen und Vitaminen zusätzlich natürliche ätherische Öle aus Minze und Eukalyptus zur Beruhigung und Linderung von Atemwegsbeschwerden. Gerade in der nass-kalten Jahreszeit leiden viele Pferde unter Atemwegsbeschwerden und das Immunsystem kann geschwächt sein. Hier kann der Mineralleckstein MultiVitamin BRONCHIAL mit seiner speziellen Wirkstoffkombination helfen. Die ätherischen Öle aus [&hellip;]</p>
