{"id":1624,"date":"2023-07-08T14:45:39","date_gmt":"2023-07-08T12:45:39","guid":{"rendered":"https:\/\/xn--pferdundpftchen-itb.de\/woocommerce\/?post_type=product&#038;p=1624"},"modified":"2023-07-08T14:45:39","modified_gmt":"2023-07-08T12:45:39","slug":"anti-insect-mineralleckstein","status":"publish","type":"product","link":"https:\/\/xn--pferdundpftchen-itb.de\/woocommerce\/produkt\/anti-insect-mineralleckstein\/","title":{"rendered":"Anti-Insect Mineralleckstein"},"content":{"rendered":"<p>Anti-Insect ist ein patentierter Mineralleckstein mit nat\u00fcrlichen Wirkstoffen zur Abschreckung von Insekten. Dadurch k\u00f6nnen Fliegen, M\u00fccken, Fl\u00f6he und andere sch\u00e4dliche Insekten abgehalten werden.  Zus\u00e4tzlich wird das Tier nach individuellem Bedarf mit Mineralien, Spurenelementen und Vitaminen versorgt.<\/p>\n<p>Wirkung und Vorteile:<br \/>\nKann l\u00e4stige und gesundheitsgef\u00e4hrdende Insekten, wie Fliegen, M\u00fccken und Fl\u00f6he abwehren<br \/>\nKann die Blutzirkulation f\u00f6rdern und der Thrombosegefahr in Arterien vorbeugen<br \/>\nUnterst\u00fctzt das Immunsystem und kann Bakterienerkrankungen vorbeugen<br \/>\nF\u00f6rdert den Erhalt eines neutralen pH-Wertes des Magens<br \/>\nAntioxidative Wirkung durch die Mineralstoffe Eisen, Selen, Zink, Mangan und Vitamin E<br \/>\nVerbesserung der Verdauung und des Stoffwechsels<br \/>\nKann den Stressfaktor, der durch l\u00e4stige Insekten ausgel\u00f6st wird, reduzieren<\/p>\n<p>Gewicht: 3kg <\/p>\n<p>Zusammensetzung: Natriumchlorid, Calciumcarbonat, Dicalciumphosphat, Magnesiumoxid, \u00e4therische \u00d6lmischung (auf Knoblauchbasis), Melasse (0,3%)<\/p>\n","protected":false},"excerpt":{"rendered":"<p>Anti-Insect ist ein patentierter Mineralleckstein mit nat\u00fcrlichen Wirkstoffen zur Abschreckung von Insekten. Dadurch k\u00f6nnen Fliegen, M\u00fccken, Fl\u00f6he und andere sch\u00e4dliche Insekten abgehalten werden. Zus\u00e4tzlich wird das Tier nach individuellem Bedarf mit Mineralien, Spurenelementen und Vitaminen versorgt. Wirkung und Vorteile: Kann l\u00e4stige und gesundheitsgef\u00e4hrdende Insekten, wie Fliegen, M\u00fccken und Fl\u00f6he abwehren Kann die Blutzirkulation f\u00f6rdern und [&hellip;]<\/p>\n","protected":false},"featured_media":1606,"comment_status":"open","ping_status":"closed","template":"","meta":[],"product_brand":[],"product_cat":[15,70,39,33],"product_tag":[],"class_list":{"0":"post-1624","1":"product","2":"type-product","3":"status-publish","4":"has-post-thumbnail","6":"product_cat-pferd","7":"product_cat-mineralstoffe-pferd","8":"product_cat-parasiten-pferd","9":"product_cat-magen-verdauung-pferd","11":"first","12":"instock","13":"taxable","14":"shipping-taxable","15":"purchasable","16":"product-type-simple"},"jetpack_sharing_enabled":true,"_links":{"self":[{"href":"https:\/\/xn--pferdundpftchen-itb.de\/woocommerce\/wp-json\/wp\/v2\/product\/1624","targetHints":{"allow":["GET"]}}],"collection":[{"href":"https:\/\/xn--pferdundpftchen-itb.de\/woocommerce\/wp-json\/wp\/v2\/product"}],"about":[{"href":"https:\/\/xn--pferdundpftchen-itb.de\/woocommerce\/wp-json\/wp\/v2\/types\/product"}],"replies":[{"embeddable":true,"href":"https:\/\/xn--pferdundpftchen-itb.de\/woocommerce\/wp-json\/wp\/v2\/comments?post=1624"}],"wp:featuredmedia":[{"embeddable":true,"href":"https:\/\/xn--pferdundpftchen-itb.de\/woocommerce\/wp-json\/wp\/v2\/media\/1606"}],"wp:attachment":[{"href":"https:\/\/xn--pferdundpftchen-itb.de\/woocommerce\/wp-json\/wp\/v2\/media?parent=1624"}],"wp:term":[{"taxonomy":"product_brand","embeddable":true,"href":"https:\/\/xn--pferdundpftchen-itb.de\/woocommerce\/wp-json\/wp\/v2\/product_brand?post=1624"},{"taxonomy":"product_cat","embeddable":true,"href":"https:\/\/xn--pferdundpftchen-itb.de\/woocommerce\/wp-json\/wp\/v2\/product_cat?post=1624"},{"taxonomy":"product_tag","embeddable":true,"href":"https:\/\/xn--pferdundpftchen-itb.de\/woocommerce\/wp-json\/wp\/v2\/product_tag?post=1624"}],"curies":[{"name":"wp","href":"https:\/\/api.w.org\/{rel}","templated":true}]}}