{"id":1678,"date":"2023-07-09T21:42:05","date_gmt":"2023-07-09T19:42:05","guid":{"rendered":"https:\/\/xn--pferdundpftchen-itb.de\/woocommerce\/?post_type=product&#038;p=1678"},"modified":"2024-02-15T10:24:59","modified_gmt":"2024-02-15T09:24:59","slug":"pferdeseife-shampoo","status":"publish","type":"product","link":"https:\/\/xn--pferdundpftchen-itb.de\/woocommerce\/produkt\/pferdeseife-shampoo\/","title":{"rendered":"Pferdeseife Shampoo"},"content":{"rendered":"<p>Die perfekte, nat\u00fcrliche Pflege um Dein Pferd zu waschen. In Zusammenarbeit mit Tier\u00e4rzten und Tierheilpraktikern wurde die Pferde-Pflege-Seife \u201cShampoo\u201d entwickelt.<br \/>\nDie Naturseife\u00a0reinigt das\u00a0Fell und  die Haut  Deines Pferdes gr\u00fcndlich und schonend, l\u00e4sst sich kinderleicht aussp\u00fclen und verbraucht somit au\u00dferordentlich wenig Wasser.\u00a0Du wirst begeistert sein, wie leicht sich das lange Haar an M\u00e4hne und Schweif nach einer Anwendung durchk\u00e4mmen l\u00e4sst &#8211; auch noch Tage sp\u00e4ter!<\/p>\n<p>Auch bei der Pflege von Schimmeln hat sich die Seife bew\u00e4hrt. Sie ist angenehm mild und r\u00fcckfettend und duftet frisch nach Kr\u00e4utern. Eine Wohltat f\u00fcr Pferd und Mensch &#8211; Insekten hingegen m\u00f6gen den Geruch unserer Seife nicht besonders.<\/p>\n<p>Eine praktische Hilfe bei der Anwendung ist der Seifenbeutel.<\/p>\n<p>Da die Naturseifen weder Erd\u00f6le noch synthetische Tenside enthalten, sind sie sehr gut vertr\u00e4glich &#8211; auch und gerade bei empfindlichen Pferden. <\/p>\n<p>Zusammensetzung: Cocos nucifera oil, Helianthus annuus seed oil, Aqua, Sodium Hydroxide, Ricinus communis oil, Rosmarinus officinalis oil, Mentha piperita oil, Lavandula angustifolia oil, Salvia officinalis oil, Eugenia caryophyllus leaf oil, Linalool*, Eugenol*, alpha Pinene*, beta Pinene*,Camphen*, Limonene*, Campfer*, Terpineol* (*from natural essential oils)Arctium majus, Chamomilla recutita flower, Origanum vulgare leaf, Thymus vulgaris leaf<\/p>\n","protected":false},"excerpt":{"rendered":"<p>Die perfekte, nat\u00fcrliche Pflege um Dein Pferd zu waschen. In Zusammenarbeit mit Tier\u00e4rzten und Tierheilpraktikern wurde die Pferde-Pflege-Seife \u201cShampoo\u201d entwickelt. Die Naturseife\u00a0reinigt das\u00a0Fell und die Haut Deines Pferdes gr\u00fcndlich und schonend, l\u00e4sst sich kinderleicht aussp\u00fclen und verbraucht somit au\u00dferordentlich wenig Wasser.\u00a0Du wirst begeistert sein, wie leicht sich das lange Haar an M\u00e4hne und Schweif nach [&hellip;]<\/p>\n","protected":false},"featured_media":1674,"comment_status":"open","ping_status":"closed","template":"","meta":[],"product_brand":[],"product_cat":[15,40,46],"product_tag":[],"class_list":{"0":"post-1678","1":"product","2":"type-product","3":"status-publish","4":"has-post-thumbnail","6":"product_cat-pferd","7":"product_cat-pflege-aeusserliche-anwendung-pferd","8":"product_cat-haut-fell-pferd","10":"first","11":"instock","12":"taxable","13":"shipping-taxable","14":"purchasable","15":"product-type-simple"},"jetpack_sharing_enabled":true,"_links":{"self":[{"href":"https:\/\/xn--pferdundpftchen-itb.de\/woocommerce\/wp-json\/wp\/v2\/product\/1678","targetHints":{"allow":["GET"]}}],"collection":[{"href":"https:\/\/xn--pferdundpftchen-itb.de\/woocommerce\/wp-json\/wp\/v2\/product"}],"about":[{"href":"https:\/\/xn--pferdundpftchen-itb.de\/woocommerce\/wp-json\/wp\/v2\/types\/product"}],"replies":[{"embeddable":true,"href":"https:\/\/xn--pferdundpftchen-itb.de\/woocommerce\/wp-json\/wp\/v2\/comments?post=1678"}],"wp:featuredmedia":[{"embeddable":true,"href":"https:\/\/xn--pferdundpftchen-itb.de\/woocommerce\/wp-json\/wp\/v2\/media\/1674"}],"wp:attachment":[{"href":"https:\/\/xn--pferdundpftchen-itb.de\/woocommerce\/wp-json\/wp\/v2\/media?parent=1678"}],"wp:term":[{"taxonomy":"product_brand","embeddable":true,"href":"https:\/\/xn--pferdundpftchen-itb.de\/woocommerce\/wp-json\/wp\/v2\/product_brand?post=1678"},{"taxonomy":"product_cat","embeddable":true,"href":"https:\/\/xn--pferdundpftchen-itb.de\/woocommerce\/wp-json\/wp\/v2\/product_cat?post=1678"},{"taxonomy":"product_tag","embeddable":true,"href":"https:\/\/xn--pferdundpftchen-itb.de\/woocommerce\/wp-json\/wp\/v2\/product_tag?post=1678"}],"curies":[{"name":"wp","href":"https:\/\/api.w.org\/{rel}","templated":true}]}}