{"id":1680,"date":"2023-07-09T21:43:42","date_gmt":"2023-07-09T19:43:42","guid":{"rendered":"https:\/\/xn--pferdundpftchen-itb.de\/woocommerce\/?post_type=product&#038;p=1680"},"modified":"2024-02-15T10:20:55","modified_gmt":"2024-02-15T09:20:55","slug":"pferdeseife-peace","status":"publish","type":"product","link":"https:\/\/xn--pferdundpftchen-itb.de\/woocommerce\/produkt\/pferdeseife-peace\/","title":{"rendered":"Pferdeseife Peace"},"content":{"rendered":"<p>Hautpilz-Infektionen bei Pferden sind h\u00e4ufig hartn\u00e4ckig und qu\u00e4lend. Daher ist in solchen F\u00e4llen eine sorgf\u00e4ltige Pflege von Haut und Fell ungemein wichtig.<br \/>\nDie Pflege-Pflege-Seife \u201cPeace\u201d, die in Zusammenarbeit mit Tier\u00e4rzten und Tierheilpraktikern entwickelt wurde, ist ideal daf\u00fcr geeignet, eine Pilzbehandlung zu unterst\u00fctzen und f\u00fcr die notwendige Hygiene zu sorgen, damit Infektionen nicht auf andere Tiere \u00fcbergehen.\u00a0<\/p>\n<p>Sie reinigt gr\u00fcndlich, aber sehr schonend, beruhigt die juckende und gereizte Haut und hilft dabei, die Wundheilung anzuregen.<br \/>\nDa sie sehr mild ist, kann sie sowohl zur Vorbeugung als auch im Akutfall benutzt werden. Die Seife ist stark r\u00fcckfettend und reizt weder Haut noch Schleimhaut.<\/p>\n<p>Bei partieller Pflege lassen Sie den Seifenschaum einfach auf der Haut verbleiben. Er bildet dort einen nat\u00fcrlichen Schutzfilm. Die Anwendung kann t\u00e4glich auch mehrmals wiederholt werden. <\/p>\n<p>Zusammensetzung: Olea europaea oil, Cocos nucifera oil, Aqua, Canola oil, Sodium Hydroxide, Ricinus communis oil, Alcohol denat.,Bazzania trilobata, Citrus grandis oil, Arctium majus, Chamomilla recutita flower, Origanum vulgare leaf, Thymus vulgaris leaf, Limonene* (*from natural essential oils)<\/p>\n","protected":false},"excerpt":{"rendered":"<p>Hautpilz-Infektionen bei Pferden sind h\u00e4ufig hartn\u00e4ckig und qu\u00e4lend. Daher ist in solchen F\u00e4llen eine sorgf\u00e4ltige Pflege von Haut und Fell ungemein wichtig. Die Pflege-Pflege-Seife \u201cPeace\u201d, die in Zusammenarbeit mit Tier\u00e4rzten und Tierheilpraktikern entwickelt wurde, ist ideal daf\u00fcr geeignet, eine Pilzbehandlung zu unterst\u00fctzen und f\u00fcr die notwendige Hygiene zu sorgen, damit Infektionen nicht auf andere Tiere [&hellip;]<\/p>\n","protected":false},"featured_media":1672,"comment_status":"open","ping_status":"closed","template":"","meta":[],"product_brand":[],"product_cat":[15,40,46],"product_tag":[],"class_list":{"0":"post-1680","1":"product","2":"type-product","3":"status-publish","4":"has-post-thumbnail","6":"product_cat-pferd","7":"product_cat-pflege-aeusserliche-anwendung-pferd","8":"product_cat-haut-fell-pferd","10":"first","11":"instock","12":"taxable","13":"shipping-taxable","14":"purchasable","15":"product-type-simple"},"jetpack_sharing_enabled":true,"_links":{"self":[{"href":"https:\/\/xn--pferdundpftchen-itb.de\/woocommerce\/wp-json\/wp\/v2\/product\/1680","targetHints":{"allow":["GET"]}}],"collection":[{"href":"https:\/\/xn--pferdundpftchen-itb.de\/woocommerce\/wp-json\/wp\/v2\/product"}],"about":[{"href":"https:\/\/xn--pferdundpftchen-itb.de\/woocommerce\/wp-json\/wp\/v2\/types\/product"}],"replies":[{"embeddable":true,"href":"https:\/\/xn--pferdundpftchen-itb.de\/woocommerce\/wp-json\/wp\/v2\/comments?post=1680"}],"wp:featuredmedia":[{"embeddable":true,"href":"https:\/\/xn--pferdundpftchen-itb.de\/woocommerce\/wp-json\/wp\/v2\/media\/1672"}],"wp:attachment":[{"href":"https:\/\/xn--pferdundpftchen-itb.de\/woocommerce\/wp-json\/wp\/v2\/media?parent=1680"}],"wp:term":[{"taxonomy":"product_brand","embeddable":true,"href":"https:\/\/xn--pferdundpftchen-itb.de\/woocommerce\/wp-json\/wp\/v2\/product_brand?post=1680"},{"taxonomy":"product_cat","embeddable":true,"href":"https:\/\/xn--pferdundpftchen-itb.de\/woocommerce\/wp-json\/wp\/v2\/product_cat?post=1680"},{"taxonomy":"product_tag","embeddable":true,"href":"https:\/\/xn--pferdundpftchen-itb.de\/woocommerce\/wp-json\/wp\/v2\/product_tag?post=1680"}],"curies":[{"name":"wp","href":"https:\/\/api.w.org\/{rel}","templated":true}]}}