{"id":1682,"date":"2023-07-09T21:45:08","date_gmt":"2023-07-09T19:45:08","guid":{"rendered":"https:\/\/xn--pferdundpftchen-itb.de\/woocommerce\/?post_type=product&#038;p=1682"},"modified":"2024-02-15T10:23:18","modified_gmt":"2024-02-15T09:23:18","slug":"pferdeseife-sensitive","status":"publish","type":"product","link":"https:\/\/xn--pferdundpftchen-itb.de\/woocommerce\/produkt\/pferdeseife-sensitive\/","title":{"rendered":"Pferdeseife Sensitive"},"content":{"rendered":"<p>Unsere\u00a0Pferde leiden immer h\u00e4ufiger unter Allergien oder anderen Unvertr\u00e4glichkeiten. Haut und Fell dieser sensiblen Tiere sind auf besonders schonende Pflege angewiesen.<\/p>\n<p>F\u00fcr diese Pferde wurde in Zusammenarbeit mit Tier\u00e4rzten und Tierheilpraktikern die Pferde-Pflege-Seife \u201cSENSITIV\u201d entwickelt.<br \/>\nDie Naturseife reinigt nicht nur gr\u00fcndlich und schonend, sondern pflegt durch ihre stark r\u00fcckfettenden Inhaltsstoffe.<br \/>\nDas Fell wird gl\u00e4nzend und das Langhaar l\u00e4sst sich gut k\u00e4mmen. Wassersparend duch leichtes Aussp\u00fclen.<\/p>\n<p>Au\u00dferdem ist sie frei von jeglichen Zus\u00e4tzen, Kr\u00e4utern und \u00e4therischen \u00d6len.<\/p>\n<p>Zusammensetzung: Olea europaea oil, Cocos nucifera oil, Aqua, Sodium Hydroxid<\/p>\n","protected":false},"excerpt":{"rendered":"<p>Unsere\u00a0Pferde leiden immer h\u00e4ufiger unter Allergien oder anderen Unvertr\u00e4glichkeiten. Haut und Fell dieser sensiblen Tiere sind auf besonders schonende Pflege angewiesen. F\u00fcr diese Pferde wurde in Zusammenarbeit mit Tier\u00e4rzten und Tierheilpraktikern die Pferde-Pflege-Seife \u201cSENSITIV\u201d entwickelt. Die Naturseife reinigt nicht nur gr\u00fcndlich und schonend, sondern pflegt durch ihre stark r\u00fcckfettenden Inhaltsstoffe. Das Fell wird gl\u00e4nzend und [&hellip;]<\/p>\n","protected":false},"featured_media":1673,"comment_status":"open","ping_status":"closed","template":"","meta":[],"product_brand":[],"product_cat":[15,40,46],"product_tag":[],"class_list":{"0":"post-1682","1":"product","2":"type-product","3":"status-publish","4":"has-post-thumbnail","6":"product_cat-pferd","7":"product_cat-pflege-aeusserliche-anwendung-pferd","8":"product_cat-haut-fell-pferd","10":"first","11":"instock","12":"taxable","13":"shipping-taxable","14":"purchasable","15":"product-type-simple"},"jetpack_sharing_enabled":true,"_links":{"self":[{"href":"https:\/\/xn--pferdundpftchen-itb.de\/woocommerce\/wp-json\/wp\/v2\/product\/1682","targetHints":{"allow":["GET"]}}],"collection":[{"href":"https:\/\/xn--pferdundpftchen-itb.de\/woocommerce\/wp-json\/wp\/v2\/product"}],"about":[{"href":"https:\/\/xn--pferdundpftchen-itb.de\/woocommerce\/wp-json\/wp\/v2\/types\/product"}],"replies":[{"embeddable":true,"href":"https:\/\/xn--pferdundpftchen-itb.de\/woocommerce\/wp-json\/wp\/v2\/comments?post=1682"}],"wp:featuredmedia":[{"embeddable":true,"href":"https:\/\/xn--pferdundpftchen-itb.de\/woocommerce\/wp-json\/wp\/v2\/media\/1673"}],"wp:attachment":[{"href":"https:\/\/xn--pferdundpftchen-itb.de\/woocommerce\/wp-json\/wp\/v2\/media?parent=1682"}],"wp:term":[{"taxonomy":"product_brand","embeddable":true,"href":"https:\/\/xn--pferdundpftchen-itb.de\/woocommerce\/wp-json\/wp\/v2\/product_brand?post=1682"},{"taxonomy":"product_cat","embeddable":true,"href":"https:\/\/xn--pferdundpftchen-itb.de\/woocommerce\/wp-json\/wp\/v2\/product_cat?post=1682"},{"taxonomy":"product_tag","embeddable":true,"href":"https:\/\/xn--pferdundpftchen-itb.de\/woocommerce\/wp-json\/wp\/v2\/product_tag?post=1682"}],"curies":[{"name":"wp","href":"https:\/\/api.w.org\/{rel}","templated":true}]}}