{"id":1689,"date":"2023-07-09T21:52:12","date_gmt":"2023-07-09T19:52:12","guid":{"rendered":"https:\/\/xn--pferdundpftchen-itb.de\/woocommerce\/?post_type=product&#038;p=1689"},"modified":"2024-02-15T10:26:56","modified_gmt":"2024-02-15T09:26:56","slug":"hundeseife-sensitive","status":"publish","type":"product","link":"https:\/\/xn--pferdundpftchen-itb.de\/woocommerce\/produkt\/hundeseife-sensitive\/","title":{"rendered":"Hundeseife Sensitive"},"content":{"rendered":"<p>Nicht nur wir Menschen, sondern auch unsere vierbeinigen Freunde leiden immer h\u00e4ufiger unter Allergien oder anderen Unvertr\u00e4glichkeiten. Haut und Fell dieser sensiblen Hunde sind auf besonders schonende Pflege angewiesen, damit sie unbeschwert in der freien Natur ihren Spiel- und Jagdtrieb ausleben k\u00f6nnen. F\u00fcr diese Hunde wurde in Zusammenarbeit mit Tier\u00e4rzten und Tierheilpraktikern die Pflegeseife \u201cSensitive\u201d entwickelt. Die Naturseife reinigt nicht nur gr\u00fcndlich und schonend, sondern pflegt durch ihre stark r\u00fcckfettenden Inhaltsstoffe die empfindliche Hundehaut besonders. Au\u00dferdem ist sie frei von jeglichen Zus\u00e4tzen, wie zum Beispiel Duftstoffen. <\/p>\n<p>Zusammensetzung: Olea europaea oil, Cocos nucifera oil, Aqua, Sodium Hydroxid<\/p>\n","protected":false},"excerpt":{"rendered":"<p>Nicht nur wir Menschen, sondern auch unsere vierbeinigen Freunde leiden immer h\u00e4ufiger unter Allergien oder anderen Unvertr\u00e4glichkeiten. Haut und Fell dieser sensiblen Hunde sind auf besonders schonende Pflege angewiesen, damit sie unbeschwert in der freien Natur ihren Spiel- und Jagdtrieb ausleben k\u00f6nnen. F\u00fcr diese Hunde wurde in Zusammenarbeit mit Tier\u00e4rzten und Tierheilpraktikern die Pflegeseife \u201cSensitive\u201d [&hellip;]<\/p>\n","protected":false},"featured_media":1668,"comment_status":"open","ping_status":"closed","template":"","meta":[],"product_brand":[],"product_cat":[20,38,43],"product_tag":[],"class_list":{"0":"post-1689","1":"product","2":"type-product","3":"status-publish","4":"has-post-thumbnail","6":"product_cat-hund","7":"product_cat-pflege-aeuserliche-anwendung","8":"product_cat-haut-fell","10":"first","11":"instock","12":"taxable","13":"shipping-taxable","14":"purchasable","15":"product-type-simple"},"jetpack_sharing_enabled":true,"_links":{"self":[{"href":"https:\/\/xn--pferdundpftchen-itb.de\/woocommerce\/wp-json\/wp\/v2\/product\/1689","targetHints":{"allow":["GET"]}}],"collection":[{"href":"https:\/\/xn--pferdundpftchen-itb.de\/woocommerce\/wp-json\/wp\/v2\/product"}],"about":[{"href":"https:\/\/xn--pferdundpftchen-itb.de\/woocommerce\/wp-json\/wp\/v2\/types\/product"}],"replies":[{"embeddable":true,"href":"https:\/\/xn--pferdundpftchen-itb.de\/woocommerce\/wp-json\/wp\/v2\/comments?post=1689"}],"wp:featuredmedia":[{"embeddable":true,"href":"https:\/\/xn--pferdundpftchen-itb.de\/woocommerce\/wp-json\/wp\/v2\/media\/1668"}],"wp:attachment":[{"href":"https:\/\/xn--pferdundpftchen-itb.de\/woocommerce\/wp-json\/wp\/v2\/media?parent=1689"}],"wp:term":[{"taxonomy":"product_brand","embeddable":true,"href":"https:\/\/xn--pferdundpftchen-itb.de\/woocommerce\/wp-json\/wp\/v2\/product_brand?post=1689"},{"taxonomy":"product_cat","embeddable":true,"href":"https:\/\/xn--pferdundpftchen-itb.de\/woocommerce\/wp-json\/wp\/v2\/product_cat?post=1689"},{"taxonomy":"product_tag","embeddable":true,"href":"https:\/\/xn--pferdundpftchen-itb.de\/woocommerce\/wp-json\/wp\/v2\/product_tag?post=1689"}],"curies":[{"name":"wp","href":"https:\/\/api.w.org\/{rel}","templated":true}]}}