{"id":1713,"date":"2023-07-10T09:53:49","date_gmt":"2023-07-10T07:53:49","guid":{"rendered":"https:\/\/xn--pferdundpftchen-itb.de\/woocommerce\/?post_type=product&#038;p=1713"},"modified":"2024-09-05T11:30:50","modified_gmt":"2024-09-05T09:30:50","slug":"naturmoor-fluessig","status":"publish","type":"product","link":"https:\/\/xn--pferdundpftchen-itb.de\/woocommerce\/produkt\/naturmoor-fluessig\/","title":{"rendered":"Naturmoor (fl\u00fcssig)"},"content":{"rendered":"<p>Ein reines Naturprodukt, frei von chemischen Zus\u00e4tzen. Das Futtermittel f\u00fcr Tiere besteht aus wertvollem Moor (Torf). Dieses geschmacksneutrale Naturprodukt wird instinktiv selbst bei Futterverweigerung aufgenommen.<\/p>\n<p>Naturmoor f\u00fcr Tiere enth\u00e4lt von Natur aus Humins\u00e4uren 21,3 % in der Trockensubstanz und ist auch ein perfektes Futtererg\u00e4nzungsmittel bei BARF! Das Tiermoor ist f\u00fcr Bio-Betriebe bestens geeignet!<\/p>\n<p>Einzelfuttermittel f\u00fcr alle Tiere, unterst\u00fctzt den Fellwechsel, Wohlbefinden f\u00fcr den Tierdarm, Ideal auch bei BARF, frei von k\u00fcnstlichen Farbstoffen, frei von k\u00fcnstlichen Aromen, ohne Konservierungsstoffe, vegan, ohne Tierversuche.<\/p>\n","protected":false},"excerpt":{"rendered":"<p>Ein reines Naturprodukt, frei von chemischen Zus\u00e4tzen. Das Futtermittel f\u00fcr Tiere besteht aus wertvollem Moor (Torf). Dieses geschmacksneutrale Naturprodukt wird instinktiv selbst bei Futterverweigerung aufgenommen. Naturmoor f\u00fcr Tiere enth\u00e4lt von Natur aus Humins\u00e4uren 21,3 % in der Trockensubstanz und ist auch ein perfektes Futtererg\u00e4nzungsmittel bei BARF! Das Tiermoor ist f\u00fcr Bio-Betriebe bestens geeignet! Einzelfuttermittel f\u00fcr [&hellip;]<\/p>\n","protected":false},"featured_media":1708,"comment_status":"open","ping_status":"closed","template":"","meta":[],"product_brand":[],"product_cat":[15,48,46,36,64,33,20,42,43,29,60,28,21,63,44,32,62,61],"product_tag":[],"class_list":{"0":"post-1713","1":"product","2":"type-product","3":"status-publish","4":"has-post-thumbnail","6":"product_cat-pferd","7":"product_cat-ausleitung-entgiftung-pferd","8":"product_cat-haut-fell-pferd","9":"product_cat-immunsystem-pferd","10":"product_cat-leber-niere-pferd","11":"product_cat-magen-verdauung-pferd","12":"product_cat-hund","13":"product_cat-ausleitung-entgiftung","14":"product_cat-haut-fell","15":"product_cat-immunsystem","16":"product_cat-leber-niere","17":"product_cat-magen-verdauung","18":"product_cat-katze","19":"product_cat-ausleitung-entgiftung-katze","20":"product_cat-haut-fell-katze","21":"product_cat-immunsystem-katze","22":"product_cat-leber-niere-katze","23":"product_cat-magen-verdauung-katze","25":"first","26":"instock","27":"taxable","28":"shipping-taxable","29":"purchasable","30":"product-type-variable"},"jetpack_sharing_enabled":true,"_links":{"self":[{"href":"https:\/\/xn--pferdundpftchen-itb.de\/woocommerce\/wp-json\/wp\/v2\/product\/1713","targetHints":{"allow":["GET"]}}],"collection":[{"href":"https:\/\/xn--pferdundpftchen-itb.de\/woocommerce\/wp-json\/wp\/v2\/product"}],"about":[{"href":"https:\/\/xn--pferdundpftchen-itb.de\/woocommerce\/wp-json\/wp\/v2\/types\/product"}],"replies":[{"embeddable":true,"href":"https:\/\/xn--pferdundpftchen-itb.de\/woocommerce\/wp-json\/wp\/v2\/comments?post=1713"}],"wp:featuredmedia":[{"embeddable":true,"href":"https:\/\/xn--pferdundpftchen-itb.de\/woocommerce\/wp-json\/wp\/v2\/media\/1708"}],"wp:attachment":[{"href":"https:\/\/xn--pferdundpftchen-itb.de\/woocommerce\/wp-json\/wp\/v2\/media?parent=1713"}],"wp:term":[{"taxonomy":"product_brand","embeddable":true,"href":"https:\/\/xn--pferdundpftchen-itb.de\/woocommerce\/wp-json\/wp\/v2\/product_brand?post=1713"},{"taxonomy":"product_cat","embeddable":true,"href":"https:\/\/xn--pferdundpftchen-itb.de\/woocommerce\/wp-json\/wp\/v2\/product_cat?post=1713"},{"taxonomy":"product_tag","embeddable":true,"href":"https:\/\/xn--pferdundpftchen-itb.de\/woocommerce\/wp-json\/wp\/v2\/product_tag?post=1713"}],"curies":[{"name":"wp","href":"https:\/\/api.w.org\/{rel}","templated":true}]}}