{"id":1811,"date":"2023-07-14T11:29:35","date_gmt":"2023-07-14T09:29:35","guid":{"rendered":"https:\/\/xn--pferdundpftchen-itb.de\/woocommerce\/?post_type=product&#038;p=1811"},"modified":"2024-11-26T14:31:48","modified_gmt":"2024-11-26T13:31:48","slug":"kristallkraft-no-1","status":"publish","type":"product","link":"https:\/\/xn--pferdundpftchen-itb.de\/woocommerce\/produkt\/kristallkraft-no-1\/","title":{"rendered":"Kristallkraft No. 1"},"content":{"rendered":"<p><strong>Die perfekte Entgiftungs- und Stoffwechselkur f\u00fcr dein Pferd \u2013 Nat\u00fcrliche Unterst\u00fctzung f\u00fcr Darm und Haut<\/strong><\/p>\n<p>G\u00f6nn deinem Pferd eine <strong>Stoffwechselkur<\/strong>, die den K\u00f6rper von innen heraus reinigt und gleichzeitig sein Wohlbefinden steigert. Unser <strong>Entgiftungs- und Stoffwechselkur in Pelletform<\/strong> aus 100 % nat\u00fcrlichen Zutaten ist die ideale L\u00f6sung, um den K\u00f6rper deines Pferdes zu entlasten, Toxine zu binden und das Immunsystem zu st\u00e4rken.<\/p>\n<p>Diese speziell entwickelte Kur wirkt besonders positiv auf den <strong>Darm<\/strong> und die <strong>Haut<\/strong> deines Pferdes und unterst\u00fctzt den nat\u00fcrlichen Entgiftungsprozess. Sie harmonisiert den <strong>S\u00e4ure-Basen-Haushalt<\/strong> und sorgt f\u00fcr ein gesundes Gleichgewicht, was zu mehr Vitalit\u00e4t und Lebensfreude f\u00fchrt.<\/p>\n<p><strong>Die Vorteile im \u00dcberblick:<\/strong><\/p>\n<ul>\n<li><strong>Nat\u00fcrliche Entgiftung<\/strong>: Die speziellen Inhaltsstoffe binden Toxine im K\u00f6rper und unterst\u00fctzen die Entgiftung auf sanfte Weise.<\/li>\n<li><strong>F\u00f6rderung der Hautgesundheit<\/strong>: Ideal bei <strong>Sommerekzem<\/strong>, Hautirritationen und Allergien. Deine Fellnase wird es dir mit einem gesunden, gl\u00e4nzenden Fell danken.<\/li>\n<li><strong>Unterst\u00fctzung des Verdauungssystems<\/strong>: Ideal bei <strong>Kotwasser<\/strong>, Durchfall oder Verdauungsproblemen \u2013 hilft, die Darmflora zu stabilisieren und die Verdauung zu harmonisieren.<\/li>\n<li><strong>St\u00e4rkung des Immunsystems<\/strong>: F\u00f6rdert die k\u00f6rpereigene Abwehr und hilft deinem Pferd, gesund zu bleiben.<\/li>\n<li><strong>S\u00e4ure-Basen-Haushalt im Gleichgewicht<\/strong>: Die Kur sorgt f\u00fcr eine Harmonisierung des S\u00e4ure-Basen-Gleichgewichts, was f\u00fcr den gesamten Stoffwechsel von entscheidender Bedeutung ist.<\/li>\n<\/ul>\n<p><strong>Frei von Melasse und Perfekt f\u00fcr empfindliche Pferde<\/strong>: Unsere Entgiftungs- und Stoffwechselkur ist <strong>dopingfrei<\/strong> und enth\u00e4lt keine Melasse \u2013 ideal f\u00fcr Pferde mit empfindlichem Magen oder Stoffwechselproblemen.<\/p>\n<p>Ob bei <strong>Allergien<\/strong>, <strong>Sommerekzem<\/strong>, <strong>Kotwasser<\/strong> oder einfach zur allgemeinen Unterst\u00fctzung des Stoffwechsels \u2013 diese <strong>Stoffwechselkur<\/strong> hilft deinem Pferd, wieder in Balance zu kommen und sich rundum wohlzuf\u00fchlen.<\/p>\n<p>Vertraue auf die Kraft der Natur und gib deinem Pferd die Entgiftungs- und Stoffwechselkur, die es verdient!<\/p>\n<p>Zusammensetzung: Leinkuchen (26%), Johannisbrotschrot, Hefe (17%), Mariendistel\u00f6l (2%), Yucca Schidigera<\/p>\n<p>F\u00fctterungsempfehlung:<br \/>\nKurgabe: 2 Messbecher a ca. 85g tgl. je Gro\u00dfpferd<br \/>\nDauergabe: 1 Messbecher a ca. 85g je Gro\u00dfpferd<br \/>\nKleinpferde und Ponys entsprechend weniger<\/p>\n","protected":false},"excerpt":{"rendered":"<p>Die perfekte Entgiftungs- und Stoffwechselkur f\u00fcr dein Pferd \u2013 Nat\u00fcrliche Unterst\u00fctzung f\u00fcr Darm und Haut G\u00f6nn deinem Pferd eine Stoffwechselkur, die den K\u00f6rper von innen heraus reinigt und gleichzeitig sein Wohlbefinden steigert. Unser Entgiftungs- und Stoffwechselkur in Pelletform aus 100 % nat\u00fcrlichen Zutaten ist die ideale L\u00f6sung, um den K\u00f6rper deines Pferdes zu entlasten, Toxine [&hellip;]<\/p>\n","protected":false},"featured_media":923,"comment_status":"open","ping_status":"closed","template":"","meta":[],"product_brand":[],"product_cat":[15,48,46,36,64,33],"product_tag":[],"class_list":{"0":"post-1811","1":"product","2":"type-product","3":"status-publish","4":"has-post-thumbnail","6":"product_cat-pferd","7":"product_cat-ausleitung-entgiftung-pferd","8":"product_cat-haut-fell-pferd","9":"product_cat-immunsystem-pferd","10":"product_cat-leber-niere-pferd","11":"product_cat-magen-verdauung-pferd","13":"first","14":"instock","15":"taxable","16":"shipping-taxable","17":"purchasable","18":"product-type-simple"},"jetpack_sharing_enabled":true,"_links":{"self":[{"href":"https:\/\/xn--pferdundpftchen-itb.de\/woocommerce\/wp-json\/wp\/v2\/product\/1811","targetHints":{"allow":["GET"]}}],"collection":[{"href":"https:\/\/xn--pferdundpftchen-itb.de\/woocommerce\/wp-json\/wp\/v2\/product"}],"about":[{"href":"https:\/\/xn--pferdundpftchen-itb.de\/woocommerce\/wp-json\/wp\/v2\/types\/product"}],"replies":[{"embeddable":true,"href":"https:\/\/xn--pferdundpftchen-itb.de\/woocommerce\/wp-json\/wp\/v2\/comments?post=1811"}],"wp:featuredmedia":[{"embeddable":true,"href":"https:\/\/xn--pferdundpftchen-itb.de\/woocommerce\/wp-json\/wp\/v2\/media\/923"}],"wp:attachment":[{"href":"https:\/\/xn--pferdundpftchen-itb.de\/woocommerce\/wp-json\/wp\/v2\/media?parent=1811"}],"wp:term":[{"taxonomy":"product_brand","embeddable":true,"href":"https:\/\/xn--pferdundpftchen-itb.de\/woocommerce\/wp-json\/wp\/v2\/product_brand?post=1811"},{"taxonomy":"product_cat","embeddable":true,"href":"https:\/\/xn--pferdundpftchen-itb.de\/woocommerce\/wp-json\/wp\/v2\/product_cat?post=1811"},{"taxonomy":"product_tag","embeddable":true,"href":"https:\/\/xn--pferdundpftchen-itb.de\/woocommerce\/wp-json\/wp\/v2\/product_tag?post=1811"}],"curies":[{"name":"wp","href":"https:\/\/api.w.org\/{rel}","templated":true}]}}