{"id":1817,"date":"2023-07-14T11:36:14","date_gmt":"2023-07-14T09:36:14","guid":{"rendered":"https:\/\/xn--pferdundpftchen-itb.de\/woocommerce\/?post_type=product&#038;p=1817"},"modified":"2025-01-12T18:06:18","modified_gmt":"2025-01-12T17:06:18","slug":"kristallkraft-bronchiale","status":"publish","type":"product","link":"https:\/\/xn--pferdundpftchen-itb.de\/woocommerce\/produkt\/kristallkraft-bronchiale\/","title":{"rendered":"Kristallkraft Bro"},"content":{"rendered":"<h3><strong>Kristallkraft Bro \u2013 Nat\u00fcrliche Unterst\u00fctzung f\u00fcr die Atemwege deines Pferdes<\/strong><\/h3>\n<p>Biete deinem Pferd bei Atemwegsproblemen sanfte und effektive Unterst\u00fctzung mit <strong>Kristallkraft Bro<\/strong>.<\/p>\n<p><strong>Vorteile im \u00dcberblick:<\/strong><\/p>\n<ul>\n<li><strong>Nat\u00fcrliche Hilfe f\u00fcr die Atemwege:<\/strong> Empfohlen bei Atemwegsbeschwerden, wie allergischem oder chronischem Husten.<\/li>\n<li><strong>Mit schleiml\u00f6senden Kr\u00e4utern:<\/strong> F\u00f6rdert das Abhusten und sorgt f\u00fcr freie Atemwege.<\/li>\n<li><strong>Entkrampfende und lindernde Wirkung:<\/strong> Beruhigt die Atemwege und lindert Hustenreiz.<\/li>\n<li><strong>Geeignet bei Allergien:<\/strong> Besonders hilfreich bei allergiebedingten Atemwegserkrankungen.<\/li>\n<\/ul>\n<p><strong>Kristallkraft Bro<\/strong> bietet deinem Pferd nat\u00fcrliche Unterst\u00fctzung, damit es wieder frei durchatmen kann. Bitte beachte die Karenzzeit von 48 Stunden.<\/p>\n<p><strong>Vertraue auf die Kraft der Natur f\u00fcr eine gesunde Atmung!<\/strong><\/p>\n<p>Zusammensetzung: Kr\u00e4utermischung (21%, Isl\u00e4ndisch Moos, Alantwurzel, Anis, Brombeerbl\u00e4tter, Fenchel s\u00fc\u00df, Malvenbl\u00e4tter, Spitzwegerichkraut, Salbei Officinalis, Thymian, Ysopktraut), Schwarzk\u00fcmmelsamen (17%, doppelt gecrackt), MSM (17%), Karottenmehl, Johannisbrotschrot, Dolomit, Mariendistel\u00f6l<\/p>\n<p>F\u00fctterungsempfehlung:<br \/>\nKurgabe: 1-4 Messbecher a ca. 60g tgl. je Gro\u00dfpferd<br \/>\nDauergabe: 1-2 Messbecher a ca. 60g je Gro\u00dfpferd<br \/>\nKleinpferde und Ponys entsprechend weniger<\/p>\n","protected":false},"excerpt":{"rendered":"<p>Kristallkraft Bro \u2013 Nat\u00fcrliche Unterst\u00fctzung f\u00fcr die Atemwege deines Pferdes Biete deinem Pferd bei Atemwegsproblemen sanfte und effektive Unterst\u00fctzung mit Kristallkraft Bro. Vorteile im \u00dcberblick: Nat\u00fcrliche Hilfe f\u00fcr die Atemwege: Empfohlen bei Atemwegsbeschwerden, wie allergischem oder chronischem Husten. Mit schleiml\u00f6senden Kr\u00e4utern: F\u00f6rdert das Abhusten und sorgt f\u00fcr freie Atemwege. Entkrampfende und lindernde Wirkung: Beruhigt die [&hellip;]<\/p>\n","protected":false},"featured_media":2419,"comment_status":"open","ping_status":"closed","template":"","meta":[],"product_brand":[],"product_cat":[15,35],"product_tag":[],"class_list":{"0":"post-1817","1":"product","2":"type-product","3":"status-publish","4":"has-post-thumbnail","6":"product_cat-pferd","7":"product_cat-atemwege-lunge","9":"first","10":"instock","11":"taxable","12":"shipping-taxable","13":"purchasable","14":"product-type-simple"},"jetpack_sharing_enabled":true,"_links":{"self":[{"href":"https:\/\/xn--pferdundpftchen-itb.de\/woocommerce\/wp-json\/wp\/v2\/product\/1817","targetHints":{"allow":["GET"]}}],"collection":[{"href":"https:\/\/xn--pferdundpftchen-itb.de\/woocommerce\/wp-json\/wp\/v2\/product"}],"about":[{"href":"https:\/\/xn--pferdundpftchen-itb.de\/woocommerce\/wp-json\/wp\/v2\/types\/product"}],"replies":[{"embeddable":true,"href":"https:\/\/xn--pferdundpftchen-itb.de\/woocommerce\/wp-json\/wp\/v2\/comments?post=1817"}],"wp:featuredmedia":[{"embeddable":true,"href":"https:\/\/xn--pferdundpftchen-itb.de\/woocommerce\/wp-json\/wp\/v2\/media\/2419"}],"wp:attachment":[{"href":"https:\/\/xn--pferdundpftchen-itb.de\/woocommerce\/wp-json\/wp\/v2\/media?parent=1817"}],"wp:term":[{"taxonomy":"product_brand","embeddable":true,"href":"https:\/\/xn--pferdundpftchen-itb.de\/woocommerce\/wp-json\/wp\/v2\/product_brand?post=1817"},{"taxonomy":"product_cat","embeddable":true,"href":"https:\/\/xn--pferdundpftchen-itb.de\/woocommerce\/wp-json\/wp\/v2\/product_cat?post=1817"},{"taxonomy":"product_tag","embeddable":true,"href":"https:\/\/xn--pferdundpftchen-itb.de\/woocommerce\/wp-json\/wp\/v2\/product_tag?post=1817"}],"curies":[{"name":"wp","href":"https:\/\/api.w.org\/{rel}","templated":true}]}}

<h3><strong>Kristallkraft Bro – Natürliche Unterstützung für die Atemwege deines Pferdes</strong></h3>
<p>Biete deinem Pferd bei Atemwegsproblemen sanfte und effektive Unterstützung mit <strong>Kristallkraft Bro</strong>.</p>
<p><strong>Vorteile im Überblick:</strong></p>
<ul>
<li><strong>Natürliche Hilfe für die Atemwege:</strong> Empfohlen bei Atemwegsbeschwerden, wie allergischem oder chronischem Husten.</li>
<li><strong>Mit schleimlösenden Kräutern:</strong> Fördert das Abhusten und sorgt für freie Atemwege.</li>
<li><strong>Entkrampfende und lindernde Wirkung:</strong> Beruhigt die Atemwege und lindert Hustenreiz.</li>
<li><strong>Geeignet bei Allergien:</strong> Besonders hilfreich bei allergiebedingten Atemwegserkrankungen.</li>
</ul>
<p><strong>Kristallkraft Bro</strong> bietet deinem Pferd natürliche Unterstützung, damit es wieder frei durchatmen kann. Bitte beachte die Karenzzeit von 48 Stunden.</p>
<p><strong>Vertraue auf die Kraft der Natur für eine gesunde Atmung!</strong></p>
<p>Zusammensetzung: Kräutermischung (21%, Isländisch Moos, Alantwurzel, Anis, Brombeerblätter, Fenchel süß, Malvenblätter, Spitzwegerichkraut, Salbei Officinalis, Thymian, Ysopktraut), Schwarzkümmelsamen (17%, doppelt gecrackt), MSM (17%), Karottenmehl, Johannisbrotschrot, Dolomit, Mariendistelöl</p>
<p>Fütterungsempfehlung:<br />
Kurgabe: 1-4 Messbecher a ca. 60g tgl. je Großpferd<br />
Dauergabe: 1-2 Messbecher a ca. 60g je Großpferd<br />
Kleinpferde und Ponys entsprechend weniger</p>

<p>Kristallkraft Bro – Natürliche Unterstützung für die Atemwege deines Pferdes Biete deinem Pferd bei Atemwegsproblemen sanfte und effektive Unterstützung mit Kristallkraft Bro. Vorteile im Überblick: Natürliche Hilfe für die Atemwege: Empfohlen bei Atemwegsbeschwerden, wie allergischem oder chronischem Husten. Mit schleimlösenden Kräutern: Fördert das Abhusten und sorgt für freie Atemwege. Entkrampfende und lindernde Wirkung: Beruhigt die [&hellip;]</p>
