{"id":1824,"date":"2023-07-14T11:45:44","date_gmt":"2023-07-14T09:45:44","guid":{"rendered":"https:\/\/xn--pferdundpftchen-itb.de\/woocommerce\/?post_type=product&#038;p=1824"},"modified":"2025-01-12T18:14:00","modified_gmt":"2025-01-12T17:14:00","slug":"kristallkraft-femmina","status":"publish","type":"product","link":"https:\/\/xn--pferdundpftchen-itb.de\/woocommerce\/produkt\/kristallkraft-femmina\/","title":{"rendered":"Kristallkraft Femmina"},"content":{"rendered":"<h3><strong>Kristallkraft Femmina \u2013 Der nat\u00fcrliche Hormonregulator f\u00fcr Stuten<\/strong><\/h3>\n<p>Bringe die Hormone deiner Stute in Balance mit <strong>Kristallkraft Femmina<\/strong> \u2013 der nat\u00fcrlichen Unterst\u00fctzung f\u00fcr hormonelle Ausgeglichenheit und Wohlbefinden.<\/p>\n<p><strong>Vorteile im \u00dcberblick:<\/strong><\/p>\n<ul>\n<li><strong>Ausgleich von Hormonschwankungen:<\/strong> Sorgt f\u00fcr eine harmonische Regulation des Hormonhaushalts, ideal f\u00fcr hormonell bedingte Herausforderungen.<\/li>\n<li><strong>Hilft bei Rosseproblemen:<\/strong> Unterst\u00fctzt deine Stute bei einer angenehmen und weniger belastenden Rosse.<\/li>\n<li><strong>Reduziert \u00fcbersteigerte Hengstigkeit:<\/strong> F\u00f6rdert Ruhe und Ausgeglichenheit, auch in stressigen Situationen.<\/li>\n<li><strong>Nat\u00fcrlich und sicher:<\/strong> Melasse- und getreidefrei, ideal f\u00fcr sensible Pferde.<\/li>\n<li><strong>Praktisch:<\/strong> Mit einer Karenzzeit von nur 48 Stunden bestens geeignet f\u00fcr den Einsatz im Turniersport.<\/li>\n<\/ul>\n<p>Mit <strong>Kristallkraft Femmina<\/strong> schenkst du deiner Stute ein neues Gleichgewicht und unterst\u00fctzt sie, hormonelle Schwankungen besser zu bew\u00e4ltigen. Perfekt f\u00fcr mehr Gelassenheit und Zufriedenheit!<\/p>\n<p>Zusammensetzung: M\u00f6nchspfeffer (14%), Calcium-Magnesiumcarbonat, Apfeltrester, Karottenmehl, Johannisbrotschrot, Leinkuchen kalt gepresst, Rote Bete (Granulat), Hefe (S. cerevisiae), Kr\u00e4utermischung (1,5% aus Frauenmantelkraut, G\u00e4nsefingerkraut, Himbeerbl\u00e4tter, Hopfenbl\u00fcten, Rotkleebl\u00fcten, Yamswurzel)<\/p>\n<p>F\u00fctterungsempfehlung:<br \/>\nKurgabe: 1-4 Messbecher a ca. 65g tgl. je Gro\u00dfpferd<br \/>\nDauergabe: 1-2 Messbecher a ca. 65g je Gro\u00dfpferd<br \/>\nKleinpferde und Ponys entsprechend weniger<\/p>\n","protected":false},"excerpt":{"rendered":"<p>Kristallkraft Femmina \u2013 Der nat\u00fcrliche Hormonregulator f\u00fcr Stuten Bringe die Hormone deiner Stute in Balance mit Kristallkraft Femmina \u2013 der nat\u00fcrlichen Unterst\u00fctzung f\u00fcr hormonelle Ausgeglichenheit und Wohlbefinden. Vorteile im \u00dcberblick: Ausgleich von Hormonschwankungen: Sorgt f\u00fcr eine harmonische Regulation des Hormonhaushalts, ideal f\u00fcr hormonell bedingte Herausforderungen. Hilft bei Rosseproblemen: Unterst\u00fctzt deine Stute bei einer angenehmen und [&hellip;]<\/p>\n","protected":false},"featured_media":920,"comment_status":"open","ping_status":"closed","template":"","meta":[],"product_brand":[],"product_cat":[15,49],"product_tag":[],"class_list":{"0":"post-1824","1":"product","2":"type-product","3":"status-publish","4":"has-post-thumbnail","6":"product_cat-pferd","7":"product_cat-hormone-fortpflanzung","9":"first","10":"instock","11":"taxable","12":"shipping-taxable","13":"purchasable","14":"product-type-simple"},"jetpack_sharing_enabled":true,"_links":{"self":[{"href":"https:\/\/xn--pferdundpftchen-itb.de\/woocommerce\/wp-json\/wp\/v2\/product\/1824","targetHints":{"allow":["GET"]}}],"collection":[{"href":"https:\/\/xn--pferdundpftchen-itb.de\/woocommerce\/wp-json\/wp\/v2\/product"}],"about":[{"href":"https:\/\/xn--pferdundpftchen-itb.de\/woocommerce\/wp-json\/wp\/v2\/types\/product"}],"replies":[{"embeddable":true,"href":"https:\/\/xn--pferdundpftchen-itb.de\/woocommerce\/wp-json\/wp\/v2\/comments?post=1824"}],"wp:featuredmedia":[{"embeddable":true,"href":"https:\/\/xn--pferdundpftchen-itb.de\/woocommerce\/wp-json\/wp\/v2\/media\/920"}],"wp:attachment":[{"href":"https:\/\/xn--pferdundpftchen-itb.de\/woocommerce\/wp-json\/wp\/v2\/media?parent=1824"}],"wp:term":[{"taxonomy":"product_brand","embeddable":true,"href":"https:\/\/xn--pferdundpftchen-itb.de\/woocommerce\/wp-json\/wp\/v2\/product_brand?post=1824"},{"taxonomy":"product_cat","embeddable":true,"href":"https:\/\/xn--pferdundpftchen-itb.de\/woocommerce\/wp-json\/wp\/v2\/product_cat?post=1824"},{"taxonomy":"product_tag","embeddable":true,"href":"https:\/\/xn--pferdundpftchen-itb.de\/woocommerce\/wp-json\/wp\/v2\/product_tag?post=1824"}],"curies":[{"name":"wp","href":"https:\/\/api.w.org\/{rel}","templated":true}]}}