{"id":2101,"date":"2024-03-13T14:32:41","date_gmt":"2024-03-13T13:32:41","guid":{"rendered":"https:\/\/xn--pferdundpftchen-itb.de\/woocommerce\/?post_type=product&#038;p=2101"},"modified":"2025-01-25T18:54:10","modified_gmt":"2025-01-25T17:54:10","slug":"pferdesalbe","status":"publish","type":"product","link":"https:\/\/xn--pferdundpftchen-itb.de\/woocommerce\/produkt\/pferdesalbe\/","title":{"rendered":"Pferdesalbe"},"content":{"rendered":"<p><strong>Annimally Pferdesalbe im praktischen Pumpspender \u2013 Der Klassiker f\u00fcr erholte Muskeln und Gelenke!<\/strong><\/p>\n<p>Ein absolutes Must-Have f\u00fcr jeden, der auf schnelle und effektive Regeneration setzt \u2013 die <strong>Pferdesalbe<\/strong> von Annimally! Mit ihrem einzigartigen Zwei-Phasen-Effekt k\u00fcmmert sich diese Salbe um deine Muskeln, Sehnen und B\u00e4nder, indem sie zun\u00e4chst k\u00fchlt und dann wohltuend w\u00e4rmt.<\/p>\n<p>\ud83c\udf31 <strong>Pflanzliche Inhaltsstoffe<\/strong> \u2013 eine perfekte Kombination aus wertvoller Arnika, k\u00fchlendem Menthol, entspannendem Rosmarin und krampfl\u00f6sendem Eukalyptus.<br \/>\n\u2744\ufe0f <strong>K\u00fchlend &amp; w\u00e4rmend<\/strong> \u2013 f\u00fcr schnelle Erholung, Belebung und Entspannung.<br \/>\n\ud83d\udcaa <strong>Hautfreundlich &amp; dopingfrei<\/strong> \u2013 perfekt f\u00fcr die t\u00e4gliche Anwendung.<br \/>\n\ud83c\udf38 <strong>Angenehmer Duft<\/strong> \u2013 erfrischt und belebt, ohne aufdringlich zu sein.<br \/>\n\ud83c\udde9\ud83c\uddea <strong>In Deutschland hergestellt<\/strong> \u2013 Qualit\u00e4t, auf die du dich verlassen kannst.<\/p>\n<p>Dank des praktischen <strong>Pumpspenders<\/strong> l\u00e4sst sich die Salbe hygienisch dosieren und einfach auftragen \u2013 ideal f\u00fcr den schnellen Einsatz nach dem Training oder nach anstrengenden Tagen!<\/p>\n<p>Hol dir die <strong>Pferdesalbe von Annimally<\/strong> und genie\u00dfe die entspannende Wirkung \u2013 f\u00fcr Muskeln, Gelenke und ein rundum gutes Gef\u00fchl!<\/p>\n<p>Inhalt: 500ml<\/p>\n<p>Zusammensetzung: Aqua, Glycerin, Isopropyl Alcohol, PEG-35 Castor Oil, Helianthus Annuus Oil, Carbomer, Methyl Salicylate Mentha Arvensis, Menthol, Rosmarinus Officinalis, Terpineol,<br \/>\nPhenoxyethanol, Ethylhexyglycerin, CI 42051, Sodium Hydroxide, CI 19140, CI 16255<\/p>\n<p>Anwendung: 1-2x t\u00e4glich auf die beanspruchten Stellen auftragen und einmassieren. F\u00fcr einen optimalen Effekt direkt im Anschluss eine weitere, dickere Schicht auftragen und einwirken lassen.<\/p>\n","protected":false},"excerpt":{"rendered":"<p>Annimally Pferdesalbe im praktischen Pumpspender \u2013 Der Klassiker f\u00fcr erholte Muskeln und Gelenke! Ein absolutes Must-Have f\u00fcr jeden, der auf schnelle und effektive Regeneration setzt \u2013 die Pferdesalbe von Annimally! Mit ihrem einzigartigen Zwei-Phasen-Effekt k\u00fcmmert sich diese Salbe um deine Muskeln, Sehnen und B\u00e4nder, indem sie zun\u00e4chst k\u00fchlt und dann wohltuend w\u00e4rmt. \ud83c\udf31 Pflanzliche Inhaltsstoffe [&hellip;]<\/p>\n","protected":false},"featured_media":2102,"comment_status":"open","ping_status":"closed","template":"","meta":[],"product_brand":[],"product_cat":[15,40,53],"product_tag":[],"class_list":{"0":"post-2101","1":"product","2":"type-product","3":"status-publish","4":"has-post-thumbnail","6":"product_cat-pferd","7":"product_cat-pflege-aeusserliche-anwendung-pferd","8":"product_cat-gelenke-bewegungsapparat-pferd","10":"first","11":"instock","12":"taxable","13":"shipping-taxable","14":"purchasable","15":"product-type-simple"},"jetpack_sharing_enabled":true,"_links":{"self":[{"href":"https:\/\/xn--pferdundpftchen-itb.de\/woocommerce\/wp-json\/wp\/v2\/product\/2101","targetHints":{"allow":["GET"]}}],"collection":[{"href":"https:\/\/xn--pferdundpftchen-itb.de\/woocommerce\/wp-json\/wp\/v2\/product"}],"about":[{"href":"https:\/\/xn--pferdundpftchen-itb.de\/woocommerce\/wp-json\/wp\/v2\/types\/product"}],"replies":[{"embeddable":true,"href":"https:\/\/xn--pferdundpftchen-itb.de\/woocommerce\/wp-json\/wp\/v2\/comments?post=2101"}],"wp:featuredmedia":[{"embeddable":true,"href":"https:\/\/xn--pferdundpftchen-itb.de\/woocommerce\/wp-json\/wp\/v2\/media\/2102"}],"wp:attachment":[{"href":"https:\/\/xn--pferdundpftchen-itb.de\/woocommerce\/wp-json\/wp\/v2\/media?parent=2101"}],"wp:term":[{"taxonomy":"product_brand","embeddable":true,"href":"https:\/\/xn--pferdundpftchen-itb.de\/woocommerce\/wp-json\/wp\/v2\/product_brand?post=2101"},{"taxonomy":"product_cat","embeddable":true,"href":"https:\/\/xn--pferdundpftchen-itb.de\/woocommerce\/wp-json\/wp\/v2\/product_cat?post=2101"},{"taxonomy":"product_tag","embeddable":true,"href":"https:\/\/xn--pferdundpftchen-itb.de\/woocommerce\/wp-json\/wp\/v2\/product_tag?post=2101"}],"curies":[{"name":"wp","href":"https:\/\/api.w.org\/{rel}","templated":true}]}}