{"id":2149,"date":"2024-03-17T19:20:10","date_gmt":"2024-03-17T18:20:10","guid":{"rendered":"https:\/\/xn--pferdundpftchen-itb.de\/woocommerce\/?post_type=product&#038;p=2149"},"modified":"2024-03-17T19:24:11","modified_gmt":"2024-03-17T18:24:11","slug":"algentrio-algentabs","status":"publish","type":"product","link":"https:\/\/xn--pferdundpftchen-itb.de\/woocommerce\/produkt\/algentrio-algentabs\/","title":{"rendered":"Algentrio Algentabs"},"content":{"rendered":"<p>Eine Kombination aus Spirulina, Chlorella und Lithothamnium. Spirulina und Chlorella sind chlorophyllreiche Algen mit hohem Gehalt an Eisen, Magnesium und Aminos\u00e4uren. Lithothamnium ist reich an Mineralien, vor allem an verf\u00fcgbarem Kalzium.<br \/>\nDie Mikroalgen Spirulina und Chlorella begleiten die Ausleitung. Wegen des hohen Anteils an Chlorophyll f\u00f6rdern sie die Blutbildung. Das gut verwertbare Chlorophyll der Mikroalgen ist zudem eine gro\u00dfe Hilfe bei Maul- und K\u00f6rpergeruch. Meist verschwindet er bereits nach wenigen Tagen. Bei l\u00e4ufigen H\u00fcndinnen wird der typische Geruch vermindert, so dass R\u00fcden ferngehalten werden. Mikroalgen sind auch starke Antioxidanzien, deren Aufgabe es ist, den K\u00f6rper vor Entz\u00fcndungen zu sch\u00fctzen.<br \/>\nInhalt: 150 St\u00fcck<\/p>\n<p>Zusammensetzung: Spirulina, Chlorella, Lithothamnium, Maltodextrin, Magnesiumstearat.<\/p>\n<p>Anwendung: Hunde bis 10 kg Gewicht bekommen 1 bis 2 Tabs t\u00e4glich, gr\u00f6\u00dfere Hunde bis zu 6 Tabs.<\/p>\n","protected":false},"excerpt":{"rendered":"<p>Eine Kombination aus Spirulina, Chlorella und Lithothamnium. Spirulina und Chlorella sind chlorophyllreiche Algen mit hohem Gehalt an Eisen, Magnesium und Aminos\u00e4uren. Lithothamnium ist reich an Mineralien, vor allem an verf\u00fcgbarem Kalzium. Die Mikroalgen Spirulina und Chlorella begleiten die Ausleitung. Wegen des hohen Anteils an Chlorophyll f\u00f6rdern sie die Blutbildung. Das gut verwertbare Chlorophyll der Mikroalgen [&hellip;]<\/p>\n","protected":false},"featured_media":693,"comment_status":"open","ping_status":"closed","template":"","meta":[],"product_brand":[],"product_cat":[20,41,42,30],"product_tag":[],"class_list":{"0":"post-2149","1":"product","2":"type-product","3":"status-publish","4":"has-post-thumbnail","6":"product_cat-hund","7":"product_cat-mineralstoffe","8":"product_cat-ausleitung-entgiftung","9":"product_cat-zaehne-maul","11":"first","12":"instock","13":"taxable","14":"shipping-taxable","15":"purchasable","16":"product-type-simple"},"jetpack_sharing_enabled":true,"_links":{"self":[{"href":"https:\/\/xn--pferdundpftchen-itb.de\/woocommerce\/wp-json\/wp\/v2\/product\/2149","targetHints":{"allow":["GET"]}}],"collection":[{"href":"https:\/\/xn--pferdundpftchen-itb.de\/woocommerce\/wp-json\/wp\/v2\/product"}],"about":[{"href":"https:\/\/xn--pferdundpftchen-itb.de\/woocommerce\/wp-json\/wp\/v2\/types\/product"}],"replies":[{"embeddable":true,"href":"https:\/\/xn--pferdundpftchen-itb.de\/woocommerce\/wp-json\/wp\/v2\/comments?post=2149"}],"wp:featuredmedia":[{"embeddable":true,"href":"https:\/\/xn--pferdundpftchen-itb.de\/woocommerce\/wp-json\/wp\/v2\/media\/693"}],"wp:attachment":[{"href":"https:\/\/xn--pferdundpftchen-itb.de\/woocommerce\/wp-json\/wp\/v2\/media?parent=2149"}],"wp:term":[{"taxonomy":"product_brand","embeddable":true,"href":"https:\/\/xn--pferdundpftchen-itb.de\/woocommerce\/wp-json\/wp\/v2\/product_brand?post=2149"},{"taxonomy":"product_cat","embeddable":true,"href":"https:\/\/xn--pferdundpftchen-itb.de\/woocommerce\/wp-json\/wp\/v2\/product_cat?post=2149"},{"taxonomy":"product_tag","embeddable":true,"href":"https:\/\/xn--pferdundpftchen-itb.de\/woocommerce\/wp-json\/wp\/v2\/product_tag?post=2149"}],"curies":[{"name":"wp","href":"https:\/\/api.w.org\/{rel}","templated":true}]}}