{"id":2155,"date":"2024-03-17T19:29:57","date_gmt":"2024-03-17T18:29:57","guid":{"rendered":"https:\/\/xn--pferdundpftchen-itb.de\/woocommerce\/?post_type=product&#038;p=2155"},"modified":"2025-01-14T20:09:35","modified_gmt":"2025-01-14T19:09:35","slug":"calendula-ohrenpflege","status":"publish","type":"product","link":"https:\/\/xn--pferdundpftchen-itb.de\/woocommerce\/produkt\/calendula-ohrenpflege\/","title":{"rendered":"Calendula Ohrenpflege"},"content":{"rendered":"<h3><strong>Calendula Ohrenpflege \u2013 Sanfte Reinigung und Pflege aus der Natur<\/strong><\/h3>\n<p>Die <strong>Calendula Ohrenpflege<\/strong> kombiniert reinigende, sch\u00fctzende und pflegende Wirkstoffe f\u00fcr eine sanfte und nachhaltige Ohrhygiene:<\/p>\n<ul>\n<li><strong>Sanfte Reinigung:<\/strong> Entfernt Schmutz und Ablagerungen schonend.<\/li>\n<li><strong>Lindert Juckreiz:<\/strong> Beruhigt Ohr und Geh\u00f6rgang f\u00fcr mehr Wohlbefinden.<\/li>\n<li><strong>Nat\u00fcrliche Wirkstoffe:<\/strong>\n<ul>\n<li><strong>Calendula (Ringelblume):<\/strong> Wirkt beruhigend und regenerierend.<\/li>\n<li><strong>Propolis:<\/strong> Hemmt das Keimwachstum und sch\u00fctzt vor Infektionen.<\/li>\n<\/ul>\n<\/li>\n<\/ul>\n<p>Geeignet f\u00fcr <strong>alle Tierarten<\/strong> \u2013 die perfekte Wahl f\u00fcr eine nat\u00fcrliche Ohrenpflege!<\/p>\n<p>Zusammensetzung: Wasser, Pentylen Glycol, Glycerin, Natriumbenzoat, Kaliumsorbat, Propolis, Calendulaextrakt.<\/p>\n","protected":false},"excerpt":{"rendered":"<p>Calendula Ohrenpflege \u2013 Sanfte Reinigung und Pflege aus der Natur Die Calendula Ohrenpflege kombiniert reinigende, sch\u00fctzende und pflegende Wirkstoffe f\u00fcr eine sanfte und nachhaltige Ohrhygiene: Sanfte Reinigung: Entfernt Schmutz und Ablagerungen schonend. Lindert Juckreiz: Beruhigt Ohr und Geh\u00f6rgang f\u00fcr mehr Wohlbefinden. Nat\u00fcrliche Wirkstoffe: Calendula (Ringelblume): Wirkt beruhigend und regenerierend. Propolis: Hemmt das Keimwachstum und sch\u00fctzt [&hellip;]<\/p>\n","protected":false},"featured_media":709,"comment_status":"open","ping_status":"closed","template":"","meta":[],"product_brand":[],"product_cat":[15,40,46,20,38,43,21,45,44],"product_tag":[],"class_list":{"0":"post-2155","1":"product","2":"type-product","3":"status-publish","4":"has-post-thumbnail","6":"product_cat-pferd","7":"product_cat-pflege-aeusserliche-anwendung-pferd","8":"product_cat-haut-fell-pferd","9":"product_cat-hund","10":"product_cat-pflege-aeuserliche-anwendung","11":"product_cat-haut-fell","12":"product_cat-katze","13":"product_cat-pflege-aeusserliche-anwendung-katze","14":"product_cat-haut-fell-katze","16":"first","17":"instock","18":"taxable","19":"shipping-taxable","20":"purchasable","21":"product-type-simple"},"jetpack_sharing_enabled":true,"_links":{"self":[{"href":"https:\/\/xn--pferdundpftchen-itb.de\/woocommerce\/wp-json\/wp\/v2\/product\/2155","targetHints":{"allow":["GET"]}}],"collection":[{"href":"https:\/\/xn--pferdundpftchen-itb.de\/woocommerce\/wp-json\/wp\/v2\/product"}],"about":[{"href":"https:\/\/xn--pferdundpftchen-itb.de\/woocommerce\/wp-json\/wp\/v2\/types\/product"}],"replies":[{"embeddable":true,"href":"https:\/\/xn--pferdundpftchen-itb.de\/woocommerce\/wp-json\/wp\/v2\/comments?post=2155"}],"wp:featuredmedia":[{"embeddable":true,"href":"https:\/\/xn--pferdundpftchen-itb.de\/woocommerce\/wp-json\/wp\/v2\/media\/709"}],"wp:attachment":[{"href":"https:\/\/xn--pferdundpftchen-itb.de\/woocommerce\/wp-json\/wp\/v2\/media?parent=2155"}],"wp:term":[{"taxonomy":"product_brand","embeddable":true,"href":"https:\/\/xn--pferdundpftchen-itb.de\/woocommerce\/wp-json\/wp\/v2\/product_brand?post=2155"},{"taxonomy":"product_cat","embeddable":true,"href":"https:\/\/xn--pferdundpftchen-itb.de\/woocommerce\/wp-json\/wp\/v2\/product_cat?post=2155"},{"taxonomy":"product_tag","embeddable":true,"href":"https:\/\/xn--pferdundpftchen-itb.de\/woocommerce\/wp-json\/wp\/v2\/product_tag?post=2155"}],"curies":[{"name":"wp","href":"https:\/\/api.w.org\/{rel}","templated":true}]}}