{"id":2218,"date":"2024-04-26T12:09:33","date_gmt":"2024-04-26T10:09:33","guid":{"rendered":"https:\/\/xn--pferdundpftchen-itb.de\/woocommerce\/?post_type=product&#038;p=2218"},"modified":"2024-04-26T12:09:34","modified_gmt":"2024-04-26T10:09:34","slug":"edelgruen-wiesencobs","status":"publish","type":"product","link":"https:\/\/xn--pferdundpftchen-itb.de\/woocommerce\/produkt\/edelgruen-wiesencobs\/","title":{"rendered":"Edelgr\u00fcn Wiesencobs"},"content":{"rendered":"<p>Ausgesuchtes Qualit\u00e4tsgras ist die Grundlage f\u00fcr eine erfolgreiche Pferdef\u00fctterung. Artenreiche Wiesen versorgen Ihr Pferd mit wichtigen Vitaminen und Mineralstoffen. Durch das schonende Herstellungsverfahren bleiben die N\u00e4hrstoffe des frischen Grases nahezu vollkommen erhalten. Das machen unsere Edelgr\u00fcn Wiesencobs zu einem so wunderbar aromatischen und schmackhaften Futter.<\/p>\n<p>Nat\u00fcrliches, reines und urspr\u00fcngliches Futter aus bestem Wiesengras<br \/>\nFrei von Melasse, Presshilfsstoffen und Aromazus\u00e4tzen<br \/>\nStaubarm<br \/>\nLieferant f\u00fcr nat\u00fcrliches Beta-Carotin<br \/>\nHervorragende Schmackhaftigkeit, Qualit\u00e4tskontrollen und eine zertifizierte Erzeugung geh\u00f6ren zu unserem Konzept<br \/>\nschnelles Aufquellen<\/p>\n<p>Zusammensetzung: 100% Wiesengras<\/p>\n<p>Inhaltstoffe (je kg):<br \/>\nRohfaser 25,0 %<br \/>\nRohprotein 14,2 %<br \/>\nRohasche 10,2 %&#8220;<\/p>\n<p>F\u00fctterungsem\u00fcfehlung:<br \/>\n0,5 &#8211; 1,0 kg pro 100 kg Lebendgewicht und Tag<br \/>\nWir empfehlen Edelgr\u00fcn| Pferd mit Wasser anzureichern und ca. 15 Min quellen zu lassen<br \/>\nMischungsverh\u00e4ltnis je nach gew\u00fcnschter Konsistenz: 1:2 bis 1:4<br \/>\nEinsatz je nach Bedarf und F\u00fctterungsstatus: zur Aufwertung des Grundfutters, als Grundfutterersatz oder als Kraftfutterersatz.<\/p>\n","protected":false},"excerpt":{"rendered":"<p>Ausgesuchtes Qualit\u00e4tsgras ist die Grundlage f\u00fcr eine erfolgreiche Pferdef\u00fctterung. Artenreiche Wiesen versorgen Ihr Pferd mit wichtigen Vitaminen und Mineralstoffen. Durch das schonende Herstellungsverfahren bleiben die N\u00e4hrstoffe des frischen Grases nahezu vollkommen erhalten. Das machen unsere Edelgr\u00fcn Wiesencobs zu einem so wunderbar aromatischen und schmackhaften Futter. Nat\u00fcrliches, reines und urspr\u00fcngliches Futter aus bestem Wiesengras Frei von [&hellip;]<\/p>\n","protected":false},"featured_media":2219,"comment_status":"open","ping_status":"closed","template":"","meta":[],"product_brand":[],"product_cat":[15,47,73],"product_tag":[],"class_list":{"0":"post-2218","1":"product","2":"type-product","3":"status-publish","4":"has-post-thumbnail","6":"product_cat-pferd","7":"product_cat-grundversorgung-pferd","8":"product_cat-zaehne-maul-pferd","10":"first","11":"instock","12":"taxable","13":"shipping-taxable","14":"purchasable","15":"product-type-simple"},"jetpack_sharing_enabled":true,"_links":{"self":[{"href":"https:\/\/xn--pferdundpftchen-itb.de\/woocommerce\/wp-json\/wp\/v2\/product\/2218","targetHints":{"allow":["GET"]}}],"collection":[{"href":"https:\/\/xn--pferdundpftchen-itb.de\/woocommerce\/wp-json\/wp\/v2\/product"}],"about":[{"href":"https:\/\/xn--pferdundpftchen-itb.de\/woocommerce\/wp-json\/wp\/v2\/types\/product"}],"replies":[{"embeddable":true,"href":"https:\/\/xn--pferdundpftchen-itb.de\/woocommerce\/wp-json\/wp\/v2\/comments?post=2218"}],"wp:featuredmedia":[{"embeddable":true,"href":"https:\/\/xn--pferdundpftchen-itb.de\/woocommerce\/wp-json\/wp\/v2\/media\/2219"}],"wp:attachment":[{"href":"https:\/\/xn--pferdundpftchen-itb.de\/woocommerce\/wp-json\/wp\/v2\/media?parent=2218"}],"wp:term":[{"taxonomy":"product_brand","embeddable":true,"href":"https:\/\/xn--pferdundpftchen-itb.de\/woocommerce\/wp-json\/wp\/v2\/product_brand?post=2218"},{"taxonomy":"product_cat","embeddable":true,"href":"https:\/\/xn--pferdundpftchen-itb.de\/woocommerce\/wp-json\/wp\/v2\/product_cat?post=2218"},{"taxonomy":"product_tag","embeddable":true,"href":"https:\/\/xn--pferdundpftchen-itb.de\/woocommerce\/wp-json\/wp\/v2\/product_tag?post=2218"}],"curies":[{"name":"wp","href":"https:\/\/api.w.org\/{rel}","templated":true}]}}