{"id":2261,"date":"2024-05-29T15:38:16","date_gmt":"2024-05-29T13:38:16","guid":{"rendered":"https:\/\/xn--pferdundpftchen-itb.de\/woocommerce\/?post_type=product&#038;p=2261"},"modified":"2024-06-02T19:34:18","modified_gmt":"2024-06-02T17:34:18","slug":"sahoma-ii-mesh-verneblereinheit","status":"publish","type":"product","link":"https:\/\/xn--pferdundpftchen-itb.de\/woocommerce\/produkt\/sahoma-ii-mesh-verneblereinheit\/","title":{"rendered":"SaHoMa-II Mesh-Verneblereinheit"},"content":{"rendered":"<p>Bei der SaHoMa\u00ae-II Mesh-Verneblereinheit (HM-236) handelt es sich um das hochinnovative Herzst\u00fcck des SaHoMa\u00ae-II Inhalationssets f\u00fcr Pferde. Sie arbeitet mit der neuartigen Mesh-Technologie, bei der eine perforierte Scheibe in Verbindung mit einer Piezo-Keramik eingesetzt wird. Durch die entstehende Pumpfunktion wird die eingef\u00fcllte Inhalationsl\u00f6sung durch die kleinen Bohrungen gedr\u00fcckt und in deren Gr\u00f6\u00dfe als Aerosol zur Inhalation ausgegeben. Die L\u00f6cher in der sehr filigranen Mesh-Scheibe sind so klein, dass sie mit blo\u00dfem Auge kaum erkennbar sind.<\/p>\n<p>Das hei\u00dft: Kleine L\u00f6cher, feinster Nebel, effektive Inhalation.<\/p>\n<p>\u00dcbrigens: Mit der SaHoMa\u00ae-II Mesh-Verneblereinheit k\u00f6nnen alle Inhalationsl\u00f6sungen vernebelt werden, die f\u00fcr die Inhalation mit einem Vernebler zugelassen sind oder durch uns getestet und freigegeben wurden.<\/p>\n","protected":false},"excerpt":{"rendered":"<p>Bei der SaHoMa\u00ae-II Mesh-Verneblereinheit (HM-236) handelt es sich um das hochinnovative Herzst\u00fcck des SaHoMa\u00ae-II Inhalationssets f\u00fcr Pferde. Sie arbeitet mit der neuartigen Mesh-Technologie, bei der eine perforierte Scheibe in Verbindung mit einer Piezo-Keramik eingesetzt wird. Durch die entstehende Pumpfunktion wird die eingef\u00fcllte Inhalationsl\u00f6sung durch die kleinen Bohrungen gedr\u00fcckt und in deren Gr\u00f6\u00dfe als Aerosol zur [&hellip;]<\/p>\n","protected":false},"featured_media":2271,"comment_status":"open","ping_status":"closed","template":"","meta":[],"product_brand":[],"product_cat":[15,81,35],"product_tag":[],"class_list":{"0":"post-2261","1":"product","2":"type-product","3":"status-publish","4":"has-post-thumbnail","6":"product_cat-pferd","7":"product_cat-zubehoer-pferd","8":"product_cat-atemwege-lunge","10":"first","11":"instock","12":"taxable","13":"shipping-taxable","14":"purchasable","15":"product-type-simple"},"jetpack_sharing_enabled":true,"_links":{"self":[{"href":"https:\/\/xn--pferdundpftchen-itb.de\/woocommerce\/wp-json\/wp\/v2\/product\/2261","targetHints":{"allow":["GET"]}}],"collection":[{"href":"https:\/\/xn--pferdundpftchen-itb.de\/woocommerce\/wp-json\/wp\/v2\/product"}],"about":[{"href":"https:\/\/xn--pferdundpftchen-itb.de\/woocommerce\/wp-json\/wp\/v2\/types\/product"}],"replies":[{"embeddable":true,"href":"https:\/\/xn--pferdundpftchen-itb.de\/woocommerce\/wp-json\/wp\/v2\/comments?post=2261"}],"wp:featuredmedia":[{"embeddable":true,"href":"https:\/\/xn--pferdundpftchen-itb.de\/woocommerce\/wp-json\/wp\/v2\/media\/2271"}],"wp:attachment":[{"href":"https:\/\/xn--pferdundpftchen-itb.de\/woocommerce\/wp-json\/wp\/v2\/media?parent=2261"}],"wp:term":[{"taxonomy":"product_brand","embeddable":true,"href":"https:\/\/xn--pferdundpftchen-itb.de\/woocommerce\/wp-json\/wp\/v2\/product_brand?post=2261"},{"taxonomy":"product_cat","embeddable":true,"href":"https:\/\/xn--pferdundpftchen-itb.de\/woocommerce\/wp-json\/wp\/v2\/product_cat?post=2261"},{"taxonomy":"product_tag","embeddable":true,"href":"https:\/\/xn--pferdundpftchen-itb.de\/woocommerce\/wp-json\/wp\/v2\/product_tag?post=2261"}],"curies":[{"name":"wp","href":"https:\/\/api.w.org\/{rel}","templated":true}]}}