{"id":2336,"date":"2024-10-09T07:01:49","date_gmt":"2024-10-09T05:01:49","guid":{"rendered":"https:\/\/xn--pferdundpftchen-itb.de\/woocommerce\/?post_type=product&#038;p=2336"},"modified":"2025-01-17T11:34:45","modified_gmt":"2025-01-17T10:34:45","slug":"waldweide","status":"publish","type":"product","link":"https:\/\/xn--pferdundpftchen-itb.de\/woocommerce\/produkt\/waldweide\/","title":{"rendered":"Waldweide"},"content":{"rendered":"<p><strong>Waldweide \u2013 Nat\u00fcrliche Vielfalt aus Wald und Hecken<\/strong><\/p>\n<p>Die Mischung <strong>Waldweide<\/strong> bringt die Kraft der Natur zur\u00fcck in die F\u00fctterung Deines Pferdes. Bl\u00e4tter, Rinden und Fr\u00fcchte aus W\u00e4ldern und Hecken waren \u00fcber Jahrhunderte hinweg ein nat\u00fcrlicher Bestandteil der Pferdeern\u00e4hrung, sind jedoch in der heutigen F\u00fctterung oft in Vergessenheit geraten. Pferde mit einem intakten Instinkt wissen um den Wert dieser Pflanzen und bedienen sich davon, wenn sie die Gelegenheit haben.<\/p>\n<p><strong>Vorteile im \u00dcberblick:<\/strong><\/p>\n<ul>\n<li><strong>Nat\u00fcrliche Vielfalt:<\/strong> Enth\u00e4lt Vitamine, organisch gebundene Mineralstoffe und Antioxidantien direkt aus der Natur.<\/li>\n<li><strong>Unterst\u00fctzt die Verdauung:<\/strong> F\u00f6rdert die Verwertung von energiereichem Grundfutter und hilft dem Darm, effizienter zu arbeiten.<\/li>\n<li><strong>Rundum nat\u00fcrlich:<\/strong> Erg\u00e4nzt die F\u00fctterung mit wertvollen Spurenelementen und pflanzlichen Wirkstoffen aus Bl\u00e4ttern, Rinden und Fr\u00fcchten.<\/li>\n<li><strong>Artgerechte Ern\u00e4hrung:<\/strong> Bringt urspr\u00fcngliche Futterkomponenten zur\u00fcck in den Speiseplan Deines Pferdes.<\/li>\n<\/ul>\n<p>Mit <strong>Waldweide<\/strong> gibst Du Deinem Pferd genau das, was ihm oft fehlt: die nat\u00fcrliche F\u00fclle des Waldes, um Vitalit\u00e4t, Wohlbefinden und Verdauung optimal zu unterst\u00fctzen.<\/p>\n<p>Schenke Deinem Pferd ein St\u00fcck Natur \u2013 mit <strong>Waldweide von PerNaturam<\/strong>!<\/p>\n<p>Zusammensetzung: Birkenbl\u00e4tter und -rinde, Eichenrinde, Eschenbl\u00e4tter, Walnussbl\u00e4tter, Buchenrinde, Holunderbl\u00e4tter, Kirschenstiele, Erikakraut, Hagebuttenfr\u00fcchte mit Kernen, Holunderbeeren<\/p>\n<p>F\u00fctterungsempfehlung: F\u00fcttern Sie ca. 50 g bis 70 g Waldweide t\u00e4glich pro Pferd, am besten angefeuchtet \u00fcber das Futter.<\/p>\n","protected":false},"excerpt":{"rendered":"<p>Waldweide \u2013 Nat\u00fcrliche Vielfalt aus Wald und Hecken Die Mischung Waldweide bringt die Kraft der Natur zur\u00fcck in die F\u00fctterung Deines Pferdes. Bl\u00e4tter, Rinden und Fr\u00fcchte aus W\u00e4ldern und Hecken waren \u00fcber Jahrhunderte hinweg ein nat\u00fcrlicher Bestandteil der Pferdeern\u00e4hrung, sind jedoch in der heutigen F\u00fctterung oft in Vergessenheit geraten. Pferde mit einem intakten Instinkt wissen [&hellip;]<\/p>\n","protected":false},"featured_media":868,"comment_status":"open","ping_status":"closed","template":"","meta":[],"product_brand":[],"product_cat":[15,47,70],"product_tag":[],"class_list":{"0":"post-2336","1":"product","2":"type-product","3":"status-publish","4":"has-post-thumbnail","6":"product_cat-pferd","7":"product_cat-grundversorgung-pferd","8":"product_cat-mineralstoffe-pferd","10":"first","11":"instock","12":"taxable","13":"shipping-taxable","14":"purchasable","15":"product-type-simple"},"jetpack_sharing_enabled":true,"_links":{"self":[{"href":"https:\/\/xn--pferdundpftchen-itb.de\/woocommerce\/wp-json\/wp\/v2\/product\/2336","targetHints":{"allow":["GET"]}}],"collection":[{"href":"https:\/\/xn--pferdundpftchen-itb.de\/woocommerce\/wp-json\/wp\/v2\/product"}],"about":[{"href":"https:\/\/xn--pferdundpftchen-itb.de\/woocommerce\/wp-json\/wp\/v2\/types\/product"}],"replies":[{"embeddable":true,"href":"https:\/\/xn--pferdundpftchen-itb.de\/woocommerce\/wp-json\/wp\/v2\/comments?post=2336"}],"wp:featuredmedia":[{"embeddable":true,"href":"https:\/\/xn--pferdundpftchen-itb.de\/woocommerce\/wp-json\/wp\/v2\/media\/868"}],"wp:attachment":[{"href":"https:\/\/xn--pferdundpftchen-itb.de\/woocommerce\/wp-json\/wp\/v2\/media?parent=2336"}],"wp:term":[{"taxonomy":"product_brand","embeddable":true,"href":"https:\/\/xn--pferdundpftchen-itb.de\/woocommerce\/wp-json\/wp\/v2\/product_brand?post=2336"},{"taxonomy":"product_cat","embeddable":true,"href":"https:\/\/xn--pferdundpftchen-itb.de\/woocommerce\/wp-json\/wp\/v2\/product_cat?post=2336"},{"taxonomy":"product_tag","embeddable":true,"href":"https:\/\/xn--pferdundpftchen-itb.de\/woocommerce\/wp-json\/wp\/v2\/product_tag?post=2336"}],"curies":[{"name":"wp","href":"https:\/\/api.w.org\/{rel}","templated":true}]}}