{"id":2545,"date":"2025-01-24T18:05:57","date_gmt":"2025-01-24T17:05:57","guid":{"rendered":"https:\/\/xn--pferdundpftchen-itb.de\/woocommerce\/?post_type=product&#038;p=2545"},"modified":"2025-01-24T18:05:57","modified_gmt":"2025-01-24T17:05:57","slug":"aufzug-kappe","status":"publish","type":"product","link":"https:\/\/xn--pferdundpftchen-itb.de\/woocommerce\/produkt\/aufzug-kappe\/","title":{"rendered":"Aufzug Kappe"},"content":{"rendered":"<p><strong>Goodsmith Aufzug Kappen \u2013 Zus\u00e4tzlicher Halt und Schutz f\u00fcr anspruchsvolle Hufe<\/strong><\/p>\n<p>Die Goodsmith Aufzug Kappen bieten eine stabile und bruchfeste L\u00f6sung, um deinem Klebebeschlag noch mehr Halt zu geben \u2013 selbst bei stark drehenden Hufen. Die Kappen lassen sich einfach mit Hei\u00dfluft verschwei\u00dfen und im warmen Zustand optimal an den Huf anformen. So kannst du sie individuell platzieren und genau dort anbringen, wo dein Pferd sie braucht.<\/p>\n<p>\u2714 <strong>Extrem stabil &amp; bruchfest<\/strong> \u2013 f\u00fcr maximale Langlebigkeit<br \/>\n\u2714 <strong>Individuell anpassbar<\/strong> \u2013 kann an jeden Huf und Beschlag angepasst werden<br \/>\n\u2714 <strong>Zus\u00e4tzlicher Halt<\/strong> \u2013 ideal bei stark drehenden Hufen<br \/>\n\u2714 <strong>Sicherer als Stahl<\/strong> \u2013 reduziert das Verletzungsrisiko deutlich<br \/>\n\u2714 <strong>Vielseitig einsetzbar<\/strong> \u2013 verschiedene Gr\u00f6\u00dfen f\u00fcr jeden Bedarf<\/p>\n<p>Erh\u00e4ltlich in Gr\u00f6\u00dfe L (31 mm x 29 mm) bietet die Goodsmith Aufzug Kappen die perfekte Kombination aus Flexibilit\u00e4t, Sicherheit und Stabilit\u00e4t.<\/p>\n<p><strong>Goodsmith Aufzug Kappen \u2013 F\u00fcr sicheren Halt und mehr Schutz bei jedem Schritt.<\/strong><\/p>\n","protected":false},"excerpt":{"rendered":"<p>Goodsmith Aufzug Kappen \u2013 Zus\u00e4tzlicher Halt und Schutz f\u00fcr anspruchsvolle Hufe Die Goodsmith Aufzug Kappen bieten eine stabile und bruchfeste L\u00f6sung, um deinem Klebebeschlag noch mehr Halt zu geben \u2013 selbst bei stark drehenden Hufen. Die Kappen lassen sich einfach mit Hei\u00dfluft verschwei\u00dfen und im warmen Zustand optimal an den Huf anformen. So kannst du [&hellip;]<\/p>\n","protected":false},"featured_media":2523,"comment_status":"open","ping_status":"closed","template":"","meta":[],"product_brand":[],"product_cat":[15,81],"product_tag":[],"class_list":{"0":"post-2545","1":"product","2":"type-product","3":"status-publish","4":"has-post-thumbnail","6":"product_cat-pferd","7":"product_cat-zubehoer-pferd","9":"first","10":"instock","11":"taxable","12":"shipping-taxable","13":"purchasable","14":"product-type-simple"},"jetpack_sharing_enabled":true,"_links":{"self":[{"href":"https:\/\/xn--pferdundpftchen-itb.de\/woocommerce\/wp-json\/wp\/v2\/product\/2545","targetHints":{"allow":["GET"]}}],"collection":[{"href":"https:\/\/xn--pferdundpftchen-itb.de\/woocommerce\/wp-json\/wp\/v2\/product"}],"about":[{"href":"https:\/\/xn--pferdundpftchen-itb.de\/woocommerce\/wp-json\/wp\/v2\/types\/product"}],"replies":[{"embeddable":true,"href":"https:\/\/xn--pferdundpftchen-itb.de\/woocommerce\/wp-json\/wp\/v2\/comments?post=2545"}],"wp:featuredmedia":[{"embeddable":true,"href":"https:\/\/xn--pferdundpftchen-itb.de\/woocommerce\/wp-json\/wp\/v2\/media\/2523"}],"wp:attachment":[{"href":"https:\/\/xn--pferdundpftchen-itb.de\/woocommerce\/wp-json\/wp\/v2\/media?parent=2545"}],"wp:term":[{"taxonomy":"product_brand","embeddable":true,"href":"https:\/\/xn--pferdundpftchen-itb.de\/woocommerce\/wp-json\/wp\/v2\/product_brand?post=2545"},{"taxonomy":"product_cat","embeddable":true,"href":"https:\/\/xn--pferdundpftchen-itb.de\/woocommerce\/wp-json\/wp\/v2\/product_cat?post=2545"},{"taxonomy":"product_tag","embeddable":true,"href":"https:\/\/xn--pferdundpftchen-itb.de\/woocommerce\/wp-json\/wp\/v2\/product_tag?post=2545"}],"curies":[{"name":"wp","href":"https:\/\/api.w.org\/{rel}","templated":true}]}}