{"id":2563,"date":"2025-01-25T18:24:36","date_gmt":"2025-01-25T17:24:36","guid":{"rendered":"https:\/\/xn--pferdundpftchen-itb.de\/woocommerce\/?post_type=product&#038;p=2563"},"modified":"2025-02-27T14:12:03","modified_gmt":"2025-02-27T13:12:03","slug":"nervensaft-ii","status":"publish","type":"product","link":"https:\/\/xn--pferdundpftchen-itb.de\/woocommerce\/produkt\/nervensaft-ii\/","title":{"rendered":"Nervensaft II"},"content":{"rendered":"<p><strong>Nervensaft II von Ewalia \u2013 Nat\u00fcrliche Unterst\u00fctzung f\u00fcr starke Nerven und Konzentration<\/strong><\/p>\n<p>Der EWALIA Nervensaft II ist die perfekte Unterst\u00fctzung f\u00fcr Dein Pferd in angespannten Situationen, wie bei Turnieren oder anderen stressigen Momenten. Dieser spezielle Saft tr\u00e4gt auf nat\u00fcrliche Weise zu starken Nerven bei und hilft, die Konzentrationsf\u00e4higkeit zu steigern, wenn die Fokussierung auf eine Aufgabe schwerf\u00e4llt und die Konzentration nachl\u00e4sst.<\/p>\n<p>Mit einer speziell abgestimmten Kr\u00e4utermischung unterst\u00fctzt der Nervensaft II Dein Pferd dabei, ruhig und fokussiert zu bleiben, auch in herausfordernden Momenten. So kann Dein Pferd seine Leistung abrufen und sich besser auf das Wesentliche konzentrieren.<\/p>\n<p>Frei von F\u00e4rbemitteln, Konservierungsstoffen und Zuckerzus\u00e4tzen bietet der Nervensaft II eine sanfte und nat\u00fcrliche L\u00f6sung f\u00fcr mehr Ruhe und Konzentration in stressigen Situationen.<\/p>\n<p>Zusammensetzung: Magnesium,\u00a0\u00a0Lavendel,\u00a0\u00a0G\u00e4nsefingerkraut,\u00a0\u00a0L-Tryptophan ,\u00a0\u00a0Melissenblatt<\/p>\n<p>F\u00fctterungsempfehlung:<\/p>\n<p>Wir empfehlen eine F\u00fctterungsdauer von mindestens drei Wochen.<\/p>\n<ul>\n<li>Normalbedarf: 2x t\u00e4glich 40ml<\/li>\n<li>Mehrbedarf: 2-3 mal die oben angegebene Menge f\u00fcr mindestens 10 Tage<\/li>\n<\/ul>\n","protected":false},"excerpt":{"rendered":"<p>Nervensaft II von Ewalia \u2013 Nat\u00fcrliche Unterst\u00fctzung f\u00fcr starke Nerven und Konzentration Der EWALIA Nervensaft II ist die perfekte Unterst\u00fctzung f\u00fcr Dein Pferd in angespannten Situationen, wie bei Turnieren oder anderen stressigen Momenten. Dieser spezielle Saft tr\u00e4gt auf nat\u00fcrliche Weise zu starken Nerven bei und hilft, die Konzentrationsf\u00e4higkeit zu steigern, wenn die Fokussierung auf eine [&hellip;]<\/p>\n","protected":false},"featured_media":2589,"comment_status":"open","ping_status":"closed","template":"","meta":[],"product_brand":[],"product_cat":[15,56],"product_tag":[],"class_list":{"0":"post-2563","1":"product","2":"type-product","3":"status-publish","4":"has-post-thumbnail","6":"product_cat-pferd","7":"product_cat-nerven-stress-pferd","9":"first","10":"instock","11":"taxable","12":"shipping-taxable","13":"purchasable","14":"product-type-simple"},"jetpack_sharing_enabled":true,"_links":{"self":[{"href":"https:\/\/xn--pferdundpftchen-itb.de\/woocommerce\/wp-json\/wp\/v2\/product\/2563","targetHints":{"allow":["GET"]}}],"collection":[{"href":"https:\/\/xn--pferdundpftchen-itb.de\/woocommerce\/wp-json\/wp\/v2\/product"}],"about":[{"href":"https:\/\/xn--pferdundpftchen-itb.de\/woocommerce\/wp-json\/wp\/v2\/types\/product"}],"replies":[{"embeddable":true,"href":"https:\/\/xn--pferdundpftchen-itb.de\/woocommerce\/wp-json\/wp\/v2\/comments?post=2563"}],"wp:featuredmedia":[{"embeddable":true,"href":"https:\/\/xn--pferdundpftchen-itb.de\/woocommerce\/wp-json\/wp\/v2\/media\/2589"}],"wp:attachment":[{"href":"https:\/\/xn--pferdundpftchen-itb.de\/woocommerce\/wp-json\/wp\/v2\/media?parent=2563"}],"wp:term":[{"taxonomy":"product_brand","embeddable":true,"href":"https:\/\/xn--pferdundpftchen-itb.de\/woocommerce\/wp-json\/wp\/v2\/product_brand?post=2563"},{"taxonomy":"product_cat","embeddable":true,"href":"https:\/\/xn--pferdundpftchen-itb.de\/woocommerce\/wp-json\/wp\/v2\/product_cat?post=2563"},{"taxonomy":"product_tag","embeddable":true,"href":"https:\/\/xn--pferdundpftchen-itb.de\/woocommerce\/wp-json\/wp\/v2\/product_tag?post=2563"}],"curies":[{"name":"wp","href":"https:\/\/api.w.org\/{rel}","templated":true}]}}