{"id":2586,"date":"2025-02-27T14:08:32","date_gmt":"2025-02-27T13:08:32","guid":{"rendered":"https:\/\/xn--pferdundpftchen-itb.de\/woocommerce\/?post_type=product&#038;p=2586"},"modified":"2025-02-27T14:08:32","modified_gmt":"2025-02-27T13:08:32","slug":"pferdelunge","status":"publish","type":"product","link":"https:\/\/xn--pferdundpftchen-itb.de\/woocommerce\/produkt\/pferdelunge\/","title":{"rendered":"Pferdelunge"},"content":{"rendered":"<h3 data-start=\"0\" data-end=\"65\"><strong data-start=\"4\" data-end=\"63\">Pferdelunge \u2013 Der nat\u00fcrliche &amp; hypoallergene Hundesnack<\/strong><\/h3>\n<p data-start=\"67\" data-end=\"329\">Unsere <strong data-start=\"74\" data-end=\"110\">schonend getrocknete Pferdelunge<\/strong> ist ein besonders gut bek\u00f6mmlicher <strong data-start=\"146\" data-end=\"188\">Kausnack f\u00fcr Hunde aller Altersklassen<\/strong>. Durch die <strong data-start=\"200\" data-end=\"237\">mittelharte bis weiche Konsistenz<\/strong> eignet sie sich perfekt f\u00fcr <strong data-start=\"266\" data-end=\"326\">Welpen, Senioren und Hunde mit schw\u00e4cherer Kaumuskulatur<\/strong>.<\/p>\n<h4 data-start=\"331\" data-end=\"360\"><strong data-start=\"336\" data-end=\"358\">Warum Pferdelunge?<\/strong><\/h4>\n<p data-start=\"361\" data-end=\"828\">\u2714 <strong data-start=\"363\" data-end=\"399\">Hypoallergen &amp; leicht verdaulich<\/strong> \u2013 Ideal f\u00fcr empfindliche und allergische Hunde<br data-start=\"446\" data-end=\"449\" \/>\u2714 <strong data-start=\"451\" data-end=\"478\">Gesund &amp; n\u00e4hrstoffreich<\/strong> \u2013 Pferdelunge enth\u00e4lt viele wertvolle Proteine und Mineralstoffe<br data-start=\"543\" data-end=\"546\" \/>\u2714 <strong data-start=\"548\" data-end=\"591\">Unterst\u00fctzt Kaumuskulatur &amp; Zahnhygiene<\/strong> \u2013 F\u00f6rdert den Speichelfluss und reduziert Zahnsteinbildung<br data-start=\"650\" data-end=\"653\" \/>\u2714 <strong data-start=\"655\" data-end=\"682\">Schonend luftgetrocknet<\/strong> \u2013 Ohne Zus\u00e4tze wie Zucker, Farbstoffe, Konservierungsstoffe oder F\u00fcllstoffe<br data-start=\"758\" data-end=\"761\" \/>\u2714 <strong data-start=\"763\" data-end=\"791\">100 % Pferd, 100 % Natur<\/strong> \u2013 Lokal bezogen und r\u00fcckverfolgbar<\/p>\n<h4 data-start=\"830\" data-end=\"871\"><strong data-start=\"835\" data-end=\"869\">Perfekt f\u00fcr empfindliche Hunde<\/strong><\/h4>\n<p data-start=\"872\" data-end=\"1136\">Da <strong data-start=\"875\" data-end=\"906\">Pferdefleisch und Innereien<\/strong> als besonders <strong data-start=\"921\" data-end=\"937\">hypoallergen<\/strong> gelten, sind unsere <strong data-start=\"958\" data-end=\"1022\">Pferdelungen-St\u00fccke die ideale Wahl f\u00fcr futtersensible Hunde<\/strong>. Sie bieten eine gesunde Alternative zu herk\u00f6mmlichen Kausnacks und sind dabei besonders <strong data-start=\"1112\" data-end=\"1133\">leicht verdaulich<\/strong>.<\/p>\n<h4 data-start=\"1138\" data-end=\"1186\"><strong data-start=\"1143\" data-end=\"1184\">Nat\u00fcrlicher Kauspa\u00df f\u00fcr gesunde Z\u00e4hne<\/strong><\/h4>\n<p data-start=\"1187\" data-end=\"1467\">Das <strong data-start=\"1191\" data-end=\"1243\">Kauen ist ein elementares Bed\u00fcrfnis jedes Hundes<\/strong>. Es hilft, die <strong data-start=\"1259\" data-end=\"1287\">Kaumuskulatur zu st\u00e4rken<\/strong>, unterst\u00fctzt die <strong data-start=\"1305\" data-end=\"1319\">Zahnpflege<\/strong> und regt die <strong data-start=\"1333\" data-end=\"1355\">Speichelproduktion<\/strong> an. Unsere schonend getrocknete <strong data-start=\"1388\" data-end=\"1403\">Pferdelunge<\/strong> erm\u00f6glicht langanhaltenden Kauspa\u00df \u2013 ohne k\u00fcnstliche Zus\u00e4tze!<\/p>\n<h4 data-start=\"1469\" data-end=\"1505\"><strong data-start=\"1474\" data-end=\"1503\">100 % Natur \u2013 0 % Zus\u00e4tze<\/strong><\/h4>\n<p data-start=\"1506\" data-end=\"1739\">Unsere Pferdelunge wird in unserer eigenen <strong data-start=\"1549\" data-end=\"1592\">Manufaktur ohne k\u00fcnstliche Zusatzstoffe<\/strong> verarbeitet. Durch unsere <strong data-start=\"1619\" data-end=\"1646\">schonende Lufttrocknung<\/strong> bleiben <strong data-start=\"1655\" data-end=\"1685\">alle wertvollen N\u00e4hrstoffe<\/strong> erhalten \u2013 f\u00fcr einen <strong data-start=\"1707\" data-end=\"1736\">gesunden und vitalen Hund<\/strong>!<\/p>\n<p data-start=\"1741\" data-end=\"1924\">\ud83d\udc36 <strong data-start=\"1744\" data-end=\"1764\">Zusammensetzung:<\/strong> 100 % Pferdelunge<br data-start=\"1782\" data-end=\"1785\" \/>\ud83d\udce6 <strong data-start=\"1788\" data-end=\"1799\">Inhalt:<\/strong> Naturbelassene St\u00fccke, ideal als Snack oder Belohnung<br data-start=\"1853\" data-end=\"1856\" \/>\ud83e\uddb4 <strong data-start=\"1859\" data-end=\"1876\">Geeignet f\u00fcr:<\/strong> Hunde jeden Alters &amp; besonders sensible Hunde<\/p>\n<p data-start=\"1926\" data-end=\"2041\">G\u00f6nn deinem Hund einen <strong data-start=\"1949\" data-end=\"1986\">nat\u00fcrlichen und gesunden Kausnack<\/strong> \u2013 mit unserer <strong data-start=\"2001\" data-end=\"2038\">schonend getrockneten Pferdelunge<\/strong>!<\/p>\n<p data-start=\"1926\" data-end=\"2041\">Inhalt: 500g<\/p>\n<p data-start=\"1926\" data-end=\"2041\">Zusammensetzung: 100% Pferdelunge<\/p>\n<p data-start=\"1926\" data-end=\"2041\">F\u00fctterungsempfehlung: Als Belohnung oder Snack zwischen den Mahlzeiten. Reduzierung der Futtermenge nach Bedarf. Immer frisches und sauberes Trinkwasser bereitstellen. K\u00fchl und trocken lagern. Nicht f\u00fcr Hunde unter 3 Monaten geeignet.<\/p>\n","protected":false},"excerpt":{"rendered":"<p>Pferdelunge \u2013 Der nat\u00fcrliche &amp; hypoallergene Hundesnack Unsere schonend getrocknete Pferdelunge ist ein besonders gut bek\u00f6mmlicher Kausnack f\u00fcr Hunde aller Altersklassen. Durch die mittelharte bis weiche Konsistenz eignet sie sich perfekt f\u00fcr Welpen, Senioren und Hunde mit schw\u00e4cherer Kaumuskulatur. Warum Pferdelunge? \u2714 Hypoallergen &amp; leicht verdaulich \u2013 Ideal f\u00fcr empfindliche und allergische Hunde\u2714 Gesund &amp; [&hellip;]<\/p>\n","protected":false},"featured_media":2173,"comment_status":"open","ping_status":"closed","template":"","meta":[],"product_brand":[],"product_cat":[20,68,30],"product_tag":[],"class_list":{"0":"post-2586","1":"product","2":"type-product","3":"status-publish","4":"has-post-thumbnail","6":"product_cat-hund","7":"product_cat-leckerlies-snacks-hund","8":"product_cat-zaehne-maul","10":"first","11":"instock","12":"taxable","13":"shipping-taxable","14":"purchasable","15":"product-type-simple"},"jetpack_sharing_enabled":true,"_links":{"self":[{"href":"https:\/\/xn--pferdundpftchen-itb.de\/woocommerce\/wp-json\/wp\/v2\/product\/2586","targetHints":{"allow":["GET"]}}],"collection":[{"href":"https:\/\/xn--pferdundpftchen-itb.de\/woocommerce\/wp-json\/wp\/v2\/product"}],"about":[{"href":"https:\/\/xn--pferdundpftchen-itb.de\/woocommerce\/wp-json\/wp\/v2\/types\/product"}],"replies":[{"embeddable":true,"href":"https:\/\/xn--pferdundpftchen-itb.de\/woocommerce\/wp-json\/wp\/v2\/comments?post=2586"}],"wp:featuredmedia":[{"embeddable":true,"href":"https:\/\/xn--pferdundpftchen-itb.de\/woocommerce\/wp-json\/wp\/v2\/media\/2173"}],"wp:attachment":[{"href":"https:\/\/xn--pferdundpftchen-itb.de\/woocommerce\/wp-json\/wp\/v2\/media?parent=2586"}],"wp:term":[{"taxonomy":"product_brand","embeddable":true,"href":"https:\/\/xn--pferdundpftchen-itb.de\/woocommerce\/wp-json\/wp\/v2\/product_brand?post=2586"},{"taxonomy":"product_cat","embeddable":true,"href":"https:\/\/xn--pferdundpftchen-itb.de\/woocommerce\/wp-json\/wp\/v2\/product_cat?post=2586"},{"taxonomy":"product_tag","embeddable":true,"href":"https:\/\/xn--pferdundpftchen-itb.de\/woocommerce\/wp-json\/wp\/v2\/product_tag?post=2586"}],"curies":[{"name":"wp","href":"https:\/\/api.w.org\/{rel}","templated":true}]}}